000
CXUS53 KLSX 281600
CF6SET
PRELIMINARY LOCAL CLIMATOLOGICAL DATA (WS FORM: F-6)

                                          STATION:   ST_CHARLES MO
                                          MONTH:     MAY
                                          YEAR:      2015
                                          LATITUDE:   38 55 N
                                          LONGITUDE:  90 26 W

  TEMPERATURE IN F:       :PCPN:    SNOW:  WIND      :SUNSHINE: SKY     :PK WND
================================================================================
1   2   3   4   5  6A  6B    7    8   9   10  11  12  13   14  15   16   17  18
                                     12Z  AVG MX 2MIN
DY MAX MIN AVG DEP HDD CDD  WTR  SNW DPTH SPD SPD DIR MIN PSBL S-S WX    SPD DR
================================================================================

 1  71  38  55  -6  10   0 0.00  0.0    0  3.0  9  80   M    M   0        15 240
 2  80  48  64   2   1   0 0.00  0.0    0  5.7 15 220   M    M   3        20 180
 3  85  57  71   9   0   6    T  0.0    0 10.3 23 180   M    M   2        29 210
 4  85  64  75  13   0  10    T  0.0    0  8.5 18 190   M    M   4        24 190
 5  85  59  72  10   0   7 0.00  0.0    0  7.7 17 180   M    M   3        23 200
 6  87  58  73  10   0   8 0.00  0.0    0 11.5 25 180   M    M   1        32 170
 7  87  61  74  11   0   9 0.01  0.0    0 11.3 24 180   M    M   3        31 180
 8  74  62  68   5   0   3 0.39  0.0    0  4.6 18 240   M    M   7 1238   22 230
 9  74  63  69   5   0   4 0.04  0.0    0  6.8 16  90   M    M  10 12     19  90
10   M   M   M   M   M   M    M  0.0    0   M   M   M   M    M   4 13      M  M
11   M  56   M   M   M   M    M  0.0    0   M   M   M   M    M   M         M  M
12  69  47  58  -6   7   0 0.00  0.0    0 10.9 25 300   M    M   M        34 290
13  69  46  58  -7   7   0 0.00  0.0    0   M  15 100   M    M   M        20 100
14  75  57  66   1   0   1 0.05  0.0    M   M   M   M   M    M   M         M  M
15  83  59  71   6   0   6 1.39  0.0    0  7.0 38 230   M    M   M        45 240
16  78  65  72   6   0   7    T  0.0    0  9.8 18 170   M    M   M        23 160
17  83  65  74   8   0   9 0.08  0.0    0 10.8 26 130   M    M   M        30 140
18  83  56  70   4   0   5 0.00  0.0    0  8.3 20 310   M    M   M        23 320
19  65  46  56 -10   9   0 0.00  0.0    0  8.5 15 360   M    M   0        20 360
20  56  46  51 -16  14   0 0.31  0.0    0 11.1 21  80   M    M   8 1      26  80
21  66  44  55 -12  10   0 0.00  0.0    0  6.7 15 300   M    M   4        19 280
22  75  47  61  -6   4   0 0.00  0.0    0  4.6 14 250   M    M   0        16 240
23  79  58  69   1   0   4    T  0.0    0  7.9 18 160   M    M   4        31 160
24  86  63  75   7   0  10 0.34  0.0    0 15.2 30 160   M    M   5 1      37 190
25  85  69  77   9   0  12 0.00  0.0    0 12.6 23 230   M    M   4        29 240
26  80  67  74   5   0   9 0.55  0.0    0 13.4 29 230   M    M   4 1      37 230
27  82  62  72   3   0   7 0.00  0.0    0  7.3 20 230   M    M   2        24 230
================================================================================
SM 1942 1463        62 117  3.16     0.0 203.5          M       68
================================================================================
AV 77.7 56.3                               8.8 FASTST   M    M   4    MAX(MPH)
                                 MISC ---->  # 38 230               # 45  240
================================================================================
NOTES:
# LAST OF SEVERAL OCCURRENCES

COLUMN 17 PEAK WIND IN M.P.H.

PRELIMINARY LOCAL CLIMATOLOGICAL DATA (WS FORM: F-6) , PAGE 2

                                          STATION:  ST_CHARLES MO
                                          MONTH:    MAY
                                          YEAR:     2015
                                          LATITUDE:   38 55 N
                                          LONGITUDE:  90 26 W

[TEMPERATURE DATA]      [PRECIPITATION DATA]       SYMBOLS USED IN COLUMN 16

AVERAGE MONTHLY: 67.0   TOTAL FOR MONTH:   3.16    1 = FOG OR MIST
DPTR FM NORMAL:   1.9   DPTR FM NORMAL:   -0.88    2 = FOG REDUCING VISIBILITY
HIGHEST:    87 ON  7, 6 GRTST 24HR  1.39 ON 15-15      TO 1/4 MILE OR LESS
LOWEST:     38 ON  1                               3 = THUNDER
                        SNOW, ICE PELLETS, HAIL    4 = ICE PELLETS
                        TOTAL MONTH:   0.0 INCH    5 = HAIL
                        GRTST 24HR     0.0         6 = FREEZING RAIN OR DRIZZLE
                        GRTST DEPTH:   0           7 = DUSTSTORM OR SANDSTORM:
                                                       VSBY 1/2 MILE OR LESS
                                                   8 = SMOKE OR HAZE
[NO. OF DAYS WITH]      [WEATHER - DAYS WITH]      9 = BLOWING SNOW
                                                   X = TORNADO
MAX 32 OR BELOW:   0    0.01 INCH OR MORE:   9
MAX 90 OR ABOVE:   0    0.10 INCH OR MORE:   5
MIN 32 OR BELOW:   0    0.50 INCH OR MORE:   2
MIN  0 OR BELOW:   0    1.00 INCH OR MORE:   1

[HDD (BASE 65) ]
TOTAL THIS MO.    62    CLEAR  (SCALE 0-3)   8
DPTR FM NORMAL   -17    PTCLDY (SCALE 4-7)   9
TOTAL FM JUL 1  5192    CLOUDY (SCALE 8-10)  2
DPTR FM NORMAL   352

[CDD (BASE 65) ]
TOTAL THIS MO.   117
DPTR FM NORMAL    35    [PRESSURE DATA]
TOTAL FM JAN 1   126    HIGHEST SLP M ON M
DPTR FM NORMAL    20    LOWEST  SLP 29.80 ON 26

[REMARKS]
