000
CXUS53 KLSX 231600
CF6SET
PRELIMINARY LOCAL CLIMATOLOGICAL DATA (WS FORM: F-6)

                                          STATION:   ST_CHARLES MO
                                          MONTH:     JANUARY
                                          YEAR:      2017
                                          LATITUDE:   38 55 N
                                          LONGITUDE:  90 26 W

  TEMPERATURE IN F:       :PCPN:    SNOW:  WIND      :SUNSHINE: SKY     :PK WND
================================================================================
1   2   3   4   5  6A  6B    7    8   9   10  11  12  13   14  15   16   17  18
                                     12Z  AVG MX 2MIN
DY MAX MIN AVG DEP HDD CDD  WTR  SNW DPTH SPD SPD DIR MIN PSBL S-S WX    SPD DR
================================================================================

 1  45  19  32   2  33   0 0.00  0.0    0  5.6 13 120   M    M   2 1      15  90
 2  48  39  44  14  21   0 0.42  0.0    0  5.3 15  90   M    M  10 12     18 110
 3  47  23  35   5  30   0 0.04  0.0    0 12.4 24 320   M    M   9 1      32 310
 4  26  16  21  -9  44   0    T    M    0 10.7 23 310   M    M   2 1      28 310
 5  20  14  17 -13  48   0    T    M    M  8.4 17 320   M    M  10 18     24 320
 6  14   5  10 -20  55   0    T    M    0  7.9 20 300   M    M   0 8      24 310
 7  23   M   M   M   M   M 0.00  0.0    M  4.1  8 260   M    M   1         M  M
 8  26   4  15 -15  50   0 0.00  0.0    M  9.1 17 150   M    M   3        22 150
 9  42  14  28  -2  37   0 0.00  0.0    0 10.2 21 140   M    M   4        29 150
10  65  28  47  17  18   0    T    M    0 16.4 41 280   M    M   6        50 280
11  69  27  48  18  17   0 0.00  0.0    0 11.1 28 190   M    M   5 1      37 190
12  48  24  36   6  29   0    T    M    0  9.9 17 320   M    M   9 1      21 320
13  31  23  27  -3  38   0    T    M    0  9.1 17  40   M    M   8 16     19  30
14  34  31  33   3  32   0    M    M    0  3.2  8 360   M    M  10 16     10 330
15  36  31  34   4  31   0 0.05    M    0  5.3  9  90   M    M  10 16     10  90
16  54  36  45  15  20   0 0.10    M    0  7.8 22 270   M    M  10 12     29 260
17  52  39  46  16  19   0 0.00  0.0    0 12.7 22 270   M    M  10 1      27 280
18  48  36  42  12  23   0 0.00  0.0    0  5.6 15 270   M    M   5        19 300
19  46  41  44  14  21   0 0.12  0.0    0  7.0 16 270   M    M  10 12     20 270
20  52  44  48  18  17   0 0.00  0.0    0  5.6 14 180   M    M   8 12     17 170
21  68  38  53  23  12   0 0.00  0.0    0  7.2 16 230   M    M   1 12     21 220
22  54  39  47  17  18   0 0.00  0.0    0 11.9 21 360   M    M   6 18     28 360
================================================================================
SM  948  571       613   0  0.73     0.0 186.5          M      139
================================================================================
AV 43.1 27.2                               8.5 FASTST   M    M   6    MAX(MPH)
                                 MISC ---->  # 41 280               # 50  280
================================================================================
NOTES:
# LAST OF SEVERAL OCCURRENCES

COLUMN 17 PEAK WIND IN M.P.H.

PRELIMINARY LOCAL CLIMATOLOGICAL DATA (WS FORM: F-6) , PAGE 2

                                          STATION:  ST_CHARLES MO
                                          MONTH:    JANUARY
                                          YEAR:     2017
                                          LATITUDE:   38 55 N
                                          LONGITUDE:  90 26 W

[TEMPERATURE DATA]      [PRECIPITATION DATA]       SYMBOLS USED IN COLUMN 16

AVERAGE MONTHLY: 35.1   TOTAL FOR MONTH:   0.73    1 = FOG OR MIST
DPTR FM NORMAL:   5.1   DPTR FM NORMAL:   -0.68    2 = FOG REDUCING VISIBILITY
HIGHEST:    69 ON 11    GRTST 24HR  0.42 ON  1- 2      TO 1/4 MILE OR LESS
LOWEST:      4 ON  8                               3 = THUNDER
                        SNOW, ICE PELLETS, HAIL    4 = ICE PELLETS
                        TOTAL MONTH:   0.0 INCH    5 = HAIL
                        GRTST 24HR     0.0         6 = FREEZING RAIN OR DRIZZLE
                        GRTST DEPTH:   0           7 = DUSTSTORM OR SANDSTORM:
                                                       VSBY 1/2 MILE OR LESS
                                                   8 = SMOKE OR HAZE
[NO. OF DAYS WITH]      [WEATHER - DAYS WITH]      9 = BLOWING SNOW
                                                   X = TORNADO
MAX 32 OR BELOW:   6    0.01 INCH OR MORE:   5
MAX 90 OR ABOVE:   0    0.10 INCH OR MORE:   3
MIN 32 OR BELOW:  13    0.50 INCH OR MORE:   0
MIN  0 OR BELOW:   0    1.00 INCH OR MORE:   0

[HDD (BASE 65) ]
TOTAL THIS MO.   613    CLEAR  (SCALE 0-3)   5
DPTR FM NORMAL  -157    PTCLDY (SCALE 4-7)   7
TOTAL FM JUL 1  2237    CLOUDY (SCALE 8-10) 10
DPTR FM NORMAL  -459

[CDD (BASE 65) ]
TOTAL THIS MO.     0
DPTR FM NORMAL     0    [PRESSURE DATA]
TOTAL FM JAN 1     0    HIGHEST SLP M ON M
DPTR FM NORMAL     0    LOWEST  SLP 29.48 ON M

[REMARKS]
