000
CXUS55 KSEW 270945
CF6SEW

PRELIMINARY LOCAL CLIMATOLOGICAL DATA (WS FORM: F-6)

                                          STATION:   SEATTLE WA WFO
                                          MONTH:     NOVEMBER
                                          YEAR:      2014
                                          LATITUDE:   47 41 N
                                          LONGITUDE: 122 15 W

  TEMPERATURE IN F:       :PCPN:    SNOW:  WIND      :SUNSHINE: SKY     :PK WND
================================================================================
1   2   3   4   5  6A  6B    7    8   9   10  11  12  13   14  15   16   17  18
                                     12Z  AVG MX 2MIN
DY MAX MIN AVG DEP HDD CDD  WTR  SNW DPTH SPD SPD DIR MIN PSBL S-S WX    SPD DR
================================================================================

 1  53  47  50   1  15   0 0.00  0.0    0   M   M   M   M    M   M         M  M
 2  56  45  51   2  14   0 0.17  0.0    0   M   M   M   M    M   M 1       M  M
 3  57  53  55   6  10   0 0.31  0.0    0   M   M   M   M    M   M 1       M  M
 4  58  52  55   6  10   0 0.05  0.0    0   M   M   M   M    M   M         M  M
 5  58  52  55   7  10   0 0.35  0.0    0   M   M   M   M    M   M 1       M  M
 6  62  51  57   9   8   0 0.35  0.0    0   M   M   M   M    M   M 1       M  M
 7  60  43  52   4  13   0 0.00  0.0    0   M   M   M   M    M   M         M  M
 8  56  42  49   1  16   0 0.00  0.0    0   M   M   M   M    M   M 1       M  M
 9  53  45  49   1  16   0 0.18  0.0    0   M   M   M   M    M   M 1       M  M
10  52  40  46  -1  19   0 0.00  0.0    0   M   M   M   M    M   M         M  M
11  46  34  40  -7  25   0 0.00  0.0    0   M   M   M   M    M   M         M  M
12  45  28  37 -10  28   0 0.00  0.0    0   M   M   M   M    M   M         M  M
13  48  30  39  -8  26   0 0.00  0.0    0   M   M   M   M    M   M         M  M
14  46  29  38  -8  27   0 0.00  0.0    0   M   M   M   M    M   M         M  M
15  48  29  39  -7  26   0 0.00  0.0    0   M   M   M   M    M   M         M  M
16  50  32  41  -5  24   0 0.00  0.0    0   M   M   M   M    M   M         M  M
17  57  28  43  -3  22   0 0.00  0.0    0   M   M   M   M    M   M         M  M
18  48  30  39  -7  26   0 0.00  0.0    0   M   M   M   M    M   M         M  M
19  52  36  44  -1  21   0 0.00  0.0    0   M   M   M   M    M   M         M  M
20  52  42  47   2  18   0 0.08  0.0    0   M   M   M   M    M   M         M  M
21  51  47  49   4  16   0 0.52  0.0    0   M   M   M   M    M   M 1       M  M
22  50  44  47   2  18   0 0.05  0.0    0   M   M   M   M    M   M         M  M
23  53  43  48   3  17   0 0.48  0.0    0   M   M   M   M    M   M 1       M  M
24  53  39  46   2  19   0 0.01  0.0    0   M   M   M   M    M   M         M  M
25  57  47  52   8  13   0 0.28  0.0    0   M   M   M   M    M   M 1       M  M
26  59  53  56  12   9   0 0.01  0.0    0   M   M   M   M    M   M         M  M
================================================================================
SM 1380 1061       466   0  2.84     0.0     M          M        M
================================================================================
AV 53.1 40.8                                 M FASTST   M    M   6    MAX(MPH)
                                 MISC ---->     M   M                  M    M
================================================================================
NOTES:
# LAST OF SEVERAL OCCURRENCES

COLUMN 17 PEAK WIND IN M.P.H.

PRELIMINARY LOCAL CLIMATOLOGICAL DATA (WS FORM: F-6) , PAGE 2

                                          STATION:  SEATTLE WA WFO
                                          MONTH:    NOVEMBER
                                          YEAR:     2014
                                          LATITUDE:   47 41 N
                                          LONGITUDE: 122 15 W

[TEMPERATURE DATA]      [PRECIPITATION DATA]       SYMBOLS USED IN COLUMN 16

AVERAGE MONTHLY: 46.9   TOTAL FOR MONTH:   2.84    1 = FOG OR MIST
DPTR FM NORMAL:   0.4   DPTR FM NORMAL:   -2.16    2 = FOG REDUCING VISIBILITY
HIGHEST:    62 ON  6    GRTST 24HR  0.52 ON 21-21      TO 1/4 MILE OR LESS
LOWEST:     28 ON 17,12                            3 = THUNDER
                        SNOW, ICE PELLETS, HAIL    4 = ICE PELLETS
                        TOTAL MONTH:   0.0 INCH    5 = HAIL
                        GRTST 24HR     0.0         6 = FREEZING RAIN OR DRIZZLE
                        GRTST DEPTH:   0           7 = DUSTSTORM OR SANDSTORM:
                                                       VSBY 1/2 MILE OR LESS
                                                   8 = SMOKE OR HAZE
[NO. OF DAYS WITH]      [WEATHER - DAYS WITH]      9 = BLOWING SNOW
                                                   X = TORNADO
MAX 32 OR BELOW:   0    0.01 INCH OR MORE:  13
MAX 90 OR ABOVE:   0    0.10 INCH OR MORE:   8
MIN 32 OR BELOW:   7    0.50 INCH OR MORE:   1
MIN  0 OR BELOW:   0    1.00 INCH OR MORE:   0

[HDD (BASE 65) ]
TOTAL THIS MO.   466    CLEAR  (SCALE 0-3)   0
DPTR FM NORMAL   -12    PTCLDY (SCALE 4-7)   0
TOTAL FM JUL 1   718    CLOUDY (SCALE 8-10)  0
DPTR FM NORMAL  -308

[CDD (BASE 65) ]
TOTAL THIS MO.     0
DPTR FM NORMAL     0    [PRESSURE DATA]
TOTAL FM JAN 1   366    HIGHEST SLP M ON M
DPTR FM NORMAL   190    LOWEST  SLP M ON M

[REMARKS]
