000
CXUS55 KSEW 010930
CF6SEW
PRELIMINARY LOCAL CLIMATOLOGICAL DATA (WS FORM: F-6)

                                          STATION:   SEATTLE WA WFO
                                          MONTH:     JULY
                                          YEAR:      2015
                                          LATITUDE:   47 41 N
                                          LONGITUDE: 122 15 W

  TEMPERATURE IN F:       :PCPN:    SNOW:  WIND      :SUNSHINE: SKY     :PK WND
================================================================================
1   2   3   4   5  6A  6B    7    8   9   10  11  12  13   14  15   16   17  18
                                     12Z  AVG MX 2MIN
DY MAX MIN AVG DEP HDD CDD  WTR  SNW DPTH SPD SPD DIR MIN PSBL S-S WX    SPD DR
================================================================================

 1  89  61  75  11   0  10 0.00  0.0    0   M   M   M   M    M   M         M  M
 2  92  64  78  14   0  13 0.00  0.0    0   M   M   M   M    M   M         M  M
 3  90  65  78  14   0  13 0.00  0.0    0   M   M   M   M    M   M         M  M
 4  90  61  76  12   0  11 0.00  0.0    0   M   M   M   M    M   M         M  M
 5  89  62  76  12   0  11 0.00  0.0    0   M   M   M   M    M   M         M  M
 6  87  63  75  11   0  10 0.00  0.0    0   M   M   M   M    M   M         M  M
 7  80  58  69   4   0   4 0.00  0.0    0   M   M   M   M    M   M         M  M
 8  85  59  72   7   0   7 0.00  0.0    0   M   M   M   M    M   M 8       M  M
 9  86  60  73   8   0   8 0.00  0.0    0   M   M   M   M    M   M 8       M  M
10  72  63  68   3   0   3 0.00  0.0    0   M   M   M   M    M   M         M  M
11  73  63  68   3   0   3    T  0.0    0   M   M   M   M    M   M         M  M
12  80  63  72   6   0   7    T  0.0    0   M   M   M   M    M   M         M  M
13  78  61  70   4   0   5 0.00  0.0    0   M   M   M   M    M   M         M  M
14  80  58  69   3   0   4 0.00  0.0    0   M   M   M   M    M   M         M  M
15  79  58  69   3   0   4 0.00  0.0    0   M   M   M   M    M   M         M  M
16  78  59  69   3   0   4    T  0.0    0   M   M   M   M    M   M         M  M
17  80  55  68   2   0   3 0.00  0.0    0   M   M   M   M    M   M         M  M
18  90  61  76  10   0  11 0.00  0.0    0   M   M   M   M    M   M         M  M
19  96  64  80  14   0  15 0.00  0.0    0   M   M   M   M    M   M         M  M
20  79  63  71   4   0   6 0.00  0.0    0   M   M   M   M    M   M         M  M
21  73  60  67   0   0   2 0.00  0.0    0   M   M   M   M    M   M         M  M
22  78  58  68   1   0   3 0.00  0.0    0   M   M   M   M    M   M         M  M
23  79  58  69   2   0   4 0.00  0.0    0   M   M   M   M    M   M         M  M
24  77  55  66  -1   0   1 0.05  0.0    0   M   M   M   M    M   M         M  M
25  68  57  63  -4   2   0 0.09  0.0    0   M   M   M   M    M   M         M  M
26  71  57  64  -3   1   0 0.90  0.0    0   M   M   M   M    M   M 1       M  M
27  75  55  65  -2   0   0 0.00  0.0    0   M   M   M   M    M   M         M  M
28  81  57  69   2   0   4 0.00  0.0    0   M   M   M   M    M   M         M  M
29  87  59  73   6   0   8 0.00  0.0    M   M   M   M   M    M   M         M  M
30  90  58  74   7   0   9 0.00  0.0    M   M   M   M   M    M   M         M  M
31  90  60  75   8   0  10 0.00  0.0    0   M   M   M   M    M   M         M  M
================================================================================
SM 2542 1855         3 193  1.04     0.0     M          M        M
================================================================================
AV 82.0 59.8                                 M FASTST   M    M   5    MAX(MPH)
                                 MISC ---->     M   M                  M    M
================================================================================
NOTES:
# LAST OF SEVERAL OCCURRENCES

COLUMN 17 PEAK WIND IN M.P.H.

PRELIMINARY LOCAL CLIMATOLOGICAL DATA (WS FORM: F-6) , PAGE 2

                                          STATION:  SEATTLE WA WFO
                                          MONTH:    JULY
                                          YEAR:     2015
                                          LATITUDE:   47 41 N
                                          LONGITUDE: 122 15 W

[TEMPERATURE DATA]      [PRECIPITATION DATA]       SYMBOLS USED IN COLUMN 16

AVERAGE MONTHLY: 70.9   TOTAL FOR MONTH:   1.04    1 = FOG OR MIST
DPTR FM NORMAL:   5.0   DPTR FM NORMAL:    0.25    2 = FOG REDUCING VISIBILITY
HIGHEST:    96 ON 19    GRTST 24HR  0.90 ON 26-26      TO 1/4 MILE OR LESS
LOWEST:     55 ON 27,24                            3 = THUNDER
                        SNOW, ICE PELLETS, HAIL    4 = ICE PELLETS
                        TOTAL MONTH:   0.0 INCH    5 = HAIL
                        GRTST 24HR     0.0         6 = FREEZING RAIN OR DRIZZLE
                        GRTST DEPTH:   0           7 = DUSTSTORM OR SANDSTORM:
                                                       VSBY 1/2 MILE OR LESS
                                                   8 = SMOKE OR HAZE
[NO. OF DAYS WITH]      [WEATHER - DAYS WITH]      9 = BLOWING SNOW
                                                   X = TORNADO
MAX 32 OR BELOW:   0    0.01 INCH OR MORE:   3
MAX 90 OR ABOVE:   7    0.10 INCH OR MORE:   1
MIN 32 OR BELOW:   0    0.50 INCH OR MORE:   1
MIN  0 OR BELOW:   0    1.00 INCH OR MORE:   0

[HDD (BASE 65) ]
TOTAL THIS MO.     3    CLEAR  (SCALE 0-3)   0
DPTR FM NORMAL   -34    PTCLDY (SCALE 4-7)   0
TOTAL FM JUL 1     3    CLOUDY (SCALE 8-10)  0
DPTR FM NORMAL   -34

[CDD (BASE 65) ]
TOTAL THIS MO.   193
DPTR FM NORMAL   128    [PRESSURE DATA]
TOTAL FM JAN 1   299    HIGHEST SLP M ON M
DPTR FM NORMAL   217    LOWEST  SLP M ON M

[REMARKS]
#FINAL-07-15#
