628
CXUS56 KMTR 221000
CF6SFO
PRELIMINARY LOCAL CLIMATOLOGICAL DATA (WS FORM: F-6)

                                          STATION:   SAN FRANCISCO AIRPORT
                                          MONTH:     NOVEMBER
                                          YEAR:      2017
                                          LATITUDE:   37 37 N
                                          LONGITUDE: 122 23 W

  TEMPERATURE IN F:       :PCPN:    SNOW:  WIND      :SUNSHINE: SKY     :PK WND
================================================================================
1   2   3   4   5  6A  6B    7    8   9   10  11  12  13   14  15   16   17  18
                                     12Z  AVG MX 2MIN
DY MAX MIN AVG DEP HDD CDD  WTR  SNW DPTH SPD SPD DIR MIN PSBL S-S WX    SPD DR
================================================================================

 1  67  50  59   0   6   0 0.00  0.0    0  7.4 20 280   M    M   1        23 280
 2  66  50  58  -1   7   0 0.00  0.0    0  5.3 15 210   M    M   3        18 210
 3  68  58  63   4   2   0 0.03  0.0    0  9.2 18 200   M    M   9 8      23 200
 4  61  50  56  -2   9   0 0.45  0.0    0 10.5 22 270   M    M   7 1      24 270
 5  60  46  53  -5  12   0 0.00  0.0    0  8.0 16 260   M    M   2        20 270
 6  63  51  57  -1   8   0 0.00  0.0    0  5.5 17 280   M    M   5        21 280
 7  64  46  55  -3  10   0 0.00  0.0    0  3.5  8 260   M    M   2         9 270
 8  65  52  59   1   6   0 0.13  0.0    0  9.6 26 170   M    M   9 18     34 170
 9  68  59  64   7   1   0 0.03  0.0    0  6.2 16 200   M    M   7 1      22 200
10  65  55  60   3   5   0 0.01  0.0    0  6.8 15 230   M    M   6        19 220
11  64  54  59   2   6   0 0.00  0.0    0  5.2 14 260   M    M   6        15 270
12  63  50  57   0   8   0 0.00  0.0    0  3.3  9 140   M    M   4        13 150
13  67  55  61   5   4   0    T  0.0    0  6.3 14 220   M    M   9 8      17 220
14  64  52  58   2   7   0 0.00  0.0    0  6.3 15 280   M    M   5 1      19 280
15  65  54  60   4   5   0 0.12  0.0    0  8.5 28 180   M    M   8 1      38 190
16  63  53  58   2   7   0 1.60  0.0    0  8.0 28 180   M    M  10 18     35 190
17  61  51  56   1   9   0 0.01  0.0    0  8.3 18 360   M    M   3        22 340
18  62  43  53  -2  12   0 0.00  0.0    0  4.1 13 270   M    M   3        14 270
19  59  46  53  -2  12   0 0.00  0.0    0  2.9 12 290   M    M   5        13 300
20  63  55  59   4   6   0 0.00  0.0    0  3.2  7  30   M    M   9 8       8 350
21  66  55  61   7   4   0 0.00  0.0    0  5.2 13  90   M    M   6 8      14  90
================================================================================
SM 1344 1085       146   0  2.38     0.0 133.3          M      119
================================================================================
AV 64.0 51.7                               6.3 FASTST   M    M   6    MAX(MPH)
                                 MISC ---->  # 28 180               # 38  190
================================================================================
NOTES:
# LAST OF SEVERAL OCCURRENCES

COLUMN 17 PEAK WIND IN M.P.H.

PRELIMINARY LOCAL CLIMATOLOGICAL DATA (WS FORM: F-6) , PAGE 2

                                          STATION:  SAN FRANCISCO AIRPORT
                                          MONTH:    NOVEMBER
                                          YEAR:     2017
                                          LATITUDE:   37 37 N
                                          LONGITUDE: 122 23 W

[TEMPERATURE DATA]      [PRECIPITATION DATA]       SYMBOLS USED IN COLUMN 16

AVERAGE MONTHLY: 57.8   TOTAL FOR MONTH:   2.38    1 = FOG OR MIST
DPTR FM NORMAL:   1.0   DPTR FM NORMAL:    0.85    2 = FOG REDUCING VISIBILITY
HIGHEST:    68 ON  9, 3 GRTST 24HR  1.60 ON 16-16      TO 1/4 MILE OR LESS
LOWEST:     43 ON 18                               3 = THUNDER
                        SNOW, ICE PELLETS, HAIL    4 = ICE PELLETS
                        TOTAL MONTH:   0.0 INCH    5 = HAIL
                        GRTST 24HR     0.0         6 = FREEZING RAIN OR DRIZZLE
                        GRTST DEPTH:   0           7 = DUSTSTORM OR SANDSTORM:
                                                       VSBY 1/2 MILE OR LESS
                                                   8 = SMOKE OR HAZE
[NO. OF DAYS WITH]      [WEATHER - DAYS WITH]      9 = BLOWING SNOW
                                                   X = TORNADO
MAX 32 OR BELOW:   0    0.01 INCH OR MORE:   8
MAX 90 OR ABOVE:   0    0.10 INCH OR MORE:   4
MIN 32 OR BELOW:   0    0.50 INCH OR MORE:   1
MIN  0 OR BELOW:   0    1.00 INCH OR MORE:   1

[HDD (BASE 65) ]
TOTAL THIS MO.   146    CLEAR  (SCALE 0-3)   5
DPTR FM NORMAL   -27    PTCLDY (SCALE 4-7)  11
TOTAL FM JUL 1   282    CLOUDY (SCALE 8-10)  5
DPTR FM NORMAL  -178

[CDD (BASE 65) ]
TOTAL THIS MO.     0
DPTR FM NORMAL     0    [PRESSURE DATA]
TOTAL FM JAN 1   346    HIGHEST SLP M ON M
DPTR FM NORMAL   183    LOWEST  SLP 29.81 ON 16

[REMARKS]
