000
CXUS54 KLZK 261430
CF6SGT
PRELIMINARY LOCAL CLIMATOLOGICAL DATA (WS FORM: F-6)

                                          STATION:   Stuttgart Airport
                                          MONTH:     DECEMBER
                                          YEAR:      2014
                                          LATITUDE:   34 35 N
                                          LONGITUDE:  91 34 W

  TEMPERATURE IN F:       :PCPN:    SNOW:  WIND      :SUNSHINE: SKY     :PK WND
================================================================================
1   2   3   4   5  6A  6B    7    8   9   10  11  12  13   14  15   16   17  18
                                     12Z  AVG MX 2MIN
DY MAX MIN AVG DEP HDD CDD  WTR  SNW DPTH SPD SPD DIR MIN PSBL S-S WX    SPD DR
================================================================================

 1  63  34  49   3  16   0 0.08    M    0 14.4 27  30   M    M  10        30  30
 2  41  34  38  -8  27   0 0.00  0.0    0  6.4 12 350   M    M  10         M  M
 3  45  39  42  -4  23   0 0.01    M    0  5.3 12  40   M    M  10         M  M
 4  55  45  50   5  15   0 0.00  0.0    0  3.6  7 360   M    M  10         M  M
 5  68  52  60  15   5   0 1.15  0.0    0  8.2 13 200   M    M  10         M  M
 6  61  43  52   7  13   0 0.00  0.0    0 14.9 20  20   M    M  10        27 350
 7  45  41  43  -1  22   0 0.00  0.0    0 11.3 20  20   M    M   8        24  20
 8  57  37  47   3  18   0 0.00  0.0    0  6.4 12 290   M    M   2         M  M
 9  54  34  44   0  21   0 0.00  0.0    0 10.0 17 350   M    M   1        23 360
10  45  30  38  -6  27   0 0.00  0.0    0  6.1 10  90   M    M   2         M  M
11  45  32  39  -4  26   0 0.00  0.0    0  3.4  7 100   M    M   8         M  M
12  48  37  43   0  22   0 0.00  0.0    0  4.4  8 120   M    M  10         M  M
13  61  45  53  10  12   0 0.01    M    0  3.5  7  90   M    M   7         M  M
14  66  45  56  13   9   0 0.00  0.0    0  8.6 14 140   M    M   4         M  M
15  72  50  61  19   4   0 0.05  0.0    0 15.7 23 300   M    M   6        29 210
16  52  34  43   1  22   0 0.00  0.0    0 12.6 18 290   M    M   1        23 280
17  41  30  36  -6  29   0 0.00  0.0    0  7.0 12  40   M    M   4        21  40
18  43  37  40  -2  25   0 0.17    M    0  6.5 10  80   M    M  10         M  M
19  45  39  42   0  23   0 0.00  0.0    0  8.4 13  40   M    M   6         M  M
20  48  37  43   2  22   0 0.00  0.0    0  5.9  8  30   M    M   1         M  M
21  55  34  45   4  20   0 0.00  0.0    0  6.6 12 120   M    M   1         M  M
22  57  43  50   9  15   0 0.01  0.0    0 10.3 16 160   M    M   4        21 160
23  52  46  49   8  16   0 0.02  0.0    0  9.5 16 350   M    M   9         M  M
24  48  41  45   4  20   0 0.01  0.0    0 12.2 16 310   M    M   9        21 280
25  55  34  45   4  20   0 0.00  0.0    0 11.5 18 180   M    M   0        23 150
================================================================================
SM 1322  973       472   0  1.51     0.0 212.7          M      153
================================================================================
AV 52.9 38.9                               8.5 FASTST   M    M   6    MAX(MPH)
                                 MISC ---->  # 27  30                 30    M
================================================================================
NOTES:
# LAST OF SEVERAL OCCURRENCES

COLUMN 17 PEAK WIND IN M.P.H.

PRELIMINARY LOCAL CLIMATOLOGICAL DATA (WS FORM: F-6) , PAGE 2

                                          STATION:  Stuttgart Airport
                                          MONTH:    DECEMBER
                                          YEAR:     2014
                                          LATITUDE:   34 35 N
                                          LONGITUDE:  91 34 W

[TEMPERATURE DATA]      [PRECIPITATION DATA]       SYMBOLS USED IN COLUMN 16

AVERAGE MONTHLY: 45.9   TOTAL FOR MONTH:   1.51    1 = FOG OR MIST
DPTR FM NORMAL:   2.8   DPTR FM NORMAL:   -2.90    2 = FOG REDUCING VISIBILITY
HIGHEST:    72 ON 15    GRTST 24HR  1.15 ON  5- 5      TO 1/4 MILE OR LESS
LOWEST:     30 ON 17,10                            3 = THUNDER
                        SNOW, ICE PELLETS, HAIL    4 = ICE PELLETS
                        TOTAL MONTH:   0.0 INCH    5 = HAIL
                        GRTST 24HR     0.0         6 = FREEZING RAIN OR DRIZZLE
                        GRTST DEPTH:   0           7 = DUSTSTORM OR SANDSTORM:
                                                       VSBY 1/2 MILE OR LESS
                                                   8 = SMOKE OR HAZE
[NO. OF DAYS WITH]      [WEATHER - DAYS WITH]      9 = BLOWING SNOW
                                                   X = TORNADO
MAX 32 OR BELOW:   0    0.01 INCH OR MORE:   9
MAX 90 OR ABOVE:   0    0.10 INCH OR MORE:   2
MIN 32 OR BELOW:   3    0.50 INCH OR MORE:   1
MIN  0 OR BELOW:   0    1.00 INCH OR MORE:   1

[HDD (BASE 65) ]
TOTAL THIS MO.   472    CLEAR  (SCALE 0-3)   7
DPTR FM NORMAL   -76    PTCLDY (SCALE 4-7)   8
TOTAL FM JUL 1  1080    CLOUDY (SCALE 8-10) 10
DPTR FM NORMAL   -22

[CDD (BASE 65) ]
TOTAL THIS MO.     0
DPTR FM NORMAL     0    [PRESSURE DATA]
TOTAL FM JAN 1  1812    HIGHEST SLP M ON M
DPTR FM NORMAL  -226    LOWEST  SLP M ON M

[REMARKS]
