000
CXUS55 KBYZ 191055
CF6SHR
PRELIMINARY LOCAL CLIMATOLOGICAL DATA (WS FORM: F-6)

                                          STATION:   SHERIDAN WY
                                          MONTH:     NOVEMBER
                                          YEAR:      2017
                                          LATITUDE:   44 46 N
                                          LONGITUDE: 106 58 W

  TEMPERATURE IN F:       :PCPN:    SNOW:  WIND      :SUNSHINE: SKY     :PK WND
================================================================================
1   2   3   4   5  6A  6B    7    8   9   10  11  12  13   14  15   16   17  18
                                     12Z  AVG MX 2MIN
DY MAX MIN AVG DEP HDD CDD  WTR  SNW DPTH SPD SPD DIR MIN PSBL S-S WX    SPD DR
================================================================================

 1  39  30  35  -5  30   0 0.70    M    M  6.3 18 310   M    M  10 1      22 310
 2  33  29  31  -8  34   0 0.00    M    M  8.2 15 130   M    M  10 1      20 130
 3  37  28  33  -6  32   0    T    M    M  5.1 14 310   M    M  10 1      17 310
 4  33  25  29  -9  36   0 0.18    M    M  5.7 15 300   M    M  10 1      17 310
 5  37  12  25 -13  40   0 0.00    M    M  3.9 13 290   M    M   3        14 300
 6  26   5  16 -21  49   0 0.01    M    M  8.4 21 310   M    M   8 1      24 310
 7  39   3  21 -16  44   0 0.00    M    M  2.0  9 180   M    M   0        11 160
 8  42  13  28  -8  37   0 0.00    M    M  3.9 10 290   M    M   0        12 290
 9  38  20  29  -7  36   0 0.00    M    M  4.2 10 280   M    M   5        13  80
10  53  20  37   2  28   0 0.00    M    M  3.4 12 240   M    M   0        13 240
11  43  20  32  -3  33   0 0.03    M    M  5.8 22 320   M    M   4 1      28 320
12  46  16  31  -3  34   0 0.00    M    M  1.7  7 330   M    M   0         7 330
13  62  20  41   7  24   0 0.00    M    M  2.0 12 130   M    M   0        16 130
14  59  22  41   8  24   0    T    M    M  7.6 33 320   M    M   2        38 320
15  42  18  30  -3  35   0 0.00    M    M  3.1  9 190   M    M   1         9 230
16  67  26  47  15  18   0 0.13    M    M 11.5 38 220   M    M   2 1      49 220
17  43  23  33   1  32   0 0.21    M    M  6.8 20 310   M    M   7 1      23 330
18  44  21  33   2  32   0 0.00    M    M  5.5 16 280   M    M   0        19 280
================================================================================
SM  783  351       598   0  1.26    M     95.1          M       72
================================================================================
AV 43.5 19.5                               5.3 FASTST   M    M   4    MAX(MPH)
                                 MISC ---->  # 38 220               # 49  220
================================================================================
NOTES:
# LAST OF SEVERAL OCCURRENCES

COLUMN 17 PEAK WIND IN M.P.H.

PRELIMINARY LOCAL CLIMATOLOGICAL DATA (WS FORM: F-6) , PAGE 2

                                          STATION:  SHERIDAN WY
                                          MONTH:    NOVEMBER
                                          YEAR:     2017
                                          LATITUDE:   44 46 N
                                          LONGITUDE: 106 58 W

[TEMPERATURE DATA]      [PRECIPITATION DATA]       SYMBOLS USED IN COLUMN 16

AVERAGE MONTHLY: 31.5   TOTAL FOR MONTH:   1.26    1 = FOG OR MIST
DPTR FM NORMAL:  -4.0   DPTR FM NORMAL:    0.81    2 = FOG REDUCING VISIBILITY
HIGHEST:    67 ON 16    GRTST 24HR  0.70 ON  1- 1      TO 1/4 MILE OR LESS
LOWEST:      3 ON  7                               3 = THUNDER
                        SNOW, ICE PELLETS, HAIL    4 = ICE PELLETS
                        TOTAL MONTH:    M          5 = HAIL
                        GRTST 24HR    M  ON   M    6 = FREEZING RAIN OR DRIZZLE
                        GRTST DEPTH:  M  ON   M    7 = DUSTSTORM OR SANDSTORM:
                                                       VSBY 1/2 MILE OR LESS
                                                   8 = SMOKE OR HAZE
[NO. OF DAYS WITH]      [WEATHER - DAYS WITH]      9 = BLOWING SNOW
                                                   X = TORNADO
MAX 32 OR BELOW:   1    0.01 INCH OR MORE:   6
MAX 90 OR ABOVE:   0    0.10 INCH OR MORE:   4
MIN 32 OR BELOW:  18    0.50 INCH OR MORE:   1
MIN  0 OR BELOW:   0    1.00 INCH OR MORE:   0

[HDD (BASE 65) ]
TOTAL THIS MO.   598    CLEAR  (SCALE 0-3)  10
DPTR FM NORMAL    67    PTCLDY (SCALE 4-7)   4
TOTAL FM JUL 1  1501    CLOUDY (SCALE 8-10)  4
DPTR FM NORMAL    62

[CDD (BASE 65) ]
TOTAL THIS MO.     0
DPTR FM NORMAL     0    [PRESSURE DATA]
TOTAL FM JAN 1   481    HIGHEST SLP M ON M
DPTR FM NORMAL    62    LOWEST  SLP 29.40 ON 16

[REMARKS]
