000
CXUS56 KMTR 301000
CF6SJC
PRELIMINARY LOCAL CLIMATOLOGICAL DATA (WS FORM: F-6)

                                          STATION:   SAN JOSE AIRPORT
                                          MONTH:     APRIL
                                          YEAR:      2016
                                          LATITUDE:   37 21 N
                                          LONGITUDE: 121 55 W

  TEMPERATURE IN F:       :PCPN:    SNOW:  WIND      :SUNSHINE: SKY     :PK WND
================================================================================
1   2   3   4   5  6A  6B    7    8   9   10  11  12  13   14  15   16   17  18
                                     12Z  AVG MX 2MIN
DY MAX MIN AVG DEP HDD CDD  WTR  SNW DPTH SPD SPD DIR MIN PSBL S-S WX    SPD DR
================================================================================

 1  66  45  56  -1   9   0 0.00  0.0    0  6.1 16 300   M    M   2        18 300
 2  73  53  63   5   2   0 0.00  0.0    0  5.4 18 310   M    M   8        23 310
 3  68  54  61   3   4   0 0.00  0.0    0  5.9 20 320   M    M   8 8      25 320
 4  71  52  62   4   3   0 0.00  0.0    0  6.6 20 300   M    M   4        25 310
 5  82  49  66   8   0   1 0.00  0.0    0  7.4 18 300   M    M   2        23 300
 6  88  53  71  13   0   6 0.00  0.0    0  4.1 13 290   M    M   4        14 290
 7  78  59  69  11   0   4 0.00  0.0    0  9.6 21 170   M    M   7        28 160
 8  66  58  62   4   3   0 0.39  0.0    0  3.7 12 310   M    M   8 1      14 310
 9  65  58  62   4   3   0 0.35  0.0    0  5.2 16 310   M    M  10 1      21 310
10  60  55  58   0   7   0 0.24  0.0    0  4.6 12 290   M    M  10 1      15 280
11  70  54  62   4   3   0    T  0.0    0  5.0 15 310   M    M   9 8      21 360
12  61  52  57  -2   8   0 0.00  0.0    0  6.5 14 320   M    M   9        21 350
13  68  49  59   0   6   0 0.00  0.0    0  7.2 21 310   M    M   4        26 300
14  65  51  58  -1   7   0 0.07  0.0    0 12.6 25 310   M    M   7 1      33 300
15  71  48  60   1   5   0 0.00    M    0 10.4 24 280   M    M   3        30 280
16  80  49  65   6   0   0 0.00    M    0  5.6 16 310   M    M   1 8      22 310
17  87  52  70  11   0   5 0.00  0.0    0  4.7 17 190   M    M   2        24 170
18  91  53  72  12   0   7 0.00  0.0    0  5.8 22 300   M    M   4        25 320
19  82  56  69   9   0   4 0.00  0.0    0  4.9 15 290   M    M   5        19 300
20  79  50  65   5   0   0 0.00  0.0    0  8.1 17 320   M    M   4        24 310
21  77  57  67   7   0   2    T  0.0    0  9.9 18 180   M    M   8        23 160
22  64  54  59  -1   6   0 0.42  0.0    0 11.0 22 240   M    M   8 1      29 250
23  68  48  58  -2   7   0 0.00  0.0    0  9.1 22 320   M    M   5        26 330
24  68  51  60  -1   5   0 0.00  0.0    0 12.8 26 280   M    M   6        33 270
25  66  47  57  -4   8   0 0.00    M    0 11.8 22 300   M    M   2        29 320
26  69  45  57  -4   8   0 0.00  0.0    0  8.3 22 320   M    M   6        26 300
27  63  49  56  -5   9   0 0.06  0.0    0 10.7 25 300   M    M   7 18     33 300
28  73  49  61   0   4   0 0.00  0.0    0  8.4 24 310   M    M   3        29 320
29  71  51  61  -1   4   0 0.00  0.0    0  8.7 26 310   M    M   5 18     31 310
================================================================================
SM 2090 1501       111  29  1.53     0.0 220.1          M      161
================================================================================
AV 72.1 51.8                               7.6 FASTST   M    M   6    MAX(MPH)
                                 MISC ---->  # 26 280               # 33  300
================================================================================
NOTES:
# LAST OF SEVERAL OCCURRENCES

COLUMN 17 PEAK WIND IN M.P.H.

PRELIMINARY LOCAL CLIMATOLOGICAL DATA (WS FORM: F-6) , PAGE 2

                                          STATION:  SAN JOSE AIRPORT
                                          MONTH:    APRIL
                                          YEAR:     2016
                                          LATITUDE:   37 21 N
                                          LONGITUDE: 121 55 W

[TEMPERATURE DATA]      [PRECIPITATION DATA]       SYMBOLS USED IN COLUMN 16

AVERAGE MONTHLY: 61.9   TOTAL FOR MONTH:   1.53    1 = FOG OR MIST
DPTR FM NORMAL:   2.7   DPTR FM NORMAL:    0.49    2 = FOG REDUCING VISIBILITY
HIGHEST:    91 ON 18    GRTST 24HR  0.61 ON  8- 9      TO 1/4 MILE OR LESS
LOWEST:     45 ON 26, 1                            3 = THUNDER
                        SNOW, ICE PELLETS, HAIL    4 = ICE PELLETS
                        TOTAL MONTH:   0.0 INCH    5 = HAIL
                        GRTST 24HR     0.0         6 = FREEZING RAIN OR DRIZZLE
                        GRTST DEPTH:   0           7 = DUSTSTORM OR SANDSTORM:
                                                       VSBY 1/2 MILE OR LESS
                                                   8 = SMOKE OR HAZE
[NO. OF DAYS WITH]      [WEATHER - DAYS WITH]      9 = BLOWING SNOW
                                                   X = TORNADO
MAX 32 OR BELOW:   0    0.01 INCH OR MORE:   6
MAX 90 OR ABOVE:   1    0.10 INCH OR MORE:   4
MIN 32 OR BELOW:   0    0.50 INCH OR MORE:   0
MIN  0 OR BELOW:   0    1.00 INCH OR MORE:   0

[HDD (BASE 65) ]
TOTAL THIS MO.   111    CLEAR  (SCALE 0-3)   6
DPTR FM NORMAL   -70    PTCLDY (SCALE 4-7)  18
TOTAL FM JUL 1  1686    CLOUDY (SCALE 8-10)  5
DPTR FM NORMAL  -213

[CDD (BASE 65) ]
TOTAL THIS MO.    29
DPTR FM NORMAL    15    [PRESSURE DATA]
TOTAL FM JAN 1    29    HIGHEST SLP 30.03 ON 19
DPTR FM NORMAL    11    LOWEST  SLP 29.81 ON 22

[REMARKS]
