000
CXUS56 KSLC 231230
CF6SLC
PRELIMINARY LOCAL CLIMATOLOGICAL DATA (WS FORM: F-6)

                                          STATION:   SALT LAKE CITY UT
                                          MONTH:     JULY
                                          YEAR:      2016
                                          LATITUDE:   40 46 N
                                          LONGITUDE: 111 58 W

  TEMPERATURE IN F:       :PCPN:    SNOW:  WIND      :SUNSHINE: SKY     :PK WND
================================================================================
1   2   3   4   5  6A  6B    7    8   9   10  11  12  13   14  15   16   17  18
                                     12Z  AVG MX 2MIN
DY MAX MIN AVG DEP HDD CDD  WTR  SNW DPTH SPD SPD DIR MIN PSBL S-S WX    SPD DR
================================================================================

 1  90  71  81   6   0  16 0.00  0.0    0  5.8 14 160   M    M   4        17 160
 2  93  70  82   6   0  17 0.00  0.0    0  7.9 15 310   M    M   3        19 320
 3  95  71  83   7   0  18 0.00  0.0    0 12.7 28 160   M    M   4 3      37 170
 4  98  75  87  11   0  22    T  0.0    0 11.9 37 340   M    M   5 8      55 340
 5  94  69  82   5   0  17 0.00  0.0    0  8.2 20  10   M    M   3        24 340
 6  89  67  78   1   0  13 0.00  0.0    0  9.2 22 340   M    M   2        28 360
 7  92  62  77   0   0  12 0.00  0.0    0  6.0 18 340   M    M   1        25 350
 8  99  73  86   8   0  21 0.00  0.0    0 15.1 31 160   M    M   3        37 150
 9 100  76  88  10   0  23 0.00  0.0    0 16.2 28 170   M    M   2        35 170
10  86  61  74  -4   0   9    T  0.0    0 16.6 31 330   M    M   2 8      36 320
11  76  51  64 -14   1   0 0.00  0.0    0  5.4 15 330   M    M   1        18 330
12  89  58  74  -4   0   9 0.00  0.0    0  7.0 17  10   M    M   1        23 330
13  90  61  76  -3   0  11 0.00  0.0    0  6.2 16 350   M    M   0        22 330
14  95  63  79   0   0  14 0.00  0.0    0  5.6 14 360   M    M   1        18 330
15  98  66  82   3   0  17 0.00  0.0    0  6.7 16 320   M    M   6 8      22 160
16  95  70  83   4   0  18 0.00  0.0    0  6.2 17 360   M    M   5        24 330
17  99  64  82   3   0  17 0.00  0.0    0 10.2 24 160   M    M   4        31 150
18  98  81  90  10   0  25 0.00  0.0    0 19.0 33 180   M    M   4 3      41 180
19  99  77  88   8   0  23 0.00  0.0    0 16.3 26 180   M    M   3        39 160
20 101  79  90  10   0  25 0.00  0.0    0 14.8 24 170   M    M   1        33 170
21 102  79  91  11   0  26 0.00  0.0    0 11.2 22 180   M    M   3        29 180
22 102  77  90  10   0  25    T  0.0    0 11.6 31 330   M    M   3 3      35 310
================================================================================
SM 2080 1521         1 378    T      0.0 229.8          M       61
================================================================================
AV 94.5 69.1                              10.4 FASTST   M    M   3    MAX(MPH)
                                 MISC ---->  # 37 340               # 55  340
================================================================================
NOTES:
# LAST OF SEVERAL OCCURRENCES

COLUMN 17 PEAK WIND IN M.P.H.

PRELIMINARY LOCAL CLIMATOLOGICAL DATA (WS FORM: F-6) , PAGE 2

                                          STATION:  SALT LAKE CITY UT
                                          MONTH:    JULY
                                          YEAR:     2016
                                          LATITUDE:   40 46 N
                                          LONGITUDE: 111 58 W

[TEMPERATURE DATA]      [PRECIPITATION DATA]       SYMBOLS USED IN COLUMN 16

AVERAGE MONTHLY: 81.8   TOTAL FOR MONTH:      T    1 = FOG OR MIST
DPTR FM NORMAL:   3.7   DPTR FM NORMAL:   -0.42    2 = FOG REDUCING VISIBILITY
HIGHEST:   102 ON 22,21 GRTST 24HR  0.01 ON 30- 1      TO 1/4 MILE OR LESS
LOWEST:     51 ON 11                               3 = THUNDER
                        SNOW, ICE PELLETS, HAIL    4 = ICE PELLETS
                        TOTAL MONTH:   0.0 INCH    5 = HAIL
                        GRTST 24HR     0.0         6 = FREEZING RAIN OR DRIZZLE
                        GRTST DEPTH:   0           7 = DUSTSTORM OR SANDSTORM:
                                                       VSBY 1/2 MILE OR LESS
                                                   8 = SMOKE OR HAZE
[NO. OF DAYS WITH]      [WEATHER - DAYS WITH]      9 = BLOWING SNOW
                                                   X = TORNADO
MAX 32 OR BELOW:   0    0.01 INCH OR MORE:   0
MAX 90 OR ABOVE:  18    0.10 INCH OR MORE:   0
MIN 32 OR BELOW:   0    0.50 INCH OR MORE:   0
MIN  0 OR BELOW:   0    1.00 INCH OR MORE:   0

[HDD (BASE 65) ]
TOTAL THIS MO.     1    CLEAR  (SCALE 0-3)  14
DPTR FM NORMAL     1    PTCLDY (SCALE 4-7)   8
TOTAL FM JUL 1     1    CLOUDY (SCALE 8-10)  0
DPTR FM NORMAL     1

[CDD (BASE 65) ]
TOTAL THIS MO.   378
DPTR FM NORMAL    87    [PRESSURE DATA]
TOTAL FM JAN 1   805    HIGHEST SLP M ON M
DPTR FM NORMAL   277    LOWEST  SLP 29.59 ON 10

[REMARKS]
