000
CXUS56 KPQR 291230
CF6SLE
PRELIMINARY LOCAL CLIMATOLOGICAL DATA (WS FORM: F-6)

                                          STATION:   SALEM OR
                                          MONTH:     SEPTEMBER
                                          YEAR:      2014
                                          LATITUDE:   44 55 N
                                          LONGITUDE: 123  0 W

  TEMPERATURE IN F:       :PCPN:    SNOW:  WIND      :SUNSHINE: SKY     :PK WND
================================================================================
1   2   3   4   5  6A  6B    7    8   9   10  11  12  13   14  15   16   17  18
                                     12Z  AVG MX 2MIN
DY MAX MIN AVG DEP HDD CDD  WTR  SNW DPTH SPD SPD DIR MIN PSBL S-S WX    SPD DR
================================================================================

 1  83  51  67   1   0   2 0.00  0.0    0  4.4 13 300   M    M   1        17 310
 2  80  58  69   3   0   4 0.00  0.0    0  8.3 23 290   M    M   3        29 280
 3  75  48  62  -3   3   0 0.00  0.0    0  5.4 15  20   M    M   2        20  20
 4  86  50  68   3   0   3 0.00  0.0    0  8.3 24  10   M    M   0        28 360
 5  93  53  73   8   0   8 0.00  0.0    0  7.1 21  30   M    M   0        27  30
 6  97  52  75  10   0  10 0.00  0.0    0  4.0 13 320   M    M   0        17 320
 7  87  48  68   3   0   3 0.00  0.0    0  1.8  9 270   M    M   0        11 270
 8  81  49  65   1   0   0 0.00  0.0    0  5.9 18 310   M    M   2        22 310
 9  76  57  67   3   0   2 0.00  0.0    0  5.1 15 310   M    M   4        20 300
10  81  52  67   3   0   2 0.00  0.0    0  6.9 16 360   M    M   1        19 340
11  82  47  65   1   0   0 0.00  0.0    0 10.5 23  10   M    M   0        28  10
12  86  50  68   4   0   3 0.00  0.0    0  5.0 14  30   M    M   0        18  20
13  89  48  69   5   0   4 0.00  0.0    0  2.6  9 330   M    M   0        12 340
14  89  47  68   5   0   3 0.00  0.0    0  2.0  9  10   M    M   0 8      11 360
15  88  50  69   6   0   4 0.00  0.0    0  3.0 12 220   M    M   2 8      15 210
16  80  50  65   2   0   0 0.00  0.0    0  4.9  9 330   M    M   1        14 210
17  75  61  68   6   0   3    T  0.0    0  2.4 13 330   M    M   2        13 320
18  74  58  66   4   0   1 0.01  0.0    0  3.7 10 160   M    M   8        13 120
19  84  53  69   7   0   4 0.00  0.0    0  4.2 14  30   M    M   0        18 350
20  95  57  76  14   0  11 0.00  0.0    0  5.5 12 360   M    M   0        16  40
21  86  56  71  10   0   6 0.00  0.0    0  6.5 16 260   M    M   0        18 260
22  70  57  64   3   1   0    T  0.0    0  4.9 10 200   M    M   6        13 210
23  68  56  62   1   3   0 0.47  0.0    0  3.4 10 200   M    M   7 1      15 200
24  67  59  63   3   2   0 0.57  0.0    0  7.9 16 170   M    M   7 1      21 160
25  72  55  64   4   1   0 0.08  0.0    0  8.5 20 240   M    M   4 1      25 250
26  74  52  63   3   2   0 0.00  0.0    0  6.8 17 170   M    M   2        23 170
27  70  53  62   2   3   0 0.00  0.0    0  5.3 13  40   M    M   6        17  40
28  80  49  65   6   0   0 0.00  0.0    0  3.9 12  20   M    M   0 1      14  10
================================================================================
SM 2268 1476        15  73  1.13     0.0 148.2          M       58
================================================================================
AV 81.0 52.7                               5.3 FASTST   M    M   2    MAX(MPH)
                                 MISC ---->  # 24  10               # 29  280
================================================================================
NOTES:
# LAST OF SEVERAL OCCURRENCES

COLUMN 17 PEAK WIND IN M.P.H.

PRELIMINARY LOCAL CLIMATOLOGICAL DATA (WS FORM: F-6) , PAGE 2

                                          STATION:  SALEM OR
                                          MONTH:    SEPTEMBER
                                          YEAR:     2014
                                          LATITUDE:   44 55 N
                                          LONGITUDE: 123  0 W

[TEMPERATURE DATA]      [PRECIPITATION DATA]       SYMBOLS USED IN COLUMN 16

AVERAGE MONTHLY: 66.9   TOTAL FOR MONTH:   1.13    1 = FOG OR MIST
DPTR FM NORMAL:   4.0   DPTR FM NORMAL:   -0.03    2 = FOG REDUCING VISIBILITY
HIGHEST:    97 ON  6    GRTST 24HR  1.04 ON 23-24      TO 1/4 MILE OR LESS
LOWEST:     47 ON 14,11                            3 = THUNDER
                        SNOW, ICE PELLETS, HAIL    4 = ICE PELLETS
                        TOTAL MONTH:   0.0 INCH    5 = HAIL
                        GRTST 24HR     0.0         6 = FREEZING RAIN OR DRIZZLE
                        GRTST DEPTH:   0           7 = DUSTSTORM OR SANDSTORM:
                                                       VSBY 1/2 MILE OR LESS
                                                   8 = SMOKE OR HAZE
[NO. OF DAYS WITH]      [WEATHER - DAYS WITH]      9 = BLOWING SNOW
                                                   X = TORNADO
MAX 32 OR BELOW:   0    0.01 INCH OR MORE:   4
MAX 90 OR ABOVE:   3    0.10 INCH OR MORE:   2
MIN 32 OR BELOW:   0    0.50 INCH OR MORE:   1
MIN  0 OR BELOW:   0    1.00 INCH OR MORE:   0

[HDD (BASE 65) ]
TOTAL THIS MO.    15    CLEAR  (SCALE 0-3)  20
DPTR FM NORMAL   -81    PTCLDY (SCALE 4-7)   7
TOTAL FM JUL 1    19    CLOUDY (SCALE 8-10)  1
DPTR FM NORMAL  -133

[CDD (BASE 65) ]
TOTAL THIS MO.    73
DPTR FM NORMAL    37    [PRESSURE DATA]
TOTAL FM JAN 1   591    HIGHEST SLP M ON M
DPTR FM NORMAL   303    LOWEST  SLP 29.68 ON 17

[REMARKS]
