000
CXUS51 KBTV 250700
CF6SLK
PRELIMINARY LOCAL CLIMATOLOGICAL DATA (WS FORM: F-6)

                                          STATION:   SARANAC LAKE NY
                                          MONTH:     MAY
                                          YEAR:      2015
                                          LATITUDE:   44 23 N
                                          LONGITUDE:  74 12 W

  TEMPERATURE IN F:       :PCPN:    SNOW:  WIND      :SUNSHINE: SKY     :PK WND
================================================================================
1   2   3   4   5  6A  6B    7    8   9   10  11  12  13   14  15   16   17  18
                                     12Z  AVG MX 2MIN
DY MAX MIN AVG DEP HDD CDD  WTR  SNW DPTH SPD SPD DIR MIN PSBL S-S WX    SPD DR
================================================================================

 1  60  27  44  -1  21   0 0.00  0.0    0  3.3 14  30   M    M   5        18  10
 2  69  28  49   4  16   0 0.00  0.0    0  2.5 14 280   M    M   1        20  20
 3  74  31  53   8  12   0 0.00  0.0    0  4.3 16 230   M    M   4 8      21 240
 4  78  32  55   9  10   0 0.03    M    0  9.6 25 220   M    M   5 1      32 210
 5  65  32  49   3  16   0 0.00  0.0    0  3.6 13 250   M    M   3        18 270
 6  73  26  50   3  15   0    T    M    0  2.7 14 220   M    M   0        18 240
 7  79  29  54   7  11   0 0.00  0.0    0  2.6 15 230   M    M   0        23 270
 8  85  34  60  13   5   0 0.00  0.0    0  2.3 12 220   M    M   0        14 230
 9  84  44  64  16   1   0 0.00  0.0    0  6.9 21 220   M    M   1        28 240
10  82  57  70  22   0   5    T  0.0    0  7.2 17 240   M    M   7        25 240
11  77  53  65  17   0   0 1.11  0.0    0  5.8 25 210   M    M   7 1238   33 210
12  69  47  58   9   7   0 0.11    M    0 13.7 26 240   M    M   7 1      42 240
13  55  29  42  -7  23   0 0.05    M    0  6.0 14 310   M    M   5 1      23 350
14  61  23  42  -8  23   0 0.00  0.0    0  3.4 12 220   M    M   1 12     20 350
15  70  26  48  -2  17   0 0.00  0.0    0  2.6 13 210   M    M   2        17 220
16  74  52  63  13   2   0 0.00  0.0    0  6.2 16 210   M    M   8        20 200
17  78  44  61  10   4   0 0.00  0.0    0  2.6 12 200   M    M   4 12     16 200
18  84  38  61  10   4   0 0.17    M    0  5.4 17 210   M    M   4 13     22 260
19  74  48  61  10   4   0 0.01    M    0 12.1 26 220   M    M   7 13     36 220
20  53  32  43  -9  22   0    T    M    0  8.6 17 250   M    M   6 1      29 300
21  64  32  48  -4  17   0 0.00  0.0    0  7.0 17 210   M    M   3        26 220
22  54  31  43  -9  22   0    T    M    0  6.4 15 290   M    M   8        27 290
23  55  26  41 -12  24   0 0.00  0.0    0  7.0 15 250   M    M   1        28 240
24  76  44  60   7   5   0    T    M    0 10.5 22 230   M    M   3        33 240
================================================================================
SM 1693  865       281   5  1.48     0.0 142.3          M       92
================================================================================
AV 70.5 36.0                               5.9 FASTST   M    M   4    MAX(MPH)
                                 MISC ---->  # 26 240               # 42  240
================================================================================
NOTES:
# LAST OF SEVERAL OCCURRENCES

COLUMN 17 PEAK WIND IN M.P.H.

PRELIMINARY LOCAL CLIMATOLOGICAL DATA (WS FORM: F-6) , PAGE 2

                                          STATION:  SARANAC LAKE NY
                                          MONTH:    MAY
                                          YEAR:     2015
                                          LATITUDE:   44 23 N
                                          LONGITUDE:  74 12 W

[TEMPERATURE DATA]      [PRECIPITATION DATA]       SYMBOLS USED IN COLUMN 16

AVERAGE MONTHLY: 53.3   TOTAL FOR MONTH:   1.48    1 = FOG OR MIST
DPTR FM NORMAL:   4.3   DPTR FM NORMAL:   -1.09    2 = FOG REDUCING VISIBILITY
HIGHEST:    85 ON  8    GRTST 24HR  1.22 ON 11-12      TO 1/4 MILE OR LESS
LOWEST:     23 ON 14                               3 = THUNDER
                        SNOW, ICE PELLETS, HAIL    4 = ICE PELLETS
                        TOTAL MONTH:   0.0 INCH    5 = HAIL
                        GRTST 24HR     0.0         6 = FREEZING RAIN OR DRIZZLE
                        GRTST DEPTH:   0           7 = DUSTSTORM OR SANDSTORM:
                                                       VSBY 1/2 MILE OR LESS
                                                   8 = SMOKE OR HAZE
[NO. OF DAYS WITH]      [WEATHER - DAYS WITH]      9 = BLOWING SNOW
                                                   X = TORNADO
MAX 32 OR BELOW:   0    0.01 INCH OR MORE:   6
MAX 90 OR ABOVE:   0    0.10 INCH OR MORE:   3
MIN 32 OR BELOW:  14    0.50 INCH OR MORE:   1
MIN  0 OR BELOW:   0    1.00 INCH OR MORE:   1

[HDD (BASE 65) ]
TOTAL THIS MO.   281    CLEAR  (SCALE 0-3)  11
DPTR FM NORMAL  -105    PTCLDY (SCALE 4-7)  12
TOTAL FM JUL 1  9285    CLOUDY (SCALE 8-10)  1
DPTR FM NORMAL   128

[CDD (BASE 65) ]
TOTAL THIS MO.     5
DPTR FM NORMAL     5    [PRESSURE DATA]
TOTAL FM JAN 1     5    HIGHEST SLP M ON M
DPTR FM NORMAL     5    LOWEST  SLP 29.68 ON 12

[REMARKS]
