000
CXUS51 KBTV 240700
CF6SLK
PRELIMINARY LOCAL CLIMATOLOGICAL DATA (WS FORM: F-6)

                                          STATION:   SARANAC LAKE NY
                                          MONTH:     JULY
                                          YEAR:      2014
                                          LATITUDE:   44 23 N
                                          LONGITUDE:  74 12 W

  TEMPERATURE IN F:       :PCPN:    SNOW:  WIND      :SUNSHINE: SKY     :PK WND
================================================================================
1   2   3   4   5  6A  6B    7    8   9   10  11  12  13   14  15   16   17  18
                                     12Z  AVG MX 2MIN
DY MAX MIN AVG DEP HDD CDD  WTR  SNW DPTH SPD SPD DIR MIN PSBL S-S WX    SPD DR
================================================================================

 1  88  62  75  12   0  10 0.00  0.0    0 11.6 28 210   M    M   2 18     35 220
 2  81  64  73  10   0   8 0.02  0.0    0  8.2 18 210   M    M   5 13     26 210
 3  80  59  70   7   0   5 0.38  0.0    0  4.0 13 220   M    M   6 13     17 350
 4  66  50  58  -5   7   0 0.02  0.0    0  5.0 14  20   M    M   8 12     21 350
 5  75  41  58  -6   7   0 0.00  0.0    0  7.3 18 250   M    M   1 1      28 260
 6  75  54  65   1   0   0 0.00  0.0    0  9.4 21 230   M    M   3        30 220
 7  72  55  64   0   1   0 0.36  0.0    0  7.4 18 220   M    M   8 13     23 220
 8  83  56  70   6   0   5 0.21  0.0    0 10.0 18 230   M    M   3 123    32 210
 9  71  54  63  -1   2   0    T  0.0    0 11.3 22 230   M    M   6        31 250
10  69  42  56  -8   9   0 0.00  0.0    0  4.7 13 240   M    M   3        19 240
11  74  39  57  -7   8   0 0.00  0.0    0  2.1 12 240   M    M   3 12     16 270
12  81  39  60  -4   5   0 0.00  0.0    0  3.3 17 220   M    M   3 12     22 220
13  76  59  68   4   0   3 0.11  0.0    0  9.4 23 200   M    M   6 18     28 200
14  77  56  67   3   0   2 0.00  0.0    0  3.5 14 230   M    M   4 12     19 210
15  74  55  65   1   0   0 0.68  0.0    0  4.9 16 230   M    M   5 18     24 250
16  69  48  59  -5   6   0 0.00  0.0    0  6.4 17 220   M    M   4 1      24 210
17  68  47  58  -6   7   0 0.04    M    0  4.9 14 230   M    M   6 12     20 250
18  73  40  57  -7   8   0 0.00  0.0    0  3.0 12 250   M    M   2 12     16 240
19  76  43  60  -4   5   0 0.00  0.0    0  2.3 13 190   M    M   2 1      17 180
20  78  44  61  -3   4   0 0.00  0.0    0  2.4 10 190   M    M   3 1      14 200
21  79  50  65   1   0   0 0.00  0.0    0  2.7 12 210   M    M   5 12     16 260
22  82  53  68   4   0   3 0.00  0.0    0  4.2 14 230   M    M   5 12     20 240
23  75  58  67   4   0   2 0.37  0.0    0  4.5 17 220   M    M   8 138    23 220
================================================================================
SM 1742 1168        69  38  2.19     0.0 132.5          M      101
================================================================================
AV 75.7 50.8                               5.8 FASTST   M    M   4    MAX(MPH)
                                 MISC ---->  # 28 210               # 35  220
================================================================================
NOTES:
# LAST OF SEVERAL OCCURRENCES

COLUMN 17 PEAK WIND IN M.P.H.

PRELIMINARY LOCAL CLIMATOLOGICAL DATA (WS FORM: F-6) , PAGE 2

                                          STATION:  SARANAC LAKE NY
                                          MONTH:    JULY
                                          YEAR:     2014
                                          LATITUDE:   44 23 N
                                          LONGITUDE:  74 12 W

[TEMPERATURE DATA]      [PRECIPITATION DATA]       SYMBOLS USED IN COLUMN 16

AVERAGE MONTHLY: 63.3   TOTAL FOR MONTH:   2.19    1 = FOG OR MIST
DPTR FM NORMAL:  -0.5   DPTR FM NORMAL:   -0.92    2 = FOG REDUCING VISIBILITY
HIGHEST:    88 ON  1    GRTST 24HR  0.68 ON 15-15      TO 1/4 MILE OR LESS
LOWEST:     39 ON 12,11                            3 = THUNDER
                        SNOW, ICE PELLETS, HAIL    4 = ICE PELLETS
                        TOTAL MONTH:   0.0 INCH    5 = HAIL
                        GRTST 24HR     0.0         6 = FREEZING RAIN OR DRIZZLE
                        GRTST DEPTH:   0           7 = DUSTSTORM OR SANDSTORM:
                                                       VSBY 1/2 MILE OR LESS
                                                   8 = SMOKE OR HAZE
[NO. OF DAYS WITH]      [WEATHER - DAYS WITH]      9 = BLOWING SNOW
                                                   X = TORNADO
MAX 32 OR BELOW:   0    0.01 INCH OR MORE:   9
MAX 90 OR ABOVE:   0    0.10 INCH OR MORE:   6
MIN 32 OR BELOW:   0    0.50 INCH OR MORE:   1
MIN  0 OR BELOW:   0    1.00 INCH OR MORE:   0

[HDD (BASE 65) ]
TOTAL THIS MO.    69    CLEAR  (SCALE 0-3)   8
DPTR FM NORMAL     0    PTCLDY (SCALE 4-7)  14
TOTAL FM JUL 1    69    CLOUDY (SCALE 8-10)  1
DPTR FM NORMAL     0

[CDD (BASE 65) ]
TOTAL THIS MO.    38
DPTR FM NORMAL     0    [PRESSURE DATA]
TOTAL FM JAN 1    60    HIGHEST SLP M ON M
DPTR FM NORMAL    -7    LOWEST  SLP 29.65 ON  9

[REMARKS]
