000
CXUS53 KICT 240800
CF6SLN
PRELIMINARY LOCAL CLIMATOLOGICAL DATA (WS FORM: F-6)

                                          STATION:   SALINA KS
                                          MONTH:     NOVEMBER
                                          YEAR:      2017
                                          LATITUDE:   38 47 N
                                          LONGITUDE:  97 39 W

  TEMPERATURE IN F:       :PCPN:    SNOW:  WIND      :SUNSHINE: SKY     :PK WND
================================================================================
1   2   3   4   5  6A  6B    7    8   9   10  11  12  13   14  15   16   17  18
                                     12Z  AVG MX 2MIN
DY MAX MIN AVG DEP HDD CDD  WTR  SNW DPTH SPD SPD DIR MIN PSBL S-S WX    SPD DR
================================================================================

 1  61  34  48  -3  17   0 0.00    M    M  9.1 21 190   M    M   0        26 190
 2  61  44  53   2  12   0 0.01    M    M 11.7 24  10   M    M   4 12     31  20
 3  46  37  42  -8  23   0 0.00    M    M  6.4 15  30   M    M   8        19  40
 4  53  39  46  -4  19   0 0.00    M    M  4.9 18 160   M    M   9 18     22 150
 5  52  39  46  -3  19   0 0.00    M    M 12.5 24 350   M    M   6 1      29 350
 6  51  30  41  -8  24   0 0.00    M    M  7.4 12  10   M    M   0        16  30
 7  46  27  37 -11  28   0 0.00    M    M 11.0 20  10   M    M   5        24  30
 8  54  23  39  -9  26   0 0.00    M    M  5.4 13 210   M    M   0        15 160
 9  49  28  39  -8  26   0 0.00    M    M  8.3 17  30   M    M   0        22  10
10  51  31  41  -6  24   0 0.00    M    M 10.6 16 150   M    M   7        21 150
11  50  40  45  -1  20   0 0.05    M    M  8.0 20 150   M    M   9 18     24 140
12  54  35  45  -1  20   0 0.00    M    M  7.0 15 350   M    M   7 18     18 350
13  53  30  42  -3  23   0    T    M    M  8.6 17 160   M    M   8 128    22 170
14  62  52  57  12   8   0 0.00    M    M  9.3 16 200   M    M  10 1      21 200
15  61  37  49   5  16   0 0.00    M    M  9.3 23 330   M    M   1 1      27 340
16  63  35  49   5  16   0 0.00    M    M 11.5 23 150   M    M   1        31 170
17  78  52  65  22   0   0 0.00    M    M 15.2 28 340   M    M   3 18     35 190
18  57  32  45   3  20   0    T    M    M 20.0 35 340   M    M   5        43 340
19  63  23  43   1  22   0 0.00    M    M  9.6 22 220   M    M   0        26 210
20  66  38  52  10  13   0 0.00    M    M 15.5 30 200   M    M   0        34 220
21  53  24  39  -2  26   0 0.00    M    M 15.6 33 350   M    M   2        39 350
22  51  20  36  -4  29   0 0.00    M    M  8.3 20 170   M    M   0        24 160
23  74  33  54  14  11   0 0.00    M    M  5.4 13 170   M    M   0        15 190
================================================================================
SM 1309  783       442   0  0.06    M    230.6          M       85
================================================================================
AV 56.9 34.0                              10.0 FASTST   M    M   4    MAX(MPH)
                                 MISC ---->  # 35 340               # 43  340
================================================================================
NOTES:
# LAST OF SEVERAL OCCURRENCES

COLUMN 17 PEAK WIND IN M.P.H.

PRELIMINARY LOCAL CLIMATOLOGICAL DATA (WS FORM: F-6) , PAGE 2

                                          STATION:  SALINA KS
                                          MONTH:    NOVEMBER
                                          YEAR:     2017
                                          LATITUDE:   38 47 N
                                          LONGITUDE:  97 39 W

[TEMPERATURE DATA]      [PRECIPITATION DATA]       SYMBOLS USED IN COLUMN 16

AVERAGE MONTHLY: 45.5   TOTAL FOR MONTH:   0.06    1 = FOG OR MIST
DPTR FM NORMAL:  -0.2   DPTR FM NORMAL:   -0.93    2 = FOG REDUCING VISIBILITY
HIGHEST:    78 ON 17    GRTST 24HR  0.05 ON 11-11      TO 1/4 MILE OR LESS
LOWEST:     20 ON 22                               3 = THUNDER
                        SNOW, ICE PELLETS, HAIL    4 = ICE PELLETS
                        TOTAL MONTH:    M          5 = HAIL
                        GRTST 24HR    M  ON   M    6 = FREEZING RAIN OR DRIZZLE
                        GRTST DEPTH:  M  ON   M    7 = DUSTSTORM OR SANDSTORM:
                                                       VSBY 1/2 MILE OR LESS
                                                   8 = SMOKE OR HAZE
[NO. OF DAYS WITH]      [WEATHER - DAYS WITH]      9 = BLOWING SNOW
                                                   X = TORNADO
MAX 32 OR BELOW:   0    0.01 INCH OR MORE:   2
MAX 90 OR ABOVE:   0    0.10 INCH OR MORE:   0
MIN 32 OR BELOW:  10    0.50 INCH OR MORE:   0
MIN  0 OR BELOW:   0    1.00 INCH OR MORE:   0

[HDD (BASE 65) ]
TOTAL THIS MO.   442    CLEAR  (SCALE 0-3)  11
DPTR FM NORMAL    -3    PTCLDY (SCALE 4-7)   8
TOTAL FM JUL 1   676    CLOUDY (SCALE 8-10)  4
DPTR FM NORMAL   -87

[CDD (BASE 65) ]
TOTAL THIS MO.     0
DPTR FM NORMAL     0    [PRESSURE DATA]
TOTAL FM JAN 1  1963    HIGHEST SLP M ON M
DPTR FM NORMAL   317    LOWEST  SLP 29.35 ON 18

[REMARKS]
