000
CXUS55 KLOX 221155
CF6SMO
PRELIMINARY LOCAL CLIMATOLOGICAL DATA (WS FORM: F-6)

                                          STATION:   SANTA MONICA AIRPORT CA
                                          MONTH:     OCTOBER
                                          YEAR:      2014
                                          LATITUDE:   34  0 N
                                          LONGITUDE: 118 27 W

  TEMPERATURE IN F:       :PCPN:    SNOW:  WIND      :SUNSHINE: SKY     :PK WND
================================================================================
1   2   3   4   5  6A  6B    7    8   9   10  11  12  13   14  15   16   17  18
                                     12Z  AVG MX 2MIN
DY MAX MIN AVG DEP HDD CDD  WTR  SNW DPTH SPD SPD DIR MIN PSBL S-S WX    SPD DR
================================================================================

 1  76  63  70   3   0   5 0.00  0.0    0  4.6 13 230   M    M   3 8      16 220
 2  96  62  79  12   0  14 0.00  0.0    0  4.5 12 260   M    M   0        16 250
 3  96  67  82  16   0  17 0.00  0.0    0  4.6 10 240   M    M   0        14 260
 4  91  66  79  13   0  14 0.00  0.0    0  4.2 12 240   M    M   0        15 230
 5  86  64  75   9   0  10 0.00  0.0    0  3.7 12 200   M    M   1 18     14 210
 6  86  63  75   9   0  10 0.00  0.0    0  4.1 12 200   M    M   1 18     14 200
 7  88  63  76  10   0  11 0.00  0.0    0  3.7 10 220   M    M   1 18     14 230
 8  78  62  70   4   0   5 0.00  0.0    0  4.0 13 230   M    M   2        15 210
 9  76  66  71   5   0   6 0.00  0.0    0  4.0 13 210   M    M   4        17 210
10  74  65  70   4   0   5 0.00  0.0    0  3.1 13 240   M    M   5        17 210
11  75  63  69   3   0   4 0.00  0.0    0  3.6 12 240   M    M   5 18     18 240
12  77  67  72   6   0   7 0.00  0.0    0  3.0 13 220   M    M   8 8      16 240
13  75  65  70   5   0   5 0.00  0.0    0  3.6 10 240   M    M   7 18     15 190
14  74  66  70   5   0   5 0.00  0.0    0  4.1 13 220   M    M   6 8      17 210
15  74  62  68   3   0   3 0.00  0.0    0  4.9 16 240   M    M   3        22 240
16  75  61  68   3   0   3 0.00  0.0    0  4.1 13 240   M    M   0        19 220
17  74  61  68   3   0   3 0.00  0.0    0  4.9 15 240   M    M   2        20 240
18  75  60  68   3   0   3 0.00  0.0    0  3.6 12 240   M    M   1        15 240
19  74  60  67   2   0   2 0.00  0.0    0  4.0 13 220   M    M   2        16 240
20  74  64  69   4   0   4 0.00  0.0    0  3.7 13 230   M    M   5        16 230
21  74  61  68   4   0   3 0.00  0.0    0  3.6 14 230   M    M   1 18     19 260
================================================================================
SM 1668 1331         0 139  0.00     0.0  83.7          M       57
================================================================================
AV 79.4 63.4                               4.0 FASTST   M    M   3    MAX(MPH)
                                 MISC ---->  # 16 240               # 22  240
================================================================================
NOTES:
# LAST OF SEVERAL OCCURRENCES

COLUMN 17 PEAK WIND IN M.P.H.

PRELIMINARY LOCAL CLIMATOLOGICAL DATA (WS FORM: F-6) , PAGE 2

                                          STATION:  SANTA MONICA AIRPORT CA
                                          MONTH:    OCTOBER
                                          YEAR:     2014
                                          LATITUDE:   34  0 N
                                          LONGITUDE: 118 27 W

[TEMPERATURE DATA]      [PRECIPITATION DATA]       SYMBOLS USED IN COLUMN 16

AVERAGE MONTHLY: 71.4   TOTAL FOR MONTH:   0.00    1 = FOG OR MIST
DPTR FM NORMAL:   5.8   DPTR FM NORMAL:   -0.45    2 = FOG REDUCING VISIBILITY
HIGHEST:    96 ON  3, 2 GRTST 24HR  0.00 ON 21-21      TO 1/4 MILE OR LESS
LOWEST:     60 ON 19,18                            3 = THUNDER
                        SNOW, ICE PELLETS, HAIL    4 = ICE PELLETS
                        TOTAL MONTH:   0.0 INCH    5 = HAIL
                        GRTST 24HR     0.0         6 = FREEZING RAIN OR DRIZZLE
                        GRTST DEPTH:   0           7 = DUSTSTORM OR SANDSTORM:
                                                       VSBY 1/2 MILE OR LESS
                                                   8 = SMOKE OR HAZE
[NO. OF DAYS WITH]      [WEATHER - DAYS WITH]      9 = BLOWING SNOW
                                                   X = TORNADO
MAX 32 OR BELOW:   0    0.01 INCH OR MORE:   0
MAX 90 OR ABOVE:   3    0.10 INCH OR MORE:   0
MIN 32 OR BELOW:   0    0.50 INCH OR MORE:   0
MIN  0 OR BELOW:   0    1.00 INCH OR MORE:   0

[HDD (BASE 65) ]
TOTAL THIS MO.     0    CLEAR  (SCALE 0-3)  14
DPTR FM NORMAL   -26    PTCLDY (SCALE 4-7)   7
TOTAL FM JUL 1     0    CLOUDY (SCALE 8-10)  0
DPTR FM NORMAL   -42

[CDD (BASE 65) ]
TOTAL THIS MO.   139
DPTR FM NORMAL   103    [PRESSURE DATA]
TOTAL FM JAN 1  1242    HIGHEST SLP M ON M
DPTR FM NORMAL   775    LOWEST  SLP 29.72 ON  1

[REMARKS]
