000
CXUS55 KLOX 231655
CF6SMO
PRELIMINARY LOCAL CLIMATOLOGICAL DATA (WS FORM: F-6)

                                          STATION:   SANTA MONICA AIRPORT CA
                                          MONTH:     NOVEMBER
                                          YEAR:      2017
                                          LATITUDE:   34  0 N
                                          LONGITUDE: 118 27 W

  TEMPERATURE IN F:       :PCPN:    SNOW:  WIND      :SUNSHINE: SKY     :PK WND
================================================================================
1   2   3   4   5  6A  6B    7    8   9   10  11  12  13   14  15   16   17  18
                                     12Z  AVG MX 2MIN
DY MAX MIN AVG DEP HDD CDD  WTR  SNW DPTH SPD SPD DIR MIN PSBL S-S WX    SPD DR
================================================================================

 1  70  62  66   3   0   1 0.00  0.0    0  3.3 12 240   M    M   9        17 200
 2  68  58  63   0   2   0 0.05  0.0    0  3.8 10 210   M    M   9 1      13 200
 3  70  58  64   1   1   0    T  0.0    0  4.1 12 230   M    M   4        16 240
 4  68  55  62  -1   3   0 0.00  0.0    0  4.9 15 240   M    M   1        21 230
 5  67  57  62   0   3   0    T  0.0    0  3.3 12 210   M    M   5 1      15 230
 6  68  57  63   1   2   0    T  0.0    0  3.8 10 240   M    M   3 8      15 200
 7  73  57  65   3   0   0 0.00  0.0    0  3.4 13 240   M    M   1        17 240
 8  72  56  64   2   1   0 0.00  0.0    0  4.4 13 250   M    M   1        19 270
 9  69  57  63   1   2   0 0.00  0.0    0  3.7 13 240   M    M   1        19 240
10  68  55  62   0   3   0 0.00  0.0    0  3.2 13 230   M    M   3        16 230
11  68  52  60  -1   5   0 0.00  0.0    0  3.2 13 240   M    M   0        17 240
12  68  54  61   0   4   0 0.00  0.0    0  2.3  9 260   M    M   1 8      13 260
13  69  51  60  -1   5   0 0.00  0.0    0  2.9 10 210   M    M   0 1      12 200
14  72  53  63   2   2   0 0.00  0.0    0  3.8  9 230   M    M   0        12 220
15  75  56  66   6   0   1 0.00  0.0    0  3.3 10 240   M    M   0        13 230
16  75  58  67   7   0   2 0.00  0.0    0  3.0 10 240   M    M   3 8      13 230
17  68  58  63   3   2   0 0.02  0.0    0  3.7 14 240   M    M   3        18 240
18  76  54  65   5   0   0 0.00  0.0    0  3.9 12 250   M    M   0        16 240
19  74  54  64   4   1   0 0.00  0.0    0  4.1 12 240   M    M   0        15 270
20  71  51  61   2   4   0 0.00  0.0    0  2.9  9 210   M    M   0        11 240
21  78  57  68   9   0   3 0.00  0.0    0  3.3 10 230   M    M   0        15 250
22  92  61  77  18   0  12 0.00  0.0    0  3.5  9 200   M    M   0        12 200
================================================================================
SM 1579 1231        40  19  0.07     0.0  78.0          M       44
================================================================================
AV 71.8 56.0                               3.5 FASTST   M    M   2    MAX(MPH)
                                 MISC ---->    15   M                 21    M
================================================================================
NOTES:
# LAST OF SEVERAL OCCURRENCES

COLUMN 17 PEAK WIND IN M.P.H.

PRELIMINARY LOCAL CLIMATOLOGICAL DATA (WS FORM: F-6) , PAGE 2

                                          STATION:  SANTA MONICA AIRPORT CA
                                          MONTH:    NOVEMBER
                                          YEAR:     2017
                                          LATITUDE:   34  0 N
                                          LONGITUDE: 118 27 W

[TEMPERATURE DATA]      [PRECIPITATION DATA]       SYMBOLS USED IN COLUMN 16

AVERAGE MONTHLY: 63.9   TOTAL FOR MONTH:   0.07    1 = FOG OR MIST
DPTR FM NORMAL:   2.7   DPTR FM NORMAL:   -0.79    2 = FOG REDUCING VISIBILITY
HIGHEST:    92 ON 22    GRTST 24HR  0.05 ON  2- 2      TO 1/4 MILE OR LESS
LOWEST:     51 ON 20,13                            3 = THUNDER
                        SNOW, ICE PELLETS, HAIL    4 = ICE PELLETS
                        TOTAL MONTH:   0.0 INCH    5 = HAIL
                        GRTST 24HR     0.0         6 = FREEZING RAIN OR DRIZZLE
                        GRTST DEPTH:   0           7 = DUSTSTORM OR SANDSTORM:
                                                       VSBY 1/2 MILE OR LESS
                                                   8 = SMOKE OR HAZE
[NO. OF DAYS WITH]      [WEATHER - DAYS WITH]      9 = BLOWING SNOW
                                                   X = TORNADO
MAX 32 OR BELOW:   0    0.01 INCH OR MORE:   2
MAX 90 OR ABOVE:   1    0.10 INCH OR MORE:   0
MIN 32 OR BELOW:   0    0.50 INCH OR MORE:   0
MIN  0 OR BELOW:   0    1.00 INCH OR MORE:   0

[HDD (BASE 65) ]
TOTAL THIS MO.    40    CLEAR  (SCALE 0-3)  17
DPTR FM NORMAL   -62    PTCLDY (SCALE 4-7)   3
TOTAL FM JUL 1    43    CLOUDY (SCALE 8-10)  2
DPTR FM NORMAL  -124

[CDD (BASE 65) ]
TOTAL THIS MO.    19
DPTR FM NORMAL     3    [PRESSURE DATA]
TOTAL FM JAN 1   881    HIGHEST SLP M ON M
DPTR FM NORMAL   384    LOWEST  SLP 29.86 ON  1

[REMARKS]
