000
CXUS56 KSGX 311445
CF6SNA
PRELIMINARY LOCAL CLIMATOLOGICAL DATA (WS FORM: F-6)

                                          STATION:   JOHN WAYNE AIRPORT CA
                                          MONTH:     AUGUST
                                          YEAR:      2015
                                          LATITUDE:   33 40 N
                                          LONGITUDE: 117 53 W

  TEMPERATURE IN F:       :PCPN:    SNOW:  WIND      :SUNSHINE: SKY     :PK WND
================================================================================
1   2   3   4   5  6A  6B    7    8   9   10  11  12  13   14  15   16   17  18
                                     12Z  AVG MX 2MIN
DY MAX MIN AVG DEP HDD CDD  WTR  SNW DPTH SPD SPD DIR MIN PSBL S-S WX    SPD DR
================================================================================

 1  79  68  74   2   0   9 0.00  0.0    0  5.1 14 200   M    M   7 1      20 190
 2  79  68  74   2   0   9 0.00  0.0    0  4.5 14 210   M    M   5        17 230
 3  80  68  74   2   0   9 0.00  0.0    0  5.0 16 200   M    M   6        23 200
 4  85  67  76   4   0  11 0.00  0.0    0  4.8 13 220   M    M   M        17 220
 5  88  67  78   6   0  13 0.00  0.0    0  4.9 15 200   M    M   3        17 200
 6  80  67  74   2   0   9    T  0.0    0  4.9 15 180   M    M   5        18 180
 7  76  67  72   0   0   7 0.00  0.0    0  7.8 16 200   M    M   8        21 200
 8  77  66  72   0   0   7 0.00  0.0    0  4.9 15 210   M    M   4        18 210
 9  76  65  71  -1   0   6 0.00  0.0    0  3.4 14 210   M    M   4        18 220
10  77  66  72   0   0   7 0.00  0.0    0  3.6 12 220   M    M   6        16 220
11  77  64  71  -1   0   6 0.00  0.0    0  3.6 13 220   M    M   3        17 220
12  84  64  74   1   0   9 0.00  0.0    0  4.5 10 240   M    M   2        14 220
13  88  67  78   5   0  13 0.00  0.0    0  4.6 12 220   M    M   3        15 220
14  92  68  80   7   0  15 0.00  0.0    0  4.0 10 210   M    M   3        14 220
15  89  70  80   7   0  15 0.00  0.0    0  4.4 12 220   M    M   2        16 200
16  90  68  79   6   0  14 0.00  0.0    0  5.9 15 190   M    M   1        18 200
17  80  69  75   2   0  10 0.00  0.0    0  8.2 20 200   M    M   5        28 190
18  78  68  73   0   0   8 0.00  0.0    0  6.5 16 220   M    M   5        24 230
19  78  68  73   0   0   8 0.00  0.0    0  5.1 14 200   M    M   5        18 210
20  79  69  74   1   0   9 0.00  0.0    0  5.7 14 210   M    M   6 1      20 220
21  78  69  74   1   0   9 0.00  0.0    0  5.3 14 200   M    M   6        18 200
22  79  68  74   1   0   9 0.00  0.0    0  5.3 13 210   M    M   5        18 180
23  80  67  74   1   0   9 0.00  0.0    0  4.8 12 210   M    M   6 18     16 210
24  81  69  75   2   0  10 0.00  0.0    0  4.7 14 210   M    M   5 8      18 220
25  83  69  76   3   0  11 0.00  0.0    0  4.2 18 200   M    M   6        23 190
26  87  70  79   6   0  14 0.00  0.0    0  5.6 13 200   M    M   4 18     16 200
27  90  69  80   7   0  15 0.00  0.0    0  4.2 12 200   M    M   1        17 210
28  92  72  82   9   0  17 0.00  0.0    0  4.3 14 200   M    M   2        18 220
29  89  71  80   7   0  15 0.00  0.0    0  3.4 13 210   M    M   1        17 190
30  83  69  76   3   0  11 0.00  0.0    0  5.7 15 190   M    M   2        20 230
================================================================================
SM 2474 2037         0 314    T      0.0 148.9          M      121
================================================================================
AV 82.5 67.9                               5.0 FASTST   M    M   4    MAX(MPH)
                                 MISC ---->  # 20 200               # 28  190
================================================================================
NOTES:
# LAST OF SEVERAL OCCURRENCES

COLUMN 17 PEAK WIND IN M.P.H.

PRELIMINARY LOCAL CLIMATOLOGICAL DATA (WS FORM: F-6) , PAGE 2

                                          STATION:  JOHN WAYNE AIRPORT CA
                                          MONTH:    AUGUST
                                          YEAR:     2015
                                          LATITUDE:   33 40 N
                                          LONGITUDE: 117 53 W

[TEMPERATURE DATA]      [PRECIPITATION DATA]       SYMBOLS USED IN COLUMN 16

AVERAGE MONTHLY: 75.2   TOTAL FOR MONTH:      T    1 = FOG OR MIST
DPTR FM NORMAL:   2.6   DPTR FM NORMAL:   -0.03    2 = FOG REDUCING VISIBILITY
HIGHEST:    92 ON 28,14 GRTST 24HR    T  ON  6- 6      TO 1/4 MILE OR LESS
LOWEST:     64 ON 12,11                            3 = THUNDER
                        SNOW, ICE PELLETS, HAIL    4 = ICE PELLETS
                        TOTAL MONTH:   0.0 INCH    5 = HAIL
                        GRTST 24HR     0.0         6 = FREEZING RAIN OR DRIZZLE
                        GRTST DEPTH:   0           7 = DUSTSTORM OR SANDSTORM:
                                                       VSBY 1/2 MILE OR LESS
                                                   8 = SMOKE OR HAZE
[NO. OF DAYS WITH]      [WEATHER - DAYS WITH]      9 = BLOWING SNOW
                                                   X = TORNADO
MAX 32 OR BELOW:   0    0.01 INCH OR MORE:   0
MAX 90 OR ABOVE:   4    0.10 INCH OR MORE:   0
MIN 32 OR BELOW:   0    0.50 INCH OR MORE:   0
MIN  0 OR BELOW:   0    1.00 INCH OR MORE:   0

[HDD (BASE 65) ]
TOTAL THIS MO.     0    CLEAR  (SCALE 0-3)   8
DPTR FM NORMAL     0    PTCLDY (SCALE 4-7)  21
TOTAL FM JUL 1     0    CLOUDY (SCALE 8-10)  0
DPTR FM NORMAL     0

[CDD (BASE 65) ]
TOTAL THIS MO.   314
DPTR FM NORMAL    83    [PRESSURE DATA]
TOTAL FM JAN 1   941    HIGHEST SLP M ON M
DPTR FM NORMAL   376    LOWEST  SLP 29.79 ON 16

[REMARKS]
