000
CXUS54 KMAF 311100
CF6SNK
PRELIMINARY LOCAL CLIMATOLOGICAL DATA (WS FORM: F-6)

                                          STATION:   Snyder Winston Field
                                          MONTH:     MAY
                                          YEAR:      2016
                                          LATITUDE:   32 41 N
                                          LONGITUDE: 100 57 W

  TEMPERATURE IN F:       :PCPN:    SNOW:  WIND      :SUNSHINE: SKY     :PK WND
================================================================================
1   2   3   4   5  6A  6B    7    8   9   10  11  12  13   14  15   16   17  18
                                     12Z  AVG MX 2MIN
DY MAX MIN AVG DEP HDD CDD  WTR  SNW DPTH SPD SPD DIR MIN PSBL S-S WX    SPD DR
================================================================================

 1  61  47  54   M  11   0 0.10    M    0 15.2 24  30   M    M   0        31  30
 2  67  45  56   M   9   0 0.00  0.0    0 10.3 17 360   M    M   0        24 360
 3  76  45  61   M   4   0 0.00  0.0    0  6.3 14  40   M    M   0        18  40
 4  82  50  66   M   0   1 0.00  0.0    0  7.3 15 330   M    M   0        22 320
 5  85  54  70   M   0   5 0.00  0.0    0  6.4 12 150   M    M   0         M  M
 6  86  58  72   M   0   7 0.00  0.0    0 13.3 22 130   M    M   0        28 140
 7  85  63  74   M   0   9 0.00  0.0    0 17.8 25 170   M    M   0        33 160
 8  92  65  79   M   0  14 0.00  0.0    0 12.9 18 170   M    M   0        36 180
 9  86  57  72   M   0   7 0.00  0.0    0 14.4 27 250   M    M   0 13     37 250
10  94  56  75   M   0  10 0.00  0.0    0 10.5 17 220   M    M   0        30 230
11  93  64  79   M   0  14 0.00  0.0    0 10.8 18  60   M    M   0        23  60
12  77  60  69   M   0   4 0.01  0.0    0 11.7 17  50   M    M   0 3      24  10
13  86  61  74   M   0   9 0.80  0.0    0  9.6 15 140   M    M   0 3      22 130
14  65  54  60   M   5   0 0.02  0.0    0 12.2 23  30   M    M   0 3      30  30
15  66  53  60   M   5   0 0.00  0.0    0  9.6 13 120   M    M   0        21 120
16  85  61  73   M   0   8 0.00  0.0    0 14.2 21 130   M    M   0        27 140
17  71  53  62   M   3   0 0.11  0.0    0 15.2 23  50   M    M   0 13     30  60
18  55  49  52   M  13   0 0.57    M    0 11.2 20 360   M    M   0 3      25  50
19  64  51  58   M   7   0 0.45  0.0    0  4.5 10  60   M    M   0 3       M  M
20  81  53  67   M   0   2 0.00  0.0    0  8.2 14 140   M    M   0 1      18 140
21  85  64  75   M   0  10 0.00  0.0    0 10.5 16 170   M    M   0        21 180
22  87  71  79   M   0  14 0.00  0.0    0 13.3 22 140   M    M   0 3      25 140
23  88  72  80   M   0  15 0.00  0.0    0 13.6 20 140   M    M   0 3      27 140
24  89  71  80   M   0  15 0.00  0.0    0 12.4 16 150   M    M   0 8      23 150
25  95  69  82   M   0  17 0.00  0.0    0  8.7 15 160   M    M   0 1      20 160
26  95  68  82   M   0  17 0.08  0.0    0 11.1 21 160   M    M   0 13     39 170
27  86  59  73   M   0   8 0.00  0.0    0  8.7 18 250   M    M   0 13     23 230
28  90  57  74   M   0   9 0.46  0.0    0  6.7 20 120   M    M   0 13     31 120
29  86  59  73   M   0   8 0.29  0.0    0 12.6 25 360   M    M   0 3      35 360
30  86  56  71   M   0   6 0.19  0.0    0  6.0 15 110   M    M   0 3      23 160
================================================================================
SM 2444 1745        57 209  3.08     0.0 325.2          M        0
================================================================================
AV 81.5 58.2                              10.8 FASTST   M    M   0    MAX(MPH)
                                 MISC ---->  # 27 250                 39    M
================================================================================
NOTES:
# LAST OF SEVERAL OCCURRENCES

COLUMN 17 PEAK WIND IN M.P.H.

PRELIMINARY LOCAL CLIMATOLOGICAL DATA (WS FORM: F-6) , PAGE 2

                                          STATION:  Snyder Winston Field
                                          MONTH:    MAY
                                          YEAR:     2016
                                          LATITUDE:   32 41 N
                                          LONGITUDE: 100 57 W

[TEMPERATURE DATA]      [PRECIPITATION DATA]       SYMBOLS USED IN COLUMN 16

AVERAGE MONTHLY: 69.8   TOTAL FOR MONTH:   3.08    1 = FOG OR MIST
DPTR FM NORMAL:     M   DPTR FM NORMAL:       M    2 = FOG REDUCING VISIBILITY
HIGHEST:    95 ON 26,25 GRTST 24HR  0.80 ON 13-13      TO 1/4 MILE OR LESS
LOWEST:     45 ON  3, 2                            3 = THUNDER
                        SNOW, ICE PELLETS, HAIL    4 = ICE PELLETS
                        TOTAL MONTH:   0.0 INCH    5 = HAIL
                        GRTST 24HR     0.0         6 = FREEZING RAIN OR DRIZZLE
                        GRTST DEPTH:   0           7 = DUSTSTORM OR SANDSTORM:
                                                       VSBY 1/2 MILE OR LESS
                                                   8 = SMOKE OR HAZE
[NO. OF DAYS WITH]      [WEATHER - DAYS WITH]      9 = BLOWING SNOW
                                                   X = TORNADO
MAX 32 OR BELOW:   0    0.01 INCH OR MORE:  11
MAX 90 OR ABOVE:   6    0.10 INCH OR MORE:   8
MIN 32 OR BELOW:   0    0.50 INCH OR MORE:   2
MIN  0 OR BELOW:   0    1.00 INCH OR MORE:   0

[HDD (BASE 65) ]
TOTAL THIS MO.    57    CLEAR  (SCALE 0-3)  30
DPTR FM NORMAL     M    PTCLDY (SCALE 4-7)   0
TOTAL FM JUL 1  2264    CLOUDY (SCALE 8-10)  0
DPTR FM NORMAL     M

[CDD (BASE 65) ]
TOTAL THIS MO.   209
DPTR FM NORMAL     M    [PRESSURE DATA]
TOTAL FM JAN 1   297    HIGHEST SLP M ON M
DPTR FM NORMAL     M    LOWEST  SLP M ON M

[REMARKS]
