000
CXUS54 KMAF 241100
CF6SNK
PRELIMINARY LOCAL CLIMATOLOGICAL DATA (WS FORM: F-6)

                                          STATION:   Snyder Winston Field
                                          MONTH:     FEBRUARY
                                          YEAR:      2018
                                          LATITUDE:   32 41 N
                                          LONGITUDE: 100 57 W

  TEMPERATURE IN F:       :PCPN:    SNOW:  WIND      :SUNSHINE: SKY     :PK WND
================================================================================
1   2   3   4   5  6A  6B    7    8   9   10  11  12  13   14  15   16   17  18
                                     12Z  AVG MX 2MIN
DY MAX MIN AVG DEP HDD CDD  WTR  SNW DPTH SPD SPD DIR MIN PSBL S-S WX    SPD DR
================================================================================

 1  55  37  46   M  19   0 0.00  0.0    0 12.5 20  40   M    M   0        29  40
 2  55  26  41   M  24   0 0.00  0.0    0  8.6 15  50   M    M   0        23  40
 3  75  37  56   M   9   0 0.00  0.0    0 11.3 20 220   M    M   0        23 210
 4  66  28  47   M  18   0 0.00  0.0    0 12.0 22  40   M    M   0        30  50
 5  65  20  43   M  22   0 0.00  0.0    0  8.7 17 230   M    M   3        22 220
 6  46  31  39   M  26   0 0.00  0.0    0 11.9 18  40   M    M   9        27  60
 7  49  23  36   M  29   0 0.00  0.0    0  8.6 17 360   M    M   1        21 360
 8  63  26  45   M  20   0 0.00  0.0    0  7.9 14 150   M    M   0        21 180
 9  76  31  54   M  11   0 0.00  0.0    0  9.8 18 180   M    M   0        23 180
10  46  20  33   M  32   0 0.00  0.0    0 11.7 20  30   M    M   3        25  30
11  42  22  32   M  33   0 0.00  0.0    0 11.7 20 350   M    M   3        25  40
12  51  24  38   M  27   0 0.00  0.0    0  8.1 14 100   M    M   1        20  80
13  66  30  48   M  17   0 0.00  0.0    0  8.3 20 200   M    M   4        24 200
14  82  41  62   M   3   0 0.00  0.0    0 10.4 18 200   M    M   1 12     25 200
15  79  51  65   M   0   0 0.00  0.0    0 10.8 16 210   M    M   0        22 200
16  63  41  52   M  13   0 0.00  0.0    0 11.7 22  30   M    M   4        31  30
17  64  37  51   M  14   0 0.07    M    0 10.0 16  40   M    M   2        22  20
18  78  44  61   M   4   0 0.00  0.0    0 12.8 28 200   M    M   5        35 190
19  75  60  68   M   0   3 0.00  0.0    0 13.5 18 200   M    M   3        28 200
20  76  35  56   M   9   0 0.00  0.0    0 15.9 24  60   M    M   3        30  40
21  34  23  29   M  36   0 0.02    M    0 15.4 24  40   M    M  10 13     37  40
22  37  25  31   M  34   0 0.03    M    0  4.8 12  30   M    M  10 12      M  M
23  48  35  42   M  23   0 0.00  0.0    0  4.7 10  80   M    M  10 12      M  M
================================================================================
SM 1391  747       423   3  0.12     0.0 241.1          M       72
================================================================================
AV 60.5 32.5                              10.5 FASTST   M    M   3    MAX(MPH)
                                 MISC ---->  # 28 200               # 37   40
================================================================================
NOTES:
# LAST OF SEVERAL OCCURRENCES

COLUMN 17 PEAK WIND IN M.P.H.

PRELIMINARY LOCAL CLIMATOLOGICAL DATA (WS FORM: F-6) , PAGE 2

                                          STATION:  Snyder Winston Field
                                          MONTH:    FEBRUARY
                                          YEAR:     2018
                                          LATITUDE:   32 41 N
                                          LONGITUDE: 100 57 W

[TEMPERATURE DATA]      [PRECIPITATION DATA]       SYMBOLS USED IN COLUMN 16

AVERAGE MONTHLY: 46.5   TOTAL FOR MONTH:   0.12    1 = FOG OR MIST
DPTR FM NORMAL:     M   DPTR FM NORMAL:       M    2 = FOG REDUCING VISIBILITY
HIGHEST:    82 ON 14    GRTST 24HR  0.07 ON 17-17      TO 1/4 MILE OR LESS
LOWEST:     20 ON 10, 5                            3 = THUNDER
                        SNOW, ICE PELLETS, HAIL    4 = ICE PELLETS
                        TOTAL MONTH:   0.0 INCH    5 = HAIL
                        GRTST 24HR     0.0         6 = FREEZING RAIN OR DRIZZLE
                        GRTST DEPTH:   0           7 = DUSTSTORM OR SANDSTORM:
                                                       VSBY 1/2 MILE OR LESS
                                                   8 = SMOKE OR HAZE
[NO. OF DAYS WITH]      [WEATHER - DAYS WITH]      9 = BLOWING SNOW
                                                   X = TORNADO
MAX 32 OR BELOW:   0    0.01 INCH OR MORE:   3
MAX 90 OR ABOVE:   0    0.10 INCH OR MORE:   0
MIN 32 OR BELOW:  13    0.50 INCH OR MORE:   0
MIN  0 OR BELOW:   0    1.00 INCH OR MORE:   0

[HDD (BASE 65) ]
TOTAL THIS MO.   423    CLEAR  (SCALE 0-3)  15
DPTR FM NORMAL     M    PTCLDY (SCALE 4-7)   4
TOTAL FM JUL 1  2201    CLOUDY (SCALE 8-10)  4
DPTR FM NORMAL     M

[CDD (BASE 65) ]
TOTAL THIS MO.     3
DPTR FM NORMAL     M    [PRESSURE DATA]
TOTAL FM JAN 1     3    HIGHEST SLP M ON M
DPTR FM NORMAL     M    LOWEST  SLP M ON M

[REMARKS]
