000
CXAK56 PAFC 241320
CF6SNP
PRELIMINARY LOCAL CLIMATOLOGICAL DATA (WS FORM: F-6)

                                          STATION:   SAINT PAUL ISLAND
                                          MONTH:     FEBRUARY
                                          YEAR:      2017
                                          LATITUDE:   57  9 N
                                          LONGITUDE: 170 13 W

  TEMPERATURE IN F:       :PCPN:    SNOW:  WIND      :SUNSHINE: SKY     :PK WND
================================================================================
1   2   3   4   5  6A  6B    7    8   9   10  11  12  13   14  15   16   17  18
                                     12Z  AVG MX 2MIN
DY MAX MIN AVG DEP HDD CDD  WTR  SNW DPTH SPD SPD DIR MIN PSBL S-S WX    SPD DR
================================================================================

 1  36  35  36  12  29   0    T    M    0 28.3 32 140   M    M   6 18     46 130
 2  36  34  35  11  30   0 0.01    T    5 22.6 36 140   M    M   8 1      42 140
 3  37  35  36  12  29   0    T    T    5 20.7 26 140   M    M   8 1      35 110
 4  37  34  36  12  29   0 0.01    T    3 19.1 26  90   M    M   8 1      32 130
 5  37  30  34  10  31   0    T    M    0 17.3 23  90   M    M  10 1      30 110
 6  33  27  30   6  35   0 0.00  0.0    T 13.3 18  40   M    M   5        22  70
 7  27  24  26   2  39   0    T    T    T  6.4 13  40   M    M  10 1      14  40
 8  27  18  23  -1  42   0    T    T    T  9.2 20  40   M    M  10        22  40
 9  23  16  20  -4  45   0    T    T    T 16.6 25  30   M    M  10 18     36  30
10  18  13  16  -8  49   0    T  0.1    T 24.0 31  40   M    M  10 19     39  50
11  19  14  17  -7  48   0 0.01  0.2    T 16.7 28  40   M    M  10 18     36  30
12  18  14  16  -8  49   0 0.03  0.6    2 17.9 30  20   M    M  10 18     37  10
13  16  10  13 -11  52   0 0.02  0.9    3 29.2 38 350   M    M  10 1289   45 350
14  21  15  18  -6  47   0 0.13  2.7    7 31.4 39  10   M    M  10 129    47 360
15  19  17  18  -6  47   0 0.04  0.9    8 25.9 38  10   M    M  10 19     46 360
16  17  11  14 -10  51   0    T  0.6    9 18.6 25  40   M    M   9 1      29  30
17  12   9  11 -13  54   0    T  0.2    9 20.6 26  20   M    M  10 189    32  20
18  12   8  10 -14  55   0    T  0.2    9 15.1 23  20   M    M   9 1      28  40
19  22  -3  10 -14  55   0 0.00  0.0    9  7.3 17 240   M    M   3        19 240
20  28   9  19  -5  46   0 0.13  1.0   10 23.0 39  90   M    M  10 129    44  90
21  30  22  26   2  39   0 0.30  2.4   12 20.4 46  90   M    M  10 19     56  90
22  39  30  35  11  30   0 0.26    M   12 23.2 36 170   M    M  10 1      46 170
23  37  32  35  10  30   0 0.24  0.1    0 19.4 37 220   M    M   8 18     48 210
================================================================================
SM  601  454       961   0  1.18     9.9 446.2          M      204
================================================================================
AV 26.1 19.7                              19.4 FASTST   M    M   9    MAX(MPH)
                                 MISC ---->  # 46  90               # 56   90
================================================================================
NOTES:
# LAST OF SEVERAL OCCURRENCES

COLUMN 17 PEAK WIND IN M.P.H.

PRELIMINARY LOCAL CLIMATOLOGICAL DATA (WS FORM: F-6) , PAGE 2

                                          STATION:  SAINT PAUL ISLAND
                                          MONTH:    FEBRUARY
                                          YEAR:     2017
                                          LATITUDE:   57  9 N
                                          LONGITUDE: 170 13 W

[TEMPERATURE DATA]      [PRECIPITATION DATA]       SYMBOLS USED IN COLUMN 16

AVERAGE MONTHLY: 22.9   TOTAL FOR MONTH:   1.18    1 = FOG OR MIST
DPTR FM NORMAL:  -1.1   DPTR FM NORMAL:    0.08    2 = FOG REDUCING VISIBILITY
HIGHEST:    39 ON 22    GRTST 24HR  0.45 ON 20-21      TO 1/4 MILE OR LESS
LOWEST:     -3 ON 19                               3 = THUNDER
                        SNOW, ICE PELLETS, HAIL    4 = ICE PELLETS
                        TOTAL MONTH:   9.9 INCHES  5 = HAIL
                        GRTST 24HR   2.7 ON   M    6 = FREEZING RAIN OR DRIZZLE
                        GRTST DEPTH:  12 ON 22,21  7 = DUSTSTORM OR SANDSTORM:
                                                       VSBY 1/2 MILE OR LESS
                                                   8 = SMOKE OR HAZE
[NO. OF DAYS WITH]      [WEATHER - DAYS WITH]      9 = BLOWING SNOW
                                                   X = TORNADO
MAX 32 OR BELOW:  15    0.01 INCH OR MORE:  11
MAX 90 OR ABOVE:   0    0.10 INCH OR MORE:   5
MIN 32 OR BELOW:  19    0.50 INCH OR MORE:   0
MIN  0 OR BELOW:   1    1.00 INCH OR MORE:   0

[HDD (BASE 65) ]
TOTAL THIS MO.   961    CLEAR  (SCALE 0-3)   0
DPTR FM NORMAL    21    PTCLDY (SCALE 4-7)   6
TOTAL FM JUL 1  5705    CLOUDY (SCALE 8-10) 17
DPTR FM NORMAL -1014

[CDD (BASE 65) ]
TOTAL THIS MO.     0
DPTR FM NORMAL     0    [PRESSURE DATA]
TOTAL FM JAN 1     0    HIGHEST SLP M ON M
DPTR FM NORMAL     0    LOWEST  SLP 28.70 ON 14

[REMARKS]
