760
CXUS56 KMTR 291000
CF6SNS
PRELIMINARY LOCAL CLIMATOLOGICAL DATA (WS FORM: F-6)

                                          STATION:   SALINAS AIRPORT
                                          MONTH:     APRIL
                                          YEAR:      2016
                                          LATITUDE:   36 40 N
                                          LONGITUDE: 121 36 W

  TEMPERATURE IN F:       :PCPN:    SNOW:  WIND      :SUNSHINE: SKY     :PK WND
================================================================================
1   2   3   4   5  6A  6B    7    8   9   10  11  12  13   14  15   16   17  18
                                     12Z  AVG MX 2MIN
DY MAX MIN AVG DEP HDD CDD  WTR  SNW DPTH SPD SPD DIR MIN PSBL S-S WX    SPD DR
================================================================================

 1  64  47  56   0   9   0 0.00  0.0    0  6.3 16 280   M    M   3        20 290
 2  69  46  58   2   7   0 0.00  0.0    0  6.5 16 270   M    M   6 1      20 280
 3  64  50  57   1   8   0 0.00  0.0    0  5.2 17 260   M    M   5 18     22 260
 4  65  48  57   1   8   0 0.00  0.0    0  9.2 17 250   M    M   1 12     23 250
 5  86  43  65   9   0   0 0.00  0.0    0  4.3 17 270   M    M   0 1      20 270
 6  94  53  74  18   0   9 0.00  0.0    0 11.0 23 100   M    M   0        27 110
 7  64  56  60   4   5   0 0.00  0.0    0  7.6 17 330   M    M   1        21 330
 8  67  57  62   6   3   0 0.08  0.0    0  5.8 14 270   M    M   9 18     18 250
 9  65  57  61   5   4   0 0.01  0.0    0  5.1 15 260   M    M   9 1      18 260
10  58  55  57   1   8   0 0.11  0.0    0  4.7 10 240   M    M  10 1      13 260
11  64  53  59   3   6   0 0.00  0.0    0  5.5 15 280   M    M  10        20 280
12  64  52  58   2   7   0    T  0.0    0  7.6 18 240   M    M   7 1      24 220
13  66  48  57   1   8   0 0.00  0.0    0  6.2 18 270   M    M   0        23 260
14  65  47  56   0   9   0 0.03    M    0  9.8 24 270   M    M   3 1      31 270
15  68  44  56  -1   9   0 0.00  0.0    0  8.6 23 250   M    M   0        28 240
16  80  43  62   5   3   0 0.00    M    0  5.9 20 280   M    M   0        24 270
17  86  49  68  11   0   3 0.00  0.0    0  9.6 22 110   M    M   0        26 100
18  89  48  69  12   0   4 0.00  0.0    0  8.8 20 290   M    M   0        23 300
19  83  51  67  10   0   2 0.00  0.0    0  7.2 18 110   M    M   0        22 110
20  75  44  60   3   5   0 0.00  0.0    0  8.2 18 290   M    M   2        22 290
21  71  57  64   7   1   0 0.00  0.0    0  8.8 22 280   M    M   5 1      27 280
22  66  53  60   3   5   0 0.22  0.0    0  8.5 26 220   M    M   8 18     33 230
23  65  50  58   1   7   0 0.00  0.0    0  8.0 17 250   M    M   2        22 250
24  67  52  60   2   5   0 0.00  0.0    0 13.0 29 260   M    M   4        35 260
25  64  43  54  -4  11   0 0.00  0.0    0 12.0 25 270   M    M   1        32 260
26  62  43  53  -5  12   0 0.00  0.0    0 10.2 21 230   M    M   2        25 240
27  65  48  57  -1   8   0 0.05  0.0    0 10.6 32 250   M    M   5 1      40 250
28  66  50  58   0   7   0 0.00  0.0    0 11.9 23 250   M    M   6        28 250
================================================================================
SM 1962 1387       155  18  0.50     0.0 226.1          M       99
================================================================================
AV 70.1 49.5                               8.1 FASTST   M    M   4    MAX(MPH)
                                 MISC ---->  # 32 250               # 40  250
================================================================================
NOTES:
# LAST OF SEVERAL OCCURRENCES

COLUMN 17 PEAK WIND IN M.P.H.

PRELIMINARY LOCAL CLIMATOLOGICAL DATA (WS FORM: F-6) , PAGE 2

                                          STATION:  SALINAS AIRPORT
                                          MONTH:    APRIL
                                          YEAR:     2016
                                          LATITUDE:   36 40 N
                                          LONGITUDE: 121 36 W

[TEMPERATURE DATA]      [PRECIPITATION DATA]       SYMBOLS USED IN COLUMN 16

AVERAGE MONTHLY: 59.8   TOTAL FOR MONTH:   0.50    1 = FOG OR MIST
DPTR FM NORMAL:   3.1   DPTR FM NORMAL:   -0.39    2 = FOG REDUCING VISIBILITY
HIGHEST:    94 ON  6    GRTST 24HR  0.22 ON 21-22      TO 1/4 MILE OR LESS
LOWEST:     43 ON 26,25                            3 = THUNDER
                        SNOW, ICE PELLETS, HAIL    4 = ICE PELLETS
                        TOTAL MONTH:   0.0 INCH    5 = HAIL
                        GRTST 24HR     0.0         6 = FREEZING RAIN OR DRIZZLE
                        GRTST DEPTH:   0           7 = DUSTSTORM OR SANDSTORM:
                                                       VSBY 1/2 MILE OR LESS
                                                   8 = SMOKE OR HAZE
[NO. OF DAYS WITH]      [WEATHER - DAYS WITH]      9 = BLOWING SNOW
                                                   X = TORNADO
MAX 32 OR BELOW:   0    0.01 INCH OR MORE:   6
MAX 90 OR ABOVE:   1    0.10 INCH OR MORE:   2
MIN 32 OR BELOW:   0    0.50 INCH OR MORE:   0
MIN  0 OR BELOW:   0    1.00 INCH OR MORE:   0

[HDD (BASE 65) ]
TOTAL THIS MO.   155    CLEAR  (SCALE 0-3)  15
DPTR FM NORMAL   -85    PTCLDY (SCALE 4-7)   9
TOTAL FM JUL 1  1782    CLOUDY (SCALE 8-10)  4
DPTR FM NORMAL  -592

[CDD (BASE 65) ]
TOTAL THIS MO.    18
DPTR FM NORMAL    18    [PRESSURE DATA]
TOTAL FM JAN 1    21    HIGHEST SLP 30.03 ON 19
DPTR FM NORMAL    20    LOWEST  SLP 29.81 ON 22

[REMARKS]
