000
CXUS56 KMTR 171000
CF6SNS
PRELIMINARY LOCAL CLIMATOLOGICAL DATA (WS FORM: F-6)

                                          STATION:   SALINAS AIRPORT
                                          MONTH:     APRIL
                                          YEAR:      2014
                                          LATITUDE:   36 40 N
                                          LONGITUDE: 121 36 W

  TEMPERATURE IN F:       :PCPN:    SNOW:  WIND      :SUNSHINE: SKY     :PK WND
================================================================================
1   2   3   4   5  6A  6B    7    8   9   10  11  12  13   14  15   16   17  18
                                     12Z  AVG MX 2MIN
DY MAX MIN AVG DEP HDD CDD  WTR  SNW DPTH SPD SPD DIR MIN PSBL S-S WX    SPD DR
================================================================================

 1  60  44  52  -4  13   0 0.30  0.0    0  9.4 22 190   M    M   7 1      26 190
 2  62  46  54  -2  11   0 0.06  0.0    0  7.8 18 310   M    M   2 1      23 280
 3  64  42  53  -3  12   0 0.00  0.0    0  7.8 20 110   M    M   1        23 110
 4  62  45  54  -2  11   0 0.01  0.0    0  9.2 21 250   M    M   7 1      25 240
 5  64  45  55  -1  10   0 0.00  0.0    0  5.8 18 250   M    M   2        23 250
 6  74  45  60   4   5   0 0.00  0.0    0  4.2 16 290   M    M   0        21 290
 7  83  50  67  11   0   2 0.00  0.0    0  6.2 15 260   M    M   0        18 260
 8  82  50  66  10   0   1 0.00  0.0    0  7.7 16 290   M    M   1 1      21 320
 9  73  51  62   6   3   0 0.00  0.0    0  5.7 16 290   M    M   6 18     21 270
10  71  49  60   4   5   0 0.00  0.0    0  7.1 15 300   M    M   5 18     18 270
11  65  52  59   3   6   0 0.00  0.0    0  7.5 18 290   M    M   8 18     23 280
12  64  54  59   3   6   0 0.00  0.0    0  8.0 17 280   M    M   7        24 280
13  68  55  62   6   3   0 0.00  0.0    0  6.7 17 290   M    M   7        21 280
14  71  50  61   5   4   0 0.00  0.0    0  6.8 16 270   M    M   6 1      22 270
15  65  52  59   2   6   0 0.00  0.0    M  6.4 17 260   M    M   4 18     22 260
16  72  52  62   5   3   0 0.00  0.0    0  7.1 17 270   M    M   3 18     22 280
================================================================================
SM 1100  782        98   3  0.37     0.0 113.4          M       66
================================================================================
AV 68.8 48.9                               7.1 FASTST   M    M   4    MAX(MPH)
                                 MISC ---->  # 22 190               # 26  190
================================================================================
NOTES:
# LAST OF SEVERAL OCCURRENCES

COLUMN 17 PEAK WIND IN M.P.H.

PRELIMINARY LOCAL CLIMATOLOGICAL DATA (WS FORM: F-6) , PAGE 2

                                          STATION:  SALINAS AIRPORT
                                          MONTH:    APRIL
                                          YEAR:     2014
                                          LATITUDE:   36 40 N
                                          LONGITUDE: 121 36 W

[TEMPERATURE DATA]      [PRECIPITATION DATA]       SYMBOLS USED IN COLUMN 16

AVERAGE MONTHLY: 58.8   TOTAL FOR MONTH:   0.37    1 = FOG OR MIST
DPTR FM NORMAL:   2.7   DPTR FM NORMAL:   -0.23    2 = FOG REDUCING VISIBILITY
HIGHEST:    83 ON  7    GRTST 24HR  0.92 ON 31- 1      TO 1/4 MILE OR LESS
LOWEST:     42 ON  3                               3 = THUNDER
                        SNOW, ICE PELLETS, HAIL    4 = ICE PELLETS
                        TOTAL MONTH:   0.0 INCH    5 = HAIL
                        GRTST 24HR     0.0         6 = FREEZING RAIN OR DRIZZLE
                        GRTST DEPTH:   0           7 = DUSTSTORM OR SANDSTORM:
                                                       VSBY 1/2 MILE OR LESS
                                                   8 = SMOKE OR HAZE
[NO. OF DAYS WITH]      [WEATHER - DAYS WITH]      9 = BLOWING SNOW
                                                   X = TORNADO
MAX 32 OR BELOW:   0    0.01 INCH OR MORE:   3
MAX 90 OR ABOVE:   0    0.10 INCH OR MORE:   1
MIN 32 OR BELOW:   0    0.50 INCH OR MORE:   0
MIN  0 OR BELOW:   0    1.00 INCH OR MORE:   0

[HDD (BASE 65) ]
TOTAL THIS MO.    98    CLEAR  (SCALE 0-3)   7
DPTR FM NORMAL   -48    PTCLDY (SCALE 4-7)   9
TOTAL FM JUL 1  1728    CLOUDY (SCALE 8-10)  0
DPTR FM NORMAL  -552

[CDD (BASE 65) ]
TOTAL THIS MO.     3
DPTR FM NORMAL     3    [PRESSURE DATA]
TOTAL FM JAN 1     6    HIGHEST SLP M ON M
DPTR FM NORMAL     5    LOWEST  SLP 29.83 ON 16

[REMARKS]
