000
CXUS55 KPIH 271200
CF6SNT

PRELIMINARY LOCAL CLIMATOLOGICAL DATA (WS FORM: F-6)

                                          STATION:   STANLEY_ID
                                          MONTH:     MAY
                                          YEAR:      2017
                                          LATITUDE:   44 10 N
                                          LONGITUDE: 114 56 W

  TEMPERATURE IN F:       :PCPN:    SNOW:  WIND      :SUNSHINE: SKY     :PK WND
================================================================================
1   2   3   4   5  6A  6B    7    8   9   10  11  12  13   14  15   16   17  18
                                     12Z  AVG MX 2MIN
DY MAX MIN AVG DEP HDD CDD  WTR  SNW DPTH SPD SPD DIR MIN PSBL S-S WX    SPD DR
================================================================================

 1  51  22  37  -1  28   0 0.00    M    M  3.4 15 210   M    M   0        20 210
 2  52  29  41   2  24   0 0.00    M    M  3.5 13 350   M    M   0        20 330
 3  63  21  42   3  23   0 0.00    M    M  3.5  9 360   M    M   0        12  10
 4  71  26  49   9  16   0 0.00    M    M  3.8 12 240   M    M   0        17 220
 5  69  30  50  10  15   0 0.18    M    M  5.8 20 200   M    M   0        25 230
 6  68  38  53  13  12   0 0.19    M    M  4.8 23 150   M    M   0        40 170
 7  57  37  47   7  18   0 0.03    M    M  5.8 16  20   M    M   0        20 350
 8  63  34  49   8  16   0 0.00    M    M  3.8 13 350   M    M   0        18 340
 9  64  29  47   6  18   0 0.00    M    M  4.7 14 350   M    M   0        18 340
10  70  27  49   7  16   0 0.00    M    M  3.9 12 260   M    M   0        16 220
11  73  30  52  10  13   0 0.03    M    M  6.0 23 200   M    M   0        37 190
12  58  30  44   2  21   0 0.27    M    M  4.8 18 250   M    M   0        24 230
13  43  27  35  -7  30   0 0.01    M    M  4.5 15 230   M    M   0        21 230
14  50  25  38  -5  27   0 0.00    M    M  3.8 13 250   M    M   0        18 260
15  53  27  40  -3  25   0 0.00    M    M  4.1 13 280   M    M   0        19 260
16  46  25  36  -7  29   0 0.34    M    M  5.5 14 160   M    M   0        22 160
17  38  25  32 -12  33   0 0.09    M    M  6.9 15 320   M    M   0        23 320
18  51  33  42  -2  23   0 0.00    M    M  3.2 10 350   M    M   0        15 330
19  58  36  47   3  18   0 0.00    M    M  3.6 12 330   M    M   0        22 340
20  61  28  45   1  20   0 0.00    M    M  4.0 15 340   M    M   0        23 360
21  66  29  48   3  17   0 0.00    M    M  3.9 14 320   M    M   0        20 320
22  71  29  50   5  15   0 0.00    M    M  4.4 14 270   M    M   0        22 360
23  74  30  52   7  13   0 0.00    M    M  3.6 12 330   M    M   0        17 360
24  63  32  48   3  17   0 0.00    M    M  6.9 22 330   M    M   0        33 330
25  57  26  42  -4  23   0 0.03    M    M  2.6 12  40   M    M   0        17 200
26  57  32  45  -1  20   0 0.05    M    M  5.1 15 350   M    M   0        21  20
================================================================================
SM 1547  757       530   0  1.22    M    115.9          M        0
================================================================================
AV 59.5 29.1                               4.5 FASTST   M    M   0    MAX(MPH)
                                 MISC ---->  # 23 150               # 40  170
================================================================================
NOTES:
# LAST OF SEVERAL OCCURRENCES
PRECIPITATION SUSPECT DURING FREEZING/FROZEN EVENTS

COLUMN 17 PEAK WIND IN M.P.H.

PRELIMINARY LOCAL CLIMATOLOGICAL DATA (WS FORM: F-6) , PAGE 2

                                          STATION:  STANLEY_ID
                                          MONTH:    MAY
                                          YEAR:     2017
                                          LATITUDE:   44 10 N
                                          LONGITUDE: 114 56 W

[TEMPERATURE DATA]      [PRECIPITATION DATA]       SYMBOLS USED IN COLUMN 16

AVERAGE MONTHLY: 44.3   TOTAL FOR MONTH:   1.22    1 = FOG OR MIST
DPTR FM NORMAL:   1.9   DPTR FM NORMAL:   -0.23    2 = FOG REDUCING VISIBILITY
HIGHEST:    74 ON 23    GRTST 24HR  0.34 ON 16-16      TO 1/4 MILE OR LESS
LOWEST:     21 ON  3                               3 = THUNDER
                        SNOW, ICE PELLETS, HAIL    4 = ICE PELLETS
                        TOTAL MONTH:    M          5 = HAIL
                        GRTST 24HR    M  ON   M    6 = FREEZING RAIN OR DRIZZLE
                        GRTST DEPTH:  M  ON   M    7 = DUSTSTORM OR SANDSTORM:
                                                       VSBY 1/2 MILE OR LESS
                                                   8 = SMOKE OR HAZE
[NO. OF DAYS WITH]      [WEATHER - DAYS WITH]      9 = BLOWING SNOW
                                                   X = TORNADO
MAX 32 OR BELOW:   0    0.01 INCH OR MORE:  10
MAX 90 OR ABOVE:   0    0.10 INCH OR MORE:   4
MIN 32 OR BELOW:  21    0.50 INCH OR MORE:   0
MIN  0 OR BELOW:   0    1.00 INCH OR MORE:   0

[HDD (BASE 65) ]
TOTAL THIS MO.   530    CLEAR  (SCALE 0-3)  26
DPTR FM NORMAL   -59    PTCLDY (SCALE 4-7)   0
TOTAL FM JUL 1  9739    CLOUDY (SCALE 8-10)  0
DPTR FM NORMAL  -510

[CDD (BASE 65) ]
TOTAL THIS MO.     0
DPTR FM NORMAL     0    [PRESSURE DATA]
TOTAL FM JAN 1     0    HIGHEST SLP M ON M
DPTR FM NORMAL     0    LOWEST  SLP 29.44 ON 24

[REMARKS]
