000
CXUS55 KCYS 181000
CF6SNY
PRELIMINARY LOCAL CLIMATOLOGICAL DATA (WS FORM: F-6)

                                          STATION:   SIDNEY NEBRASKA AIRPORT
                                          MONTH:     OCTOBER
                                          YEAR:      2017
                                          LATITUDE:   41  5 N
                                          LONGITUDE: 102 59 W

  TEMPERATURE IN F:       :PCPN:    SNOW:  WIND      :SUNSHINE: SKY     :PK WND
================================================================================
1   2   3   4   5  6A  6B    7    8   9   10  11  12  13   14  15   16   17  18
                                     12Z  AVG MX 2MIN
DY MAX MIN AVG DEP HDD CDD  WTR  SNW DPTH SPD SPD DIR MIN PSBL S-S WX    SPD DR
================================================================================

 1  65  45  55  -1  10   0 0.00    M    M  7.7 13 220   M    M   2         M  M
 2  52  40  46 -10  19   0 0.03    M    M 13.2 16 350   0    0   0        35 320
 3  61  33  47  -8  18   0 0.00    M    M  6.1 13 310   M    M   2        16 320
 4  59  46  53  -2  12   0 0.00    M    M 13.0 23 160   M    M  10 12     29 140
 5  63  52  58   4   7   0    T    M    M  9.2 20  10   M    M  10 123    23  10
 6  60  37  49  -5  16   0 0.15    M    M  9.4 25 320   M    M   6 13     30 320
 7  80  39  60   7   5   0 0.00    M    M 13.9 30 310   M    M   0        35 310
 8  63  38  51  -2  14   0    T    M    M 15.5 30  40   M    M   3        39  40
 9  42  29  36 -17  29   0 0.31    M    M 12.2 24  20   M    M   7 13     28  10
10  60  21  41 -11  24   0 0.00    M    M  7.8 14 170   M    M   0        18 270
11  71  28  50  -2  15   0 0.00    M    M  9.3 17 160   M    M   0        24 140
12  82  30  56   4   9   0 0.00    M    M 11.3 26  10   M    M   0        33  10
13  66  33  50  -1  15   0 0.00    M    M  8.4 17 160   M    M   3        21 150
14  55  23  39 -12  26   0 0.00    M    M 14.1 35 350   M    M   4 12     44 350
15  64  20  42  -8  23   0 0.00    M    M  7.6 17 320   M    M   0 8      23 330
16  79  26  53   3  12   0 0.00    M    M  9.7 24 310   M    M   0        32 310
17  81  29  55   5  10   0 0.00    M    M 10.8 22 210   M    M   0 8      30 220
================================================================================
SM 1103  569       264   0  0.49    M    179.2            0     47
================================================================================
AV 64.9 33.5                              10.5 FASTST    0   0   3    MAX(MPH)
                                 MISC ---->  # 35 350               # 44  350
================================================================================
NOTES:
# LAST OF SEVERAL OCCURRENCES

COLUMN 17 PEAK WIND IN M.P.H.

PRELIMINARY LOCAL CLIMATOLOGICAL DATA (WS FORM: F-6) , PAGE 2

                                          STATION:  SIDNEY NEBRASKA AIRPORT
                                          MONTH:    OCTOBER
                                          YEAR:     2017
                                          LATITUDE:   41  5 N
                                          LONGITUDE: 102 59 W

[TEMPERATURE DATA]      [PRECIPITATION DATA]       SYMBOLS USED IN COLUMN 16

AVERAGE MONTHLY: 49.2   TOTAL FOR MONTH:   0.49    1 = FOG OR MIST
DPTR FM NORMAL:  -3.6   DPTR FM NORMAL:   -0.18    2 = FOG REDUCING VISIBILITY
HIGHEST:    82 ON 12    GRTST 24HR  0.31 ON  9- 9      TO 1/4 MILE OR LESS
LOWEST:     20 ON 15                               3 = THUNDER
                        SNOW, ICE PELLETS, HAIL    4 = ICE PELLETS
                        TOTAL MONTH:    M          5 = HAIL
                        GRTST 24HR    M  ON   M    6 = FREEZING RAIN OR DRIZZLE
                        GRTST DEPTH:  M  ON   M    7 = DUSTSTORM OR SANDSTORM:
                                                       VSBY 1/2 MILE OR LESS
                                                   8 = SMOKE OR HAZE
[NO. OF DAYS WITH]      [WEATHER - DAYS WITH]      9 = BLOWING SNOW
                                                   X = TORNADO
MAX 32 OR BELOW:   0    0.01 INCH OR MORE:   3
MAX 90 OR ABOVE:   0    0.10 INCH OR MORE:   2
MIN 32 OR BELOW:   8    0.50 INCH OR MORE:   0
MIN  0 OR BELOW:   0    1.00 INCH OR MORE:   0

[HDD (BASE 65) ]
TOTAL THIS MO.   264    CLEAR  (SCALE 0-3)  12
DPTR FM NORMAL    51    PTCLDY (SCALE 4-7)   3
TOTAL FM JUL 1   439    CLOUDY (SCALE 8-10)  2
DPTR FM NORMAL    86

[CDD (BASE 65) ]
TOTAL THIS MO.     0
DPTR FM NORMAL    -1    [PRESSURE DATA]
TOTAL FM JAN 1   641    HIGHEST SLP  0.00 ON  2
DPTR FM NORMAL  -186    LOWEST  SLP 29.51 ON  8

[REMARKS]
