000
CXUS55 KCYS 281000
CF6SNY
PRELIMINARY LOCAL CLIMATOLOGICAL DATA (WS FORM: F-6)

                                          STATION:   SIDNEY NEBRASKA AIRPORT
                                          MONTH:     AUGUST
                                          YEAR:      2014
                                          LATITUDE:   41  5 N
                                          LONGITUDE: 102 59 W

  TEMPERATURE IN F:       :PCPN:    SNOW:  WIND      :SUNSHINE: SKY     :PK WND
================================================================================
1   2   3   4   5  6A  6B    7    8   9   10  11  12  13   14  15   16   17  18
                                     12Z  AVG MX 2MIN
DY MAX MIN AVG DEP HDD CDD  WTR  SNW DPTH SPD SPD DIR MIN PSBL S-S WX    SPD DR
================================================================================

 1  90  49  70  -5   0   5 0.00    M    M  6.5 14 160   M    M   1        19  60
 2  92  52  72  -3   0   7 0.00    M    M  9.3 15 230   M    M   0        21 210
 3  94  53  74  -1   0   9 0.00    M    M  8.1 20 180   M    M   0        36 180
 4  95  61  78   3   0  13 0.00    M    M 10.0 20 150   M    M   0        27 180
 5  85  61  73  -2   0   8    T    M    M  9.4 21 350   M    M   3 3      26 360
 6  89  57  73  -2   0   8 0.13    M    M  7.4 30 360   M    M   2 13     35  10
 7  90  55  73  -2   0   8 0.00    M    M  6.9 24 210   M    M   0        31 180
 8  91  52  72  -3   0   7    T    M    M  7.2 33 260   M    M   1 38     53 260
 9  93  54  74   0   0   9 0.01    M    M  9.9 28 350   M    M   1 3      33 360
10  84  52  68  -6   0   3 0.00    M    M  9.7 21  30   M    M   1        26  20
11  87  50  69  -5   0   4    T    M    M  6.7 18 140   M    M   1 13     24  90
12  92  52  72  -2   0   7 0.00    M    M  9.1 18 140   M    M   0        27 150
13  96  57  77   3   0  12 0.00    M    M 12.1 23 150   M    M   0 1      30 150
14  95  59  77   3   0  12 0.76    M    M  7.4 30  10   M    M   4 13     38 360
15  91  61  76   2   0  11 0.00    M    M 11.7 22 340   M    M   0        30 350
16  94  57  76   2   0  11 0.00    M    M  7.5 16 320   M    M   0        20  30
17  98  56  77   4   0  12 0.00    M    M  7.8 21 340   M    M   0        30 250
18  93  53  73   0   0   8 0.01    M    M  8.3 26  50   M    M   3 1238   33  50
19  94  53  74   1   0   9 0.14    M    M  9.3 31 200   M    M   0 3      45 200
20  94  62  78   5   0  13 0.06    M    M  7.7 25 240   M    M   4 3      33 240
21  90  61  76   3   0  11 0.01    M    M  9.7 23 280   M    M   1 3      27 280
22  72  61  67  -5   0   2 1.44    M    M  5.4 17  40   M    M   9 13     21  40
23  82  54  68  -4   0   3 0.15    M    M  6.9 36 290   M    M   5 1238   45 290
24  83  49  66  -6   0   1 0.00    M    M 10.4 24 210   M    M   0        33 210
25  80  52  66  -6   0   1 0.00    M    M 10.1 18 130   M    M   2        22 350
26  83  59  71  -1   0   6    T    M    M  9.4 20 130   M    M   2        29 150
27  81  59  70  -1   0   5 0.15    M    M  9.2 23 320   M    M   5 13     32 320
================================================================================
SM 2408 1501         0 205  2.86    M    233.1          M       45
================================================================================
AV 89.2 55.6                               8.6 FASTST   M    M   2    MAX(MPH)
                                 MISC ---->  # 36 290               # 53  260
================================================================================
NOTES:
# LAST OF SEVERAL OCCURRENCES

COLUMN 17 PEAK WIND IN M.P.H.

PRELIMINARY LOCAL CLIMATOLOGICAL DATA (WS FORM: F-6) , PAGE 2

                                          STATION:  SIDNEY NEBRASKA AIRPORT
                                          MONTH:    AUGUST
                                          YEAR:     2014
                                          LATITUDE:   41  5 N
                                          LONGITUDE: 102 59 W

[TEMPERATURE DATA]      [PRECIPITATION DATA]       SYMBOLS USED IN COLUMN 16

AVERAGE MONTHLY: 72.4   TOTAL FOR MONTH:   2.86    1 = FOG OR MIST
DPTR FM NORMAL:  -1.2   DPTR FM NORMAL:    0.87    2 = FOG REDUCING VISIBILITY
HIGHEST:    98 ON 17    GRTST 24HR  1.44 ON 22-22      TO 1/4 MILE OR LESS
LOWEST:     49 ON 24, 1                            3 = THUNDER
                        SNOW, ICE PELLETS, HAIL    4 = ICE PELLETS
                        TOTAL MONTH:    M          5 = HAIL
                        GRTST 24HR    M  ON   M    6 = FREEZING RAIN OR DRIZZLE
                        GRTST DEPTH:  M  ON   M    7 = DUSTSTORM OR SANDSTORM:
                                                       VSBY 1/2 MILE OR LESS
                                                   8 = SMOKE OR HAZE
[NO. OF DAYS WITH]      [WEATHER - DAYS WITH]      9 = BLOWING SNOW
                                                   X = TORNADO
MAX 32 OR BELOW:   0    0.01 INCH OR MORE:  10
MAX 90 OR ABOVE:  17    0.10 INCH OR MORE:   6
MIN 32 OR BELOW:   0    0.50 INCH OR MORE:   2
MIN  0 OR BELOW:   0    1.00 INCH OR MORE:   1

[HDD (BASE 65) ]
TOTAL THIS MO.     0    CLEAR  (SCALE 0-3)  21
DPTR FM NORMAL     0    PTCLDY (SCALE 4-7)   5
TOTAL FM JUL 1     9    CLOUDY (SCALE 8-10)  1
DPTR FM NORMAL     6

[CDD (BASE 65) ]
TOTAL THIS MO.   205
DPTR FM NORMAL   -34    [PRESSURE DATA]
TOTAL FM JAN 1   548    HIGHEST SLP M ON M
DPTR FM NORMAL  -169    LOWEST  SLP 29.67 ON 19

[REMARKS]
