000
CXUS56 KPQR 251200
CF6SPB
PRELIMINARY LOCAL CLIMATOLOGICAL DATA (WS FORM: F-6)

                                          STATION:   SCAPPOOSE OR
                                          MONTH:     FEBRUARY
                                          YEAR:      2018
                                          LATITUDE:   45 46 N
                                          LONGITUDE: 122 50 W

  TEMPERATURE IN F:       :PCPN:    SNOW:  WIND      :SUNSHINE: SKY     :PK WND
================================================================================
1   2   3   4   5  6A  6B    7    8   9   10  11  12  13   14  15   16   17  18
                                     12Z  AVG MX 2MIN
DY MAX MIN AVG DEP HDD CDD  WTR  SNW DPTH SPD SPD DIR MIN PSBL S-S WX    SPD DR
================================================================================

 1  45  40  43   2  22   0 0.15    M    0  0.6  4 340   M    M  10 1       M  M
 2  61  44  53  12  12   0    T    M    M  1.3  9  10   M    M   7 12     11 360
 3  55  43  49   7  16   0 0.01    M    0  1.1  6 120   M    M  10 12      7 180
 4  59  45  52  10  13   0    T    M    0  1.6  9 360   M    M   9 1      10 360
 5  56  36  46   4  19   0 0.00  0.0    0  1.6  7 270   M    M   4 12      9 140
 6  51  35  43   1  22   0 0.00  0.0    0  1.2  6 150   M    M   9 1       9 140
 7  56  36  46   4  19   0 0.00  0.0    0  1.2  5 250   M    M   2 12      7 160
 8  50  37  44   2  21   0 0.00  0.0    0  1.7  9 360   M    M   8 12     11  10
 9  49  35  42   0  23   0    T  0.0    0  2.0  9 280   M    M   9        14 290
10  50  32  41  -1  24   0 0.00  0.0    0  2.5  8 330   M    M   2        11 330
11  48  33  41  -1  24   0 0.01  0.0    0  4.0 12 360   M    M   7 1      17  30
12  48  26  37  -5  28   0 0.00  0.0    0  3.2 10 330   M    M   1        14 320
13  49  23  36  -6  29   0    T  0.0    0  2.1  8 150   M    M   2        11 130
14  47  30  39  -3  26   0 0.27    M    0  2.6 10 260   M    M   7 1      14 260
15  48  33  41  -1  24   0 0.08    M    0  2.0 14 250   M    M   9 1      18 240
16  50  38  44   2  21   0 0.02    M    0  3.3 10 140   M    M  10 1      14 160
17  53  40  47   4  18   0 0.09    M    0  7.9 22 260   M    M   9 1      33 270
18  41  30  36  -7  29   0 0.32    M    0  7.2 15 340   M    M   9 1      23 340
19  40  27  34  -9  31   0 0.00    M    M  4.4 12 330   M    M   6        18 310
20  33  25  29 -14  36   0 0.19    M    M  3.1  9 150   M    M   9 1      13 340
21  36  24  30 -13  35   0 0.06    M    M  2.7 12 340   M    M   5 1      14 350
22  38  23  31 -12  34   0 0.06    M    M  5.9 14 350   M    M   7 1      19 350
23  37  19  28 -15  37   0    T    M    0  4.1 13 140   M    M   6        17 140
24  50  33  42  -1  23   0 0.09    M    0  4.6 20 280   M    M   7 1      27 320
================================================================================
SM 1150  787       586   0  1.35     0.0  71.9          M      164
================================================================================
AV 47.9 32.8                               3.0 FASTST   M    M   7    MAX(MPH)
                                 MISC ---->  # 22 260               # 33  270
================================================================================
NOTES:
# LAST OF SEVERAL OCCURRENCES

COLUMN 17 PEAK WIND IN M.P.H.

PRELIMINARY LOCAL CLIMATOLOGICAL DATA (WS FORM: F-6) , PAGE 2

                                          STATION:  SCAPPOOSE OR
                                          MONTH:    FEBRUARY
                                          YEAR:     2018
                                          LATITUDE:   45 46 N
                                          LONGITUDE: 122 50 W

[TEMPERATURE DATA]      [PRECIPITATION DATA]       SYMBOLS USED IN COLUMN 16

AVERAGE MONTHLY: 40.4   TOTAL FOR MONTH:   1.35    1 = FOG OR MIST
DPTR FM NORMAL:  -1.9   DPTR FM NORMAL:   -2.54    2 = FOG REDUCING VISIBILITY
HIGHEST:    61 ON  2    GRTST 24HR  0.32 ON 18-18      TO 1/4 MILE OR LESS
LOWEST:     19 ON 23                               3 = THUNDER
                        SNOW, ICE PELLETS, HAIL    4 = ICE PELLETS
                        TOTAL MONTH:   0.0 INCH    5 = HAIL
                        GRTST 24HR     0.0         6 = FREEZING RAIN OR DRIZZLE
                        GRTST DEPTH:   0           7 = DUSTSTORM OR SANDSTORM:
                                                       VSBY 1/2 MILE OR LESS
                                                   8 = SMOKE OR HAZE
[NO. OF DAYS WITH]      [WEATHER - DAYS WITH]      9 = BLOWING SNOW
                                                   X = TORNADO
MAX 32 OR BELOW:   0    0.01 INCH OR MORE:  12
MAX 90 OR ABOVE:   0    0.10 INCH OR MORE:   4
MIN 32 OR BELOW:  10    0.50 INCH OR MORE:   0
MIN  0 OR BELOW:   0    1.00 INCH OR MORE:   0

[HDD (BASE 65) ]
TOTAL THIS MO.   586    CLEAR  (SCALE 0-3)   4
DPTR FM NORMAL    39    PTCLDY (SCALE 4-7)  10
TOTAL FM JUL 1  3196    CLOUDY (SCALE 8-10) 10
DPTR FM NORMAL  -177

[CDD (BASE 65) ]
TOTAL THIS MO.     0
DPTR FM NORMAL     0    [PRESSURE DATA]
TOTAL FM JAN 1     0    HIGHEST SLP M ON M
DPTR FM NORMAL     0    LOWEST  SLP 29.70 ON 18

[REMARKS]
