000
CXUS56 KPQR 291330
CF6SPB
PRELIMINARY LOCAL CLIMATOLOGICAL DATA (WS FORM: F-6)

                                          STATION:   SCAPPOOSE OR
                                          MONTH:     DECEMBER
                                          YEAR:      2014
                                          LATITUDE:   45 46 N
                                          LONGITUDE: 122 50 W

  TEMPERATURE IN F:       :PCPN:    SNOW:  WIND      :SUNSHINE: SKY     :PK WND
================================================================================
1   2   3   4   5  6A  6B    7    8   9   10  11  12  13   14  15   16   17  18
                                     12Z  AVG MX 2MIN
DY MAX MIN AVG DEP HDD CDD  WTR  SNW DPTH SPD SPD DIR MIN PSBL S-S WX    SPD DR
================================================================================

 1  39  24  32  -8  33   0 0.00  0.0    0  3.5  8 170   M    M   5 8      12 160
 2  39  19  29 -11  36   0 0.00  0.0    0  1.7  7 240   M    M   1 12      8 260
 3  49  30  40   0  25   0 0.01    M    0  4.5  9 200   M    M   7        12 200
 4  41  37  39  -1  26   0 0.32    M    0  3.7  9 150   M    M  10 1      11 150
 5  47  40  44   4  21   0 0.21    M    0  5.2 10 220   M    M   8 1      15 180
 6  54  41  48   9  17   0 0.61    M    0  1.1 12 210   M    M  10 12     15 210
 7  52  34  43   4  22   0    T    M    0  2.6  9 170   M    M   7 12     14 160
 8  51  37  44   5  21   0 0.01    M    0  4.9 10 170   M    M   7        17 170
 9  57  46  52  13  13   0 0.98    M    0  3.7 12 210   M    M  10 1      16 220
10  58  46  52  13  13   0 1.02    M    0  6.7 20 200   M    M   8 1      30 220
11  61  41  51  13  14   0 0.23    M    0  9.6 32 190   M    M   7 12     54 210
12  53  37  45   7  20   0    T    M    0  1.4  7 200   M    M   7 1       8 210
13  46  37  42   4  23   0 0.00  0.0    0  0.8  6 270   M    M  10 1       7 290
14  54  32  43   5  22   0 0.00  0.0    0  3.8 21 120   M    M   5 12     26 120
15  52  35  44   6  21   0    T    M    0  2.7  7 200   M    M   7        10 200
16  50  37  44   6  21   0 0.01    M    0  3.4  8 210   M    M   8 1      10 200
17  47  36  42   4  23   0 0.11    M    0  3.4  7 190   M    M  10 1      11 170
18  48  43  46   8  19   0 0.49    M    0  3.0  9 140   M    M  10 1      13 160
19  51  43  47   9  18   0 0.18    M    0  5.1 15 140   M    M   9 1      17 150
20  57  46  52  14  13   0 1.60    M    0  6.4 16 140   M    M  10 1      21 140
21  58  48  53  15  12   0 0.02    M    0  3.2 18 260   M    M   8 1      28 250
22  53  40  47   9  18   0 0.01    M    0  1.7  7 130   M    M   7 12      8 140
23  49  43  46   8  19   0 0.15    M    0  3.1 20 340   M    M  10 12     26 340
24  48  39  44   6  21   0 0.40    M    0  4.3 15 340   M    M   8 1      21 340
25  49  37  43   5  22   0 0.04    M    0  1.3  7 280   M    M   8 1      10 280
26  48  42  45   7  20   0 0.01    M    0  1.1  8 140   M    M  10 1      10 140
27  46  35  41   3  24   0 0.18    M    0  3.5  9 270   M    M   9 1      14 270
28  47  36  42   4  23   0 0.21    M    0  3.7 12 250   M    M   8 1      16 280
================================================================================
SM 1404 1061       580   0  6.80     0.0  99.1          M      224
================================================================================
AV 50.1 37.9                               3.5 FASTST   M    M   8    MAX(MPH)
                                 MISC ---->  # 32 190               # 54  210
================================================================================
NOTES:
# LAST OF SEVERAL OCCURRENCES

COLUMN 17 PEAK WIND IN M.P.H.

PRELIMINARY LOCAL CLIMATOLOGICAL DATA (WS FORM: F-6) , PAGE 2

                                          STATION:  SCAPPOOSE OR
                                          MONTH:    DECEMBER
                                          YEAR:     2014
                                          LATITUDE:   45 46 N
                                          LONGITUDE: 122 50 W

[TEMPERATURE DATA]      [PRECIPITATION DATA]       SYMBOLS USED IN COLUMN 16

AVERAGE MONTHLY: 44.0   TOTAL FOR MONTH:   6.80    1 = FOG OR MIST
DPTR FM NORMAL:   5.5   DPTR FM NORMAL:    0.10    2 = FOG REDUCING VISIBILITY
HIGHEST:    61 ON 11    GRTST 24HR  1.65 ON 19-20      TO 1/4 MILE OR LESS
LOWEST:     19 ON  2                               3 = THUNDER
                        SNOW, ICE PELLETS, HAIL    4 = ICE PELLETS
                        TOTAL MONTH:   0.0 INCH    5 = HAIL
                        GRTST 24HR     0.0         6 = FREEZING RAIN OR DRIZZLE
                        GRTST DEPTH:   0           7 = DUSTSTORM OR SANDSTORM:
                                                       VSBY 1/2 MILE OR LESS
                                                   8 = SMOKE OR HAZE
[NO. OF DAYS WITH]      [WEATHER - DAYS WITH]      9 = BLOWING SNOW
                                                   X = TORNADO
MAX 32 OR BELOW:   0    0.01 INCH OR MORE:  21
MAX 90 OR ABOVE:   0    0.10 INCH OR MORE:  14
MIN 32 OR BELOW:   4    0.50 INCH OR MORE:   4
MIN  0 OR BELOW:   0    1.00 INCH OR MORE:   2

[HDD (BASE 65) ]
TOTAL THIS MO.   580    CLEAR  (SCALE 0-3)   1
DPTR FM NORMAL  -160    PTCLDY (SCALE 4-7)  12
TOTAL FM JUL 1  1491    CLOUDY (SCALE 8-10) 15
DPTR FM NORMAL  -479

[CDD (BASE 65) ]
TOTAL THIS MO.     0
DPTR FM NORMAL     0    [PRESSURE DATA]
TOTAL FM JAN 1   470    HIGHEST SLP M ON M
DPTR FM NORMAL   219    LOWEST  SLP 29.12 ON 11

[REMARKS]
