000
CXUS55 KPUB 271059
CF6SPD
PRELIMINARY LOCAL CLIMATOLOGICAL DATA (WS FORM: F-6)

                                          STATION:   SPRINGFIELD CO
                                          MONTH:     APRIL
                                          YEAR:      2017
                                          LATITUDE:   37 16 N
                                          LONGITUDE: 102 37 W

  TEMPERATURE IN F:       :PCPN:    SNOW:  WIND      :SUNSHINE: SKY     :PK WND
================================================================================
1   2   3   4   5  6A  6B    7    8   9   10  11  12  13   14  15   16   17  18
                                     12Z  AVG MX 2MIN
DY MAX MIN AVG DEP HDD CDD  WTR  SNW DPTH SPD SPD DIR MIN PSBL S-S WX    SPD DR
================================================================================

 1  36  31  34 -13  31   0    M    M    0 12.1 21 340   M    M   0        25 340
 2  64  27  46  -2  19   0 0.00  0.0    0  8.4 18 360   M    M   0        24  10
 3  63  38  51   3  14   0 0.11    M    0 10.8 26 340   M    M   0        30 330
 4  43  31  37 -11  28   0 1.02    M    M 16.6 26  40   M    M   0        35  60
 5  52  31  42  -6  23   0 0.00  0.0    0 11.5 21 330   M    M   0        25 330
 6  65  33  49   0  16   0 0.00  0.0    0  9.1 14 180   M    M   0        20 230
 7  82  38  60  11   5   0 0.00  0.0    0 10.1 18 220   M    M   0        24 220
 8  81  46  64  15   1   0 0.00  0.0    0 11.7 21 250   M    M   0        29 250
 9  77  39  58   8   7   0 0.00  0.0    0 13.0 26 290   M    M   0        36 270
10  62  26  44  -6  21   0 0.00  0.0    0  8.9 18 140   M    M   0        23 140
11  71  33  52   2  13   0 0.00  0.0    0 18.4 31 180   M    M   0        40 180
12  54  52  53   3  12   0 0.00  0.0    0 21.0 27 200   M    M   0        35 200
13  75  42  59   8   6   0 0.00  0.0    0 14.2 33 190   M    M   0        42 190
14  83  51  67  16   0   2 0.00  0.0    0 22.8 38 190   M    M   0        47 180
15  79  49  64  13   1   0 0.00  0.0    0 10.7 24 210   M    M   0        35 220
16  65  47  56   4   9   0 0.01  0.0    0 12.6 25 360   M    M   0        32 360
17  78  51  65  13   0   0 0.04  0.0    0 14.2 31 180   M    M   0        38 180
18  79  51  65  13   0   0 0.00  0.0    0 13.0 29 340   M    M   0        33 340
19  85  48  67  14   0   2 0.00  0.0    0 11.5 36  40   M    M   0        45  40
20  66  46  56   3   9   0 0.02  0.0    0 14.1 38 130   M    M   0        63 140
21  50  38  44  -9  21   0 0.03  0.0    0 11.7 32 120   M    M   0        38 120
22  57  28  43 -11  22   0 0.00  0.0    0  8.1 17  20   M    M   0        24  20
23  73  26  50  -4  15   0 0.00  0.0    0 22.1 36 190   M    M   0        47 180
24  81  48  65  11   0   0 0.00  0.0    0 11.8 24 190   M    M   0        29 220
25  61  42  52  -2  13   0 0.87    M    0 14.5 32 360   M    M   0        41 350
26  60  36  48  -7  17   0 0.06    M    0 15.2 30 340   M    M   0        39 340
================================================================================
SM 1742 1028       303   4  2.16     0.0 348.1          M        0
================================================================================
AV 67.0 39.5                              13.4 FASTST   M    M   0    MAX(MPH)
                                 MISC ---->  # 38 190               # 63  140
================================================================================
NOTES:
# LAST OF SEVERAL OCCURRENCES

COLUMN 17 PEAK WIND IN M.P.H.

PRELIMINARY LOCAL CLIMATOLOGICAL DATA (WS FORM: F-6) , PAGE 2

                                          STATION:  SPRINGFIELD CO
                                          MONTH:    APRIL
                                          YEAR:     2017
                                          LATITUDE:   37 16 N
                                          LONGITUDE: 102 37 W

[TEMPERATURE DATA]      [PRECIPITATION DATA]       SYMBOLS USED IN COLUMN 16

AVERAGE MONTHLY: 53.3   TOTAL FOR MONTH:   2.16    1 = FOG OR MIST
DPTR FM NORMAL:   2.3   DPTR FM NORMAL:    1.05    2 = FOG REDUCING VISIBILITY
HIGHEST:    85 ON 19    GRTST 24HR  1.13 ON  3- 4      TO 1/4 MILE OR LESS
LOWEST:     26 ON 23,10                            3 = THUNDER
                        SNOW, ICE PELLETS, HAIL    4 = ICE PELLETS
                        TOTAL MONTH:   0.0 INCH    5 = HAIL
                        GRTST 24HR     0.0         6 = FREEZING RAIN OR DRIZZLE
                        GRTST DEPTH:   0           7 = DUSTSTORM OR SANDSTORM:
                                                       VSBY 1/2 MILE OR LESS
                                                   8 = SMOKE OR HAZE
[NO. OF DAYS WITH]      [WEATHER - DAYS WITH]      9 = BLOWING SNOW
                                                   X = TORNADO
MAX 32 OR BELOW:   0    0.01 INCH OR MORE:   8
MAX 90 OR ABOVE:   0    0.10 INCH OR MORE:   3
MIN 32 OR BELOW:   7    0.50 INCH OR MORE:   2
MIN  0 OR BELOW:   0    1.00 INCH OR MORE:   1

[HDD (BASE 65) ]
TOTAL THIS MO.   303    CLEAR  (SCALE 0-3)  26
DPTR FM NORMAL   -65    PTCLDY (SCALE 4-7)   0
TOTAL FM JUL 1  4426    CLOUDY (SCALE 8-10)  0
DPTR FM NORMAL  -635

[CDD (BASE 65) ]
TOTAL THIS MO.     4
DPTR FM NORMAL     4    [PRESSURE DATA]
TOTAL FM JAN 1     4    HIGHEST SLP M ON M
DPTR FM NORMAL     4    LOWEST  SLP 29.38 ON 25

[REMARKS]
