000
CXUS55 KPUB 251159
CF6SPD
PRELIMINARY LOCAL CLIMATOLOGICAL DATA (WS FORM: F-6)

                                          STATION:   SPRINGFIELD CO
                                          MONTH:     NOVEMBER
                                          YEAR:      2014
                                          LATITUDE:   37 16 N
                                          LONGITUDE: 102 37 W

  TEMPERATURE IN F:       :PCPN:    SNOW:  WIND      :SUNSHINE: SKY     :PK WND
================================================================================
1   2   3   4   5  6A  6B    7    8   9   10  11  12  13   14  15   16   17  18
                                     12Z  AVG MX 2MIN
DY MAX MIN AVG DEP HDD CDD  WTR  SNW DPTH SPD SPD DIR MIN PSBL S-S WX    SPD DR
================================================================================

 1  69  37  53   5  12   0 0.00  0.0    0 23.0 37 200   M    M   0        50 200
 2  75  41  58  11   7   0 0.04  0.0    0 16.3 30 220   M    M   0        42 240
 3  65  32  49   2  16   0 0.01    M    0 14.8 32  20   M    M   0        38  10
 4  57  27  42  -5  23   0 0.00  0.0    0  7.8 14 350   M    M   0        17 340
 5  65  28  47   1  18   0 0.00  0.0    0  8.6 25  30   M    M   0        30  10
 6  65  27  46   0  19   0 0.00  0.0    0 11.3 21 190   M    M   0        26 180
 7  80  39  60  15   5   0 0.00  0.0    0 13.1 29  10   M    M   0        35  10
 8  63  36  50   5  15   0 0.00  0.0    0 11.3 24 350   M    M   0        29 360
 9  74  37  56  12   9   0 0.00  0.0    0  9.0 16 190   M    M   0        20 150
10  79  18  49   5  16   0 0.00  0.0    0 21.2 45  30   M    M   0        52  30
11  26   7  17 -27  48   0 0.00  0.0    0 11.7 31 350   M    M   0        37 360
12  14   8  11 -32  54   0 0.01    M    0 12.5 17 360   M    M   0        20 360
13  19   5  12 -31  53   0 0.00  0.0    0 11.1 24 170   M    M   0        29 170
14  44  17  31 -11  34   0 0.00  0.0    0 15.9 25 170   M    M   0        32 170
15  49  13  31 -11  34   0 0.06    M    M 16.3 31 360   M    M   0        36 350
16  25   4  15 -26  50   0 0.29    M    M 14.7 29 350   M    M   0        33 350
17  34   0  17 -24  48   0 0.00  0.0    M  5.0 13 290   M    M   0        15 220
18  50   9  30 -10  35   0 0.00  0.0    M  8.5 21 310   M    M   0        25 310
19  50  19  35  -5  30   0 0.00  0.0    0  9.4 23 190   M    M   0        29 190
20  53  22  38  -2  27   0 0.00  0.0    0  7.1 14  10   M    M   0        18 330
21  59  23  41   2  24   0 0.00  0.0    0  4.5  9 250   M    M   0        11 220
22  69  28  49  10  16   0 0.00  0.0    0  9.1 18 220   M    M   0        23 230
23  48  25  37  -1  28   0 0.00  0.0    0 20.3 38 360   M    M   0        45 360
24  46  22  34  -4  31   0 0.00  0.0    0 13.7 24 350   M    M   0        30 300
================================================================================
SM 1278  524       652   0  0.41     0.0 296.2          M        0
================================================================================
AV 53.2 21.8                              12.3 FASTST   M    M   0    MAX(MPH)
                                 MISC ---->  # 45  30               # 52   30
================================================================================
NOTES:
# LAST OF SEVERAL OCCURRENCES

COLUMN 17 PEAK WIND IN M.P.H.

PRELIMINARY LOCAL CLIMATOLOGICAL DATA (WS FORM: F-6) , PAGE 2

                                          STATION:  SPRINGFIELD CO
                                          MONTH:    NOVEMBER
                                          YEAR:     2014
                                          LATITUDE:   37 16 N
                                          LONGITUDE: 102 37 W

[TEMPERATURE DATA]      [PRECIPITATION DATA]       SYMBOLS USED IN COLUMN 16

AVERAGE MONTHLY: 37.5   TOTAL FOR MONTH:   0.41    1 = FOG OR MIST
DPTR FM NORMAL:  -5.3   DPTR FM NORMAL:   -0.09    2 = FOG REDUCING VISIBILITY
HIGHEST:    80 ON  7    GRTST 24HR  0.35 ON 15-16      TO 1/4 MILE OR LESS
LOWEST:      0 ON 17                               3 = THUNDER
                        SNOW, ICE PELLETS, HAIL    4 = ICE PELLETS
                        TOTAL MONTH:   0.0 INCH    5 = HAIL
                        GRTST 24HR     0.0         6 = FREEZING RAIN OR DRIZZLE
                        GRTST DEPTH:   0           7 = DUSTSTORM OR SANDSTORM:
                                                       VSBY 1/2 MILE OR LESS
                                                   8 = SMOKE OR HAZE
[NO. OF DAYS WITH]      [WEATHER - DAYS WITH]      9 = BLOWING SNOW
                                                   X = TORNADO
MAX 32 OR BELOW:   4    0.01 INCH OR MORE:   5
MAX 90 OR ABOVE:   0    0.10 INCH OR MORE:   1
MIN 32 OR BELOW:  19    0.50 INCH OR MORE:   0
MIN  0 OR BELOW:   1    1.00 INCH OR MORE:   0

[HDD (BASE 65) ]
TOTAL THIS MO.   652    CLEAR  (SCALE 0-3)  24
DPTR FM NORMAL   122    PTCLDY (SCALE 4-7)   0
TOTAL FM JUL 1  1005    CLOUDY (SCALE 8-10)  0
DPTR FM NORMAL    30

[CDD (BASE 65) ]
TOTAL THIS MO.     0
DPTR FM NORMAL     0    [PRESSURE DATA]
TOTAL FM JAN 1  1042    HIGHEST SLP M ON M
DPTR FM NORMAL    14    LOWEST  SLP 29.50 ON 10

[REMARKS]
