000
CXUS55 KTBW 251000
CF6SPG
PRELIMINARY LOCAL CLIMATOLOGICAL DATA (WS FORM: F-6)

                                          STATION:   Saint Petersburg
                                          MONTH:     JANUARY
                                          YEAR:      2015
                                          LATITUDE:   27 46 N
                                          LONGITUDE:  82 38 W

  TEMPERATURE IN F:       :PCPN:    SNOW:  WIND      :SUNSHINE: SKY     :PK WND
================================================================================
1   2   3   4   5  6A  6B    7    8   9   10  11  12  13   14  15   16   17  18
                                     12Z  AVG MX 2MIN
DY MAX MIN AVG DEP HDD CDD  WTR  SNW DPTH SPD SPD DIR MIN PSBL S-S WX    SPD DR
================================================================================

 1  71  61  66   4   0   1 0.00  0.0    0  9.1 15  60   M    M   7 1      16  40
 2  75  64  70   8   0   5 0.00  0.0    0  7.6 12  80   M    M   7 128    13  80
 3  82  69  76  14   0  11 0.00  0.0    0  9.0 18 210   M    M   3        24 210
 4  80  69  75  13   0  10 0.03  0.0    0  8.0 22 210   M    M   2        27 210
 5  71  63  67   5   0   2    T  0.0    0 11.2 20  60   M    M   6        24  70
 6  74  59  67   5   0   2 0.00  0.0    0  7.9 20  90   M    M   2        24  90
 7  67  56  62   1   3   0 0.00  0.0    0  9.8 24  20   M    M   0        31 360
 8  59  42  51 -10  14   0 0.00  0.0    0 18.7 30  60   M    M   2        37  60
 9  61  47  54  -7  11   0 0.00  0.0    0 10.4 17  10   M    M   4        21 350
10  63  48  56  -5   9   0 0.00  0.0    0 10.9 17  60   M    M   0        21  60
11  73  56  65   4   0   0 0.00  0.0    0  7.7 13  90   M    M   3        15  60
12  73  64  69   8   0   4 0.40  0.0    0  5.3 25 350   M    M   8 123    31 360
13  74  63  69   8   0   4 0.00  0.0    0  6.0 12  30   M    M   5 1      13  30
14  67  60  64   3   1   0 0.00  0.0    0  9.8 16  40   M    M   6        20  30
15  61  55  58  -3   7   0    T  0.0    0  9.2 16  60   M    M  10 1      20  60
16  66  55  61   0   4   0    T  0.0    0  9.2 15  40   M    M   4        18  30
17  71  52  62   1   3   0 0.00  0.0    0  8.6 17  80   M    M   1        20  90
18  69  58  64   3   1   0 0.00  0.0    0  6.8 15 340   M    M   2        19 350
19  70  55  63   2   2   0 0.00  0.0    0  5.9 17  40   M    M   0        19  40
20  68  57  63   1   2   0 0.00  0.0    0  3.7 14 150   M    M   3        15 150
21  77  60  69   7   0   4 0.00  0.0    0  3.4  9 360   M    M   0 1      12 360
22  75  63  69   7   0   4 0.00  0.0    0  6.4 14 120   M    M   4        16 120
23  77  65  71   9   0   6 0.08  0.0    0 15.5 26 200   M    M   4 13     35 200
24  70  56  63   1   2   0 0.90  0.0    0 12.4 25 200   M    M   5 13     35 300
================================================================================
SM 1694 1397        59  53  1.41     0.0 212.5          M       88
================================================================================
AV 70.6 58.2                               8.9 FASTST   M    M   4    MAX(MPH)
                                 MISC ---->  # 30  60               # 37   60
================================================================================
NOTES:
# LAST OF SEVERAL OCCURRENCES

COLUMN 17 PEAK WIND IN M.P.H.

PRELIMINARY LOCAL CLIMATOLOGICAL DATA (WS FORM: F-6) , PAGE 2

                                          STATION:  Saint Petersburg
                                          MONTH:    JANUARY
                                          YEAR:     2015
                                          LATITUDE:   27 46 N
                                          LONGITUDE:  82 38 W

[TEMPERATURE DATA]      [PRECIPITATION DATA]       SYMBOLS USED IN COLUMN 16

AVERAGE MONTHLY: 64.4   TOTAL FOR MONTH:   1.41    1 = FOG OR MIST
DPTR FM NORMAL:   2.9   DPTR FM NORMAL:   -0.58    2 = FOG REDUCING VISIBILITY
HIGHEST:    82 ON  3    GRTST 24HR  0.98 ON 23-24      TO 1/4 MILE OR LESS
LOWEST:     42 ON  8                               3 = THUNDER
                        SNOW, ICE PELLETS, HAIL    4 = ICE PELLETS
                        TOTAL MONTH:   0.0 INCH    5 = HAIL
                        GRTST 24HR     0.0         6 = FREEZING RAIN OR DRIZZLE
                        GRTST DEPTH:   0           7 = DUSTSTORM OR SANDSTORM:
                                                       VSBY 1/2 MILE OR LESS
                                                   8 = SMOKE OR HAZE
[NO. OF DAYS WITH]      [WEATHER - DAYS WITH]      9 = BLOWING SNOW
                                                   X = TORNADO
MAX 32 OR BELOW:   0    0.01 INCH OR MORE:   4
MAX 90 OR ABOVE:   0    0.10 INCH OR MORE:   2
MIN 32 OR BELOW:   0    0.50 INCH OR MORE:   1
MIN  0 OR BELOW:   0    1.00 INCH OR MORE:   0

[HDD (BASE 65) ]
TOTAL THIS MO.    59    CLEAR  (SCALE 0-3)  11
DPTR FM NORMAL   -61    PTCLDY (SCALE 4-7)  12
TOTAL FM JUL 1   177    CLOUDY (SCALE 8-10)  1
DPTR FM NORMAL   -79

[CDD (BASE 65) ]
TOTAL THIS MO.    53
DPTR FM NORMAL    19    [PRESSURE DATA]
TOTAL FM JAN 1    53    HIGHEST SLP M ON M
DPTR FM NORMAL    19    LOWEST  SLP 29.82 ON 24

[REMARKS]
