000
CXUS54 KLZK 251130
CF6SRC
PRELIMINARY LOCAL CLIMATOLOGICAL DATA (WS FORM: F-6)

                                          STATION:   Searcy Airport
                                          MONTH:     FEBRUARY
                                          YEAR:      2017
                                          LATITUDE:   35 12 N
                                          LONGITUDE:  91 44 W

  TEMPERATURE IN F:       :PCPN:    SNOW:  WIND      :SUNSHINE: SKY     :PK WND
================================================================================
1   2   3   4   5  6A  6B    7    8   9   10  11  12  13   14  15   16   17  18
                                     12Z  AVG MX 2MIN
DY MAX MIN AVG DEP HDD CDD  WTR  SNW DPTH SPD SPD DIR MIN PSBL S-S WX    SPD DR
================================================================================

 1  62  38  50  11  15   0 0.00  0.0    0  8.2 15  40   M    M   4 128     M  M
 2  51  37  44   5  21   0 0.08  0.0    0 14.1 21  40   M    M  10        31  30
 3  46  32  39   0  26   0 0.00  0.0    0  9.8 16  30   M    M   5         M  M
 4  42  25  34  -6  31   0    T    M    0  6.3 10 170   M    M   6         M  M
 5  63  31  47   7  18   0 0.00  0.0    0  4.9 14 180   M    M   5 1       M  M
 6   M   M   M   M   M   M 0.03    M    0  9.0 21 190   M    M  10 12     27 200
 7  80  53  67  27   0   2 0.28  0.0    0  8.3 16 210   M    M   5 3      27 210
 8  70  35  53  13  12   0 0.00  0.0    0  9.1 21 350   M    M   0        28 350
 9  46  28  37  -4  28   0 0.00  0.0    0  5.8 12  20   M    M   0         M  M
10  70  27  49   8  16   0 0.00  0.0    0  8.0 17 180   M    M   0        22 200
11  79  61  70  29   0   5 0.00  0.0    0 10.1 18 190   M    M   7 1      31 220
12  70  51  61  20   4   0 0.00  0.0    0  9.2 22  30   M    M   3 1      31  20
13  57  37  47   5  18   0 0.00  0.0    0  8.4 16  40   M    M   3        21  40
14  49  40  45   3  20   0 0.73    M    0  9.1 27  10   M    M  10 1      33  10
15  56  34  45   3  20   0 0.00  0.0    0  7.1 14 350   M    M   2        20 350
16  64  27  46   4  19   0 0.00  0.0    0  4.2 13 180   M    M   0         M  M
17  69  31  50   7  15   0 0.00  0.0    0  6.0 13 190   M    M   2        22 210
18  67  48  58  15   7   0    T    M    0  3.6 10 160   M    M   7 12      M  M
19  75  44  60  17   5   0 0.00  0.0    0  3.7 10 100   M    M   6 12      M  M
20  80  49  65  21   0   0 0.34    M    0  7.4 17 160   M    M   3        21 170
21  63  55  59  15   6   0 0.38  0.0    0  4.5  9  20   M    M   9 1       M  M
22  68  49  59  15   6   0 0.01    M    0  3.5  7 320   M    M   7 12      M  M
23  76  47  62  18   3   0 0.00  0.0    0  7.7 18 160   M    M   5 12     22 160
24  68  49  59  14   6   0 0.00  0.0    0 10.3 15 270   M    M   3        22 270
================================================================================
SM 1471  928       296   7  1.85     0.0 178.3          M      112
================================================================================
AV 64.0 40.4                               7.4 FASTST   M    M   5    MAX(MPH)
                                 MISC ---->  # 27  10                 33    M
================================================================================
NOTES:
# LAST OF SEVERAL OCCURRENCES

COLUMN 17 PEAK WIND IN M.P.H.

PRELIMINARY LOCAL CLIMATOLOGICAL DATA (WS FORM: F-6) , PAGE 2

                                          STATION:  Searcy Airport
                                          MONTH:    FEBRUARY
                                          YEAR:     2017
                                          LATITUDE:   35 12 N
                                          LONGITUDE:  91 44 W

[TEMPERATURE DATA]      [PRECIPITATION DATA]       SYMBOLS USED IN COLUMN 16

AVERAGE MONTHLY: 52.2   TOTAL FOR MONTH:   1.85    1 = FOG OR MIST
DPTR FM NORMAL:  10.5   DPTR FM NORMAL:   -1.21    2 = FOG REDUCING VISIBILITY
HIGHEST:    80 ON 20, 7 GRTST 24HR  0.73 ON 14-14      TO 1/4 MILE OR LESS
LOWEST:     25 ON  4                               3 = THUNDER
                        SNOW, ICE PELLETS, HAIL    4 = ICE PELLETS
                        TOTAL MONTH:   0.0 INCH    5 = HAIL
                        GRTST 24HR     0.0         6 = FREEZING RAIN OR DRIZZLE
                        GRTST DEPTH:   0           7 = DUSTSTORM OR SANDSTORM:
                                                       VSBY 1/2 MILE OR LESS
                                                   8 = SMOKE OR HAZE
[NO. OF DAYS WITH]      [WEATHER - DAYS WITH]      9 = BLOWING SNOW
                                                   X = TORNADO
MAX 32 OR BELOW:   0    0.01 INCH OR MORE:   7
MAX 90 OR ABOVE:   0    0.10 INCH OR MORE:   4
MIN 32 OR BELOW:   7    0.50 INCH OR MORE:   1
MIN  0 OR BELOW:   0    1.00 INCH OR MORE:   0

[HDD (BASE 65) ]
TOTAL THIS MO.   296    CLEAR  (SCALE 0-3)   8
DPTR FM NORMAL  -265    PTCLDY (SCALE 4-7)  12
TOTAL FM JUL 1  1957    CLOUDY (SCALE 8-10)  4
DPTR FM NORMAL  -849

[CDD (BASE 65) ]
TOTAL THIS MO.     7
DPTR FM NORMAL     7    [PRESSURE DATA]
TOTAL FM JAN 1     7    HIGHEST SLP M ON M
DPTR FM NORMAL     7    LOWEST  SLP M ON M

[REMARKS]
