000
CXUS54 KLZK 311430
CF6SRC
PRELIMINARY LOCAL CLIMATOLOGICAL DATA (WS FORM: F-6)

                                          STATION:   Searcy Airport
                                          MONTH:     JANUARY
                                          YEAR:      2015
                                          LATITUDE:   35 12 N
                                          LONGITUDE:  91 44 W

  TEMPERATURE IN F:       :PCPN:    SNOW:  WIND      :SUNSHINE: SKY     :PK WND
================================================================================
1   2   3   4   5  6A  6B    7    8   9   10  11  12  13   14  15   16   17  18
                                     12Z  AVG MX 2MIN
DY MAX MIN AVG DEP HDD CDD  WTR  SNW DPTH SPD SPD DIR MIN PSBL S-S WX    SPD DR
================================================================================

 1  38  33  36  -2  29   0 0.07  0.0    0  3.1  6 170   M    M  10 1       M  M
 2  41  35  38   0  27   0 0.52  0.0    0  6.0 10  60   M    M  10 1       M  M
 3  52  41  47   9  18   0 1.65  0.0    0  5.9 14 250   M    M  10 1      25 250
 4  49  25  37  -1  28   0    T    M    0  8.0 17 320   M    M   9        27 320
 5  34  19  27 -11  38   0 0.00  0.0    0  5.6 10  30   M    M   6         M  M
 6  52  20  36  -2  29   0 0.00  0.0    0  3.3  8  70   M    M   0         M  M
 7  33  13  23 -15  42   0    T    M    0 12.0 21 360   M    M   3        32 350
 8  30   5  18 -20  47   0 0.00  0.0    0  6.3 13 200   M    M   0        20 190
 9  36  16  26 -12  39   0 0.00  0.0    0  4.5 12 350   M    M   2         M  M
10  35  12  24 -14  41   0 0.00  0.0    0  5.1  9 190   M    M   4         M  M
11  37  31  34  -4  31   0 0.38  0.0    0  3.4  8  80   M    M  10 16      M  M
12  41  33  37  -1  28   0 0.13    M    0  8.7 15 360   M    M   9 1      21  20
13  33  20  27 -11  38   0 0.00  0.0    0  9.6 17  30   M    M   5        22  20
14  39  18  29  -9  36   0 0.00  0.0    0  3.3  6  80   M    M   2         M  M
15  46  24  35  -3  30   0 0.00  0.0    0  1.1  5 160   M    M   7         M  M
16  58  22  40   2  25   0 0.00  0.0    0  3.0 10 190   M    M   0 1       M  M
17  60  24  42   4  23   0 0.00  0.0    0  5.7 16 170   M    M   0 1      22 170
18  65  27  46   8  19   0 0.00  0.0    0  6.0 12 230   M    M   0        17 240
19  67  36  52  14  13   0 0.00  0.0    0  4.9 10 200   M    M   0         M  M
20  66  29  48  10  17   0 0.00  0.0    0  5.4 12 350   M    M   0         M  M
21  61  27  44   6  21   0 0.00  0.0    0  2.0  9 190   M    M   1         M  M
22  49  40  45   7  20   0    T    M    0  9.4 13  30   M    M  10         M  M
23  49  27  38   0  27   0    T    M    0  7.9 15  20   M    M   5        18  20
24  59  21  40   2  25   0 0.00  0.0    0  4.2 10 230   M    M   0         M  M
25  60  35  48  10  17   0    T    M    0  9.4 18 290   M    M   6        32 260
26  57  29  43   5  22   0 0.00  0.0    0  6.2 10 240   M    M   2        20 330
27  64  31  48  10  17   0 0.00  0.0    0  3.8  9  10   M    M   0         M  M
28  61  34  48   9  17   0 0.00  0.0    0  6.8 14 170   M    M   0        20 170
29  63  33  48   9  17   0 0.00  0.0    0  8.7 15 350   M    M   2        27 340
30  50  25  38  -1  27   0 0.00  0.0    0  4.7 13  40   M    M   0         M  M
================================================================================
SM 1485  785       808   0  2.75     0.0 174.0          M      113
================================================================================
AV 49.5 26.2                               5.8 FASTST   M    M   4    MAX(MPH)
                                 MISC ---->    21   M                 32    M
================================================================================
NOTES:
# LAST OF SEVERAL OCCURRENCES

COLUMN 17 PEAK WIND IN M.P.H.

PRELIMINARY LOCAL CLIMATOLOGICAL DATA (WS FORM: F-6) , PAGE 2

                                          STATION:  Searcy Airport
                                          MONTH:    JANUARY
                                          YEAR:     2015
                                          LATITUDE:   35 12 N
                                          LONGITUDE:  91 44 W

[TEMPERATURE DATA]      [PRECIPITATION DATA]       SYMBOLS USED IN COLUMN 16

AVERAGE MONTHLY: 37.8   TOTAL FOR MONTH:   2.75    1 = FOG OR MIST
DPTR FM NORMAL:  -0.3   DPTR FM NORMAL:   -0.71    2 = FOG REDUCING VISIBILITY
HIGHEST:    67 ON 19    GRTST 24HR  1.65 ON  3- 3      TO 1/4 MILE OR LESS
LOWEST:      5 ON  8                               3 = THUNDER
                        SNOW, ICE PELLETS, HAIL    4 = ICE PELLETS
                        TOTAL MONTH:   0.0 INCH    5 = HAIL
                        GRTST 24HR     0.0         6 = FREEZING RAIN OR DRIZZLE
                        GRTST DEPTH:   0           7 = DUSTSTORM OR SANDSTORM:
                                                       VSBY 1/2 MILE OR LESS
                                                   8 = SMOKE OR HAZE
[NO. OF DAYS WITH]      [WEATHER - DAYS WITH]      9 = BLOWING SNOW
                                                   X = TORNADO
MAX 32 OR BELOW:   1    0.01 INCH OR MORE:   5
MAX 90 OR ABOVE:   0    0.10 INCH OR MORE:   4
MIN 32 OR BELOW:  21    0.50 INCH OR MORE:   2
MIN  0 OR BELOW:   0    1.00 INCH OR MORE:   1

[HDD (BASE 65) ]
TOTAL THIS MO.   808    CLEAR  (SCALE 0-3)  17
DPTR FM NORMAL     2    PTCLDY (SCALE 4-7)   6
TOTAL FM JUL 1  2146    CLOUDY (SCALE 8-10)  7
DPTR FM NORMAL   -69

[CDD (BASE 65) ]
TOTAL THIS MO.     0
DPTR FM NORMAL     0    [PRESSURE DATA]
TOTAL FM JAN 1     0    HIGHEST SLP M ON M
DPTR FM NORMAL     0    LOWEST  SLP M ON M

[REMARKS]
