000
CXUS54 KEWX 290910
CF6SSF
PRELIMINARY LOCAL CLIMATOLOGICAL DATA (WS FORM: F-6)

                                          STATION:   SAN ANTONIO STINSON FIELD
                                          MONTH:     MARCH
                                          YEAR:      2015
                                          LATITUDE:   29 19 N
                                          LONGITUDE:  98 29 W

  TEMPERATURE IN F:       :PCPN:    SNOW:  WIND      :SUNSHINE: SKY     :PK WND
================================================================================
1   2   3   4   5  6A  6B    7    8   9   10  11  12  13   14  15   16   17  18
                                     12Z  AVG MX 2MIN
DY MAX MIN AVG DEP HDD CDD  WTR  SNW DPTH SPD SPD DIR MIN PSBL S-S WX    SPD DR
================================================================================

 1  48  40  44 -15  21   0 0.11    M    M  8.7 15  40   M    M  10 1      20  40
 2  49  41  45 -15  20   0    T    M    M  7.4 15  20   M    M   9 1      20  30
 3  59  44  52  -8  13   0 0.04    M    0  2.3  8  60   M    M  10 18     11  60
 4  71  39  55  -5  10   0    T    M    0  7.9 29  10   M    M  10 18     43 350
 5  51  34  43 -17  22   0    T    M    0 13.7 25 360   M    M   4        39  10
 6  55  32  44 -16  21   0 0.00  0.0    0  4.7 10 100   M    M   3        14  50
 7  62  40  51 -10  14   0    T    M    0  3.8 18  90   M    M   8        20  90
 8  58  50  54  -7  11   0 0.46    M    0  5.7 12 110   M    M  10 1      22 100
 9  61  51  56  -5   9   0 0.40    M    0  4.1  9  40   M    M  10 1      14  80
10  68  53  61  -1   4   0 0.00    M    0  5.4 13  30   M    M   6        17  30
11  61  49  55  -7  10   0 0.00    M    0  7.4 16  20   M    M   7        22  20
12  78  48  63   1   2   0 0.00  0.0    0  4.8 16  20   M    M   1        20  20
13  77  48  63   1   2   0 0.00  0.0    0  3.0 16 300   M    M   1 1      24 310
14  79  52  66   4   0   1 0.00  0.0    0  6.1 17 360   M    M   2        23  10
15  78  55  67   4   0   2 0.00  0.0    0  5.5 16 110   M    M   0        23 110
16  70  54  62  -1   3   0    T  0.0    0  4.9 12 130   M    M   9 1      13 130
17  74  63  69   6   0   4 0.01  0.0    0  5.2 23 130   M    M   8 1      32 120
18  71  59  65   2   0   0 0.10  0.0    0  4.1 32 120   M    M   9        37 120
19  77  65  71   7   0   6 0.00  0.0    0  4.8 13 140   M    M   8 1      15 140
20  73  60  67   3   0   2 0.62    M    0  5.8 17 360   M    M   9 1      25  10
21  64  58  61  -3   4   0 0.54  0.0    0  6.9 15  40   M    M  10 1      21  40
22  79  58  69   5   0   4    M  0.0    0  4.1 13 260   M    M   6 1      17 260
23  81  56  69   4   0   4    M  0.0    0  5.2 12 140   M    M   0        19 140
24  82  58  70   5   0   5    M  0.0    0  7.1 16 210   M    M   2 1      32 210
25  82  62  72   7   0   7    M  0.0    0  8.4 18 150   M    M   4        23 130
26  71  54  63  -2   2   0 0.01    M    0 11.1 24 360   M    M   3 1      35 360
27  78  41  60  -6   5   0 0.00  0.0    0  6.1 16 240   M    M   0        21 240
28  83  46  65  -1   0   0 0.00  0.0    0  6.7 16 210   M    M   0        22 180
================================================================================
SM 1940 1410       173  35  2.29     0.0 170.9          M      159
================================================================================
AV 69.3 50.4                               6.1 FASTST   M    M   6    MAX(MPH)
                                 MISC ---->  # 32 120               # 43  350
================================================================================
NOTES:
# LAST OF SEVERAL OCCURRENCES

COLUMN 17 PEAK WIND IN M.P.H.

PRELIMINARY LOCAL CLIMATOLOGICAL DATA (WS FORM: F-6) , PAGE 2

                                          STATION:  SAN ANTONIO STINSON FIELD
                                          MONTH:    MARCH
                                          YEAR:     2015
                                          LATITUDE:   29 19 N
                                          LONGITUDE:  98 29 W

[TEMPERATURE DATA]      [PRECIPITATION DATA]       SYMBOLS USED IN COLUMN 16

AVERAGE MONTHLY: 59.8   TOTAL FOR MONTH:   2.29    1 = FOG OR MIST
DPTR FM NORMAL:  -2.8   DPTR FM NORMAL:    0.18    2 = FOG REDUCING VISIBILITY
HIGHEST:    83 ON 28    GRTST 24HR  0.62 ON 20-20      TO 1/4 MILE OR LESS
LOWEST:     32 ON  6                               3 = THUNDER
                        SNOW, ICE PELLETS, HAIL    4 = ICE PELLETS
                        TOTAL MONTH:   0.0 INCH    5 = HAIL
                        GRTST 24HR     0.0         6 = FREEZING RAIN OR DRIZZLE
                        GRTST DEPTH:   0           7 = DUSTSTORM OR SANDSTORM:
                                                       VSBY 1/2 MILE OR LESS
                                                   8 = SMOKE OR HAZE
[NO. OF DAYS WITH]      [WEATHER - DAYS WITH]      9 = BLOWING SNOW
                                                   X = TORNADO
MAX 32 OR BELOW:   0    0.01 INCH OR MORE:   9
MAX 90 OR ABOVE:   0    0.10 INCH OR MORE:   6
MIN 32 OR BELOW:   1    0.50 INCH OR MORE:   2
MIN  0 OR BELOW:   0    1.00 INCH OR MORE:   0

[HDD (BASE 65) ]
TOTAL THIS MO.   173    CLEAR  (SCALE 0-3)   8
DPTR FM NORMAL    44    PTCLDY (SCALE 4-7)   9
TOTAL FM JUL 1  1484    CLOUDY (SCALE 8-10) 11
DPTR FM NORMAL   110

[CDD (BASE 65) ]
TOTAL THIS MO.    35
DPTR FM NORMAL   -29    [PRESSURE DATA]
TOTAL FM JAN 1    47    HIGHEST SLP M ON M
DPTR FM NORMAL   -47    LOWEST  SLP 29.76 ON  4

[REMARKS]
