000
CXUS54 KEWX 160910
CF6SSF
PRELIMINARY LOCAL CLIMATOLOGICAL DATA (WS FORM: F-6)

                                          STATION:   SAN ANTONIO STINSON FIELD
                                          MONTH:     JANUARY
                                          YEAR:      2018
                                          LATITUDE:   29 19 N
                                          LONGITUDE:  98 29 W

  TEMPERATURE IN F:       :PCPN:    SNOW:  WIND      :SUNSHINE: SKY     :PK WND
================================================================================
1   2   3   4   5  6A  6B    7    8   9   10  11  12  13   14  15   16   17  18
                                     12Z  AVG MX 2MIN
DY MAX MIN AVG DEP HDD CDD  WTR  SNW DPTH SPD SPD DIR MIN PSBL S-S WX    SPD DR
================================================================================

 1  34  28  31 -21  34   0 0.00    M    M 10.8 20  20   M    M  10        26  20
 2  37  31  34 -18  31   0 0.00    M    M  8.3 15 350   M    M  10        20 350
 3  58  23  41 -11  24   0 0.00    M    M  3.3 13 360   M    M   0        16 360
 4  60  28  44  -8  21   0 0.00    M    M  4.1 10 170   M    M   0        14 120
 5  63  43  53   1  12   0 0.00    M    M  3.1  9 190   M    M   2        12 170
 6  67  39  53   1  12   0 0.00    M    M  5.0 13 120   M    M   7        16 150
 7  71  54  63  11   2   0 0.00    M    M  6.2 18 170   M    M   8 18     26 170
 8  74  48  61   9   4   0 0.00    M    M  7.5 20 340   M    M   0        27 340
 9  72  37  55   3  10   0 0.00    M    M  2.1  9 190   M    M   0        15 250
10  76  42  59   7   6   0    T    M    M  7.2 22 140   M    M   5 12     27 140
11  76  50  63  11   2   0 0.00    M    M 10.4 29 330   M    M   5        40 340
12  66  40  53   1  12   0 0.00    M    M  7.7 17 330   M    M   0        23 330
13  59  35  47  -5  18   0 0.00    M    M  6.6 16  30   M    M   0        20  40
14  66  28  47  -5  18   0 0.00    M    M  3.8 15 190   M    M   0        22 180
15  74  41  58   6   7   0 0.00    M    M  6.7 24  10   M    M   5 1      33  20
================================================================================
SM  953  567       213   0    T     M     92.8          M       52
================================================================================
AV 63.5 37.8                               6.2 FASTST   M    M   3    MAX(MPH)
                                 MISC ---->  # 29 330               # 40  340
================================================================================
NOTES:
# LAST OF SEVERAL OCCURRENCES

COLUMN 17 PEAK WIND IN M.P.H.

PRELIMINARY LOCAL CLIMATOLOGICAL DATA (WS FORM: F-6) , PAGE 2

                                          STATION:  SAN ANTONIO STINSON FIELD
                                          MONTH:    JANUARY
                                          YEAR:     2018
                                          LATITUDE:   29 19 N
                                          LONGITUDE:  98 29 W

[TEMPERATURE DATA]      [PRECIPITATION DATA]       SYMBOLS USED IN COLUMN 16

AVERAGE MONTHLY: 50.7   TOTAL FOR MONTH:      T    1 = FOG OR MIST
DPTR FM NORMAL:  -1.3   DPTR FM NORMAL:   -0.83    2 = FOG REDUCING VISIBILITY
HIGHEST:    76 ON 11,10 GRTST 24HR    T  ON 10-10      TO 1/4 MILE OR LESS
LOWEST:     23 ON  3                               3 = THUNDER
                        SNOW, ICE PELLETS, HAIL    4 = ICE PELLETS
                        TOTAL MONTH:    M          5 = HAIL
                        GRTST 24HR    M  ON   M    6 = FREEZING RAIN OR DRIZZLE
                        GRTST DEPTH:  M  ON   M    7 = DUSTSTORM OR SANDSTORM:
                                                       VSBY 1/2 MILE OR LESS
                                                   8 = SMOKE OR HAZE
[NO. OF DAYS WITH]      [WEATHER - DAYS WITH]      9 = BLOWING SNOW
                                                   X = TORNADO
MAX 32 OR BELOW:   0    0.01 INCH OR MORE:   0
MAX 90 OR ABOVE:   0    0.10 INCH OR MORE:   0
MIN 32 OR BELOW:   5    0.50 INCH OR MORE:   0
MIN  0 OR BELOW:   0    1.00 INCH OR MORE:   0

[HDD (BASE 65) ]
TOTAL THIS MO.   213    CLEAR  (SCALE 0-3)   8
DPTR FM NORMAL     9    PTCLDY (SCALE 4-7)   5
TOTAL FM JUL 1   652    CLOUDY (SCALE 8-10)  2
DPTR FM NORMAL  -132

[CDD (BASE 65) ]
TOTAL THIS MO.     0
DPTR FM NORMAL     0    [PRESSURE DATA]
TOTAL FM JAN 1     0    HIGHEST SLP M ON M
DPTR FM NORMAL     0    LOWEST  SLP 29.67 ON 10

[REMARKS]
