000
CXUS54 KEWX 270910
CF6SSF
PRELIMINARY LOCAL CLIMATOLOGICAL DATA (WS FORM: F-6)

                                          STATION:   SAN ANTONIO STINSON FIELD
                                          MONTH:     FEBRUARY
                                          YEAR:      2017
                                          LATITUDE:   29 19 N
                                          LONGITUDE:  98 29 W

  TEMPERATURE IN F:       :PCPN:    SNOW:  WIND      :SUNSHINE: SKY     :PK WND
================================================================================
1   2   3   4   5  6A  6B    7    8   9   10  11  12  13   14  15   16   17  18
                                     12Z  AVG MX 2MIN
DY MAX MIN AVG DEP HDD CDD  WTR  SNW DPTH SPD SPD DIR MIN PSBL S-S WX    SPD DR
================================================================================

 1  84  46  65  11   0   0 0.00    M    M  2.9 12 170   M    M   2 12     17 170
 2  65  55  60   6   5   0 0.00    M    M 10.2 17  30   M    M   9 18     21  40
 3  55  49  52  -2  13   0 0.07    M    M 11.0 18  30   M    M  10        24  40
 4  54  49  52  -2  13   0    T    M    M  5.0 10  60   M    M  10 12     13  80
 5  72  54  63   8   2   0    T    M    M  3.1 14 160   M    M  10 128    18 170
 6  84  69  77  22   0  12 0.00    M    M  8.8 16 170   M    M   9        22 180
 7  88  54  71  16   0   6 0.00    M    M  4.6 14 280   M    M   5 18     18 280
 8  91  48  70  15   0   5 0.00    M    M  8.0 23  10   M    M   0        32 360
 9  73  50  62   7   3   0 0.00    M    M  7.7 18  40   M    M   0        23  40
10  81  52  67  12   0   2    T    M    M  6.5 15 190   M    M   6 1      20 220
11  89  63  76  20   0  11 0.00    M    M  6.7 15 130   M    M   4 18     19 130
12  87  66  77  21   0  12    T    M    M  8.2 18  40   M    M   6        24  50
13  82  66  74  18   0   9 0.05    M    M 13.1 25 130   M    M   9        32 130
14  70  52  61   5   4   0 1.46    M    M 10.8 24 330   M    M   8 13     36 330
15  67  45  56   0   9   0 0.00    M    M  7.5 21 340   M    M   1 8      30 330
16  69  39  54  -2  11   0 0.00    M    M  3.6 13 190   M    M   0        17 200
17  80  48  64   7   1   0 0.00    M    M  6.1 17 200   M    M   0        23 200
18  88  54  71  14   0   6 0.00    M    M  6.2 20 130   M    M   4 12     26 140
19  83  61  72  15   0   7 1.53    M    M 12.1 35 230   M    M   9 138    47 230
20  76  58  67  10   0   2 0.59    M    M  5.1 17 270   M    M   5 13     23 250
21  87  47  67   9   0   2 0.00    M    M  6.0 17 240   M    M   0        23 230
22  89  46  68  10   0   3 0.00    M    M  3.7 16 250   M    M   0        20 240
23  93  49  71  13   0   6 0.00    M    M  6.3 18 130   M    M   0        23 140
24  86  56  71  13   0   6 0.00    M    M  7.9 20 340   M    M   1 18     27 340
25  67  49  58   0   7   0 0.00    M    M  9.1 18  40   M    M   1        25  50
26  81  44  63   4   2   0    T    M    0  5.4 15 140   M    M   8        20 140
================================================================================
SM 2041 1369        70  89  3.70    M    185.6          M      117
================================================================================
AV 78.5 52.7                               7.1 FASTST   M    M   5    MAX(MPH)
                                 MISC ---->  # 35 230               # 47  230
================================================================================
NOTES:
# LAST OF SEVERAL OCCURRENCES

COLUMN 17 PEAK WIND IN M.P.H.

PRELIMINARY LOCAL CLIMATOLOGICAL DATA (WS FORM: F-6) , PAGE 2

                                          STATION:  SAN ANTONIO STINSON FIELD
                                          MONTH:    FEBRUARY
                                          YEAR:     2017
                                          LATITUDE:   29 19 N
                                          LONGITUDE:  98 29 W

[TEMPERATURE DATA]      [PRECIPITATION DATA]       SYMBOLS USED IN COLUMN 16

AVERAGE MONTHLY: 65.6   TOTAL FOR MONTH:   3.70    1 = FOG OR MIST
DPTR FM NORMAL:   9.5   DPTR FM NORMAL:    2.06    2 = FOG REDUCING VISIBILITY
HIGHEST:    93 ON 23    GRTST 24HR  2.12 ON 19-20      TO 1/4 MILE OR LESS
LOWEST:     39 ON 16                               3 = THUNDER
                        SNOW, ICE PELLETS, HAIL    4 = ICE PELLETS
                        TOTAL MONTH:    M          5 = HAIL
                        GRTST 24HR    M  ON   M    6 = FREEZING RAIN OR DRIZZLE
                        GRTST DEPTH:   0           7 = DUSTSTORM OR SANDSTORM:
                                                       VSBY 1/2 MILE OR LESS
                                                   8 = SMOKE OR HAZE
[NO. OF DAYS WITH]      [WEATHER - DAYS WITH]      9 = BLOWING SNOW
                                                   X = TORNADO
MAX 32 OR BELOW:   0    0.01 INCH OR MORE:   5
MAX 90 OR ABOVE:   2    0.10 INCH OR MORE:   3
MIN 32 OR BELOW:   0    0.50 INCH OR MORE:   3
MIN  0 OR BELOW:   0    1.00 INCH OR MORE:   2

[HDD (BASE 65) ]
TOTAL THIS MO.    70    CLEAR  (SCALE 0-3)  11
DPTR FM NORMAL  -180    PTCLDY (SCALE 4-7)   8
TOTAL FM JUL 1   587    CLOUDY (SCALE 8-10)  7
DPTR FM NORMAL  -642

[CDD (BASE 65) ]
TOTAL THIS MO.    89
DPTR FM NORMAL    66    [PRESSURE DATA]
TOTAL FM JAN 1   127    HIGHEST SLP M ON M
DPTR FM NORMAL    97    LOWEST  SLP 29.50 ON 23

[REMARKS]
