000
CXUS54 KEWX 290910
CF6SSF
PRELIMINARY LOCAL CLIMATOLOGICAL DATA (WS FORM: F-6)

                                          STATION:   SAN ANTONIO STINSON FIELD
                                          MONTH:     JUNE
                                          YEAR:      2017
                                          LATITUDE:   29 19 N
                                          LONGITUDE:  98 29 W

  TEMPERATURE IN F:       :PCPN:    SNOW:  WIND      :SUNSHINE: SKY     :PK WND
================================================================================
1   2   3   4   5  6A  6B    7    8   9   10  11  12  13   14  15   16   17  18
                                     12Z  AVG MX 2MIN
DY MAX MIN AVG DEP HDD CDD  WTR  SNW DPTH SPD SPD DIR MIN PSBL S-S WX    SPD DR
================================================================================

 1  91  69  80  -1   0  15 0.05    M    M  5.8 13 100   M    M   5 1      16 110
 2  91  74  83   2   0  18 0.00    M    M  5.0 16 100   M    M   5 3      18  90
 3  90  75  83   2   0  18 0.00    M    M  5.0 17 340   M    M   4 3      26 350
 4  92  71  82   0   0  17 0.04    M    M  5.5 24 300   M    M   2 3      34 300
 5  95  71  83   1   0  18 0.08    M    M  3.4 26  40   M    M   4 3      36  30
 6  95  73  84   2   0  19 0.00    M    M  8.4 18 350   M    M   1        25  20
 7  98  68  83   1   0  18 0.00    M    M  3.1 10 160   M    M   1        15  50
 8  96  70  83   1   0  18 0.00    M    M  4.0 12 130   M    M   1        14 110
 9  94  74  84   2   0  19    T    M    M  9.0 18 130   M    M   3        25 120
10  93  71  82   0   0  17 0.00    M    M  8.8 17 130   M    M   3 8      23 130
11  93  72  83   1   0  18 0.00    M    M  8.2 17 120   M    M   3        25 110
12  95  71  83   1   0  18 0.00    M    M  7.7 17 130   M    M   2        21 120
13  98  75  87   4   0  22 0.00    M    M 10.5 21 130   M    M   5 18     27 160
14  98  78  88   5   0  23 0.00    M    M 11.2 21 150   M    M   7        26 150
15  99  77  88   5   0  23 0.00    M    M 10.3 17 160   M    M   4        23 130
16 100  77  89   6   0  24 0.00    M    M  9.9 22 130   M    M   4        26 130
17 102  77  90   7   0  25 0.00    M    M  9.7 18 140   M    M   3        26 170
18 101  76  89   6   0  24 0.00    M    M 11.8 20 120   M    M   2        25 130
19  95  76  86   3   0  21 0.00    M    M  7.3 17 160   M    M   4        21 160
20 100  77  89   6   0  24 0.00    M    M  7.5 15  40   M    M   1        20  70
21 100  76  88   5   0  23 0.00    M    M  8.4 17  20   M    M   1        24  20
22 102  70  86   3   0  21 0.00    M    M  4.8 14 140   M    M   0        17 140
23 104  77  91   8   0  26 0.00    M    M  9.8 21 110   M    M   1        25 130
24  90  75  83   0   0  18 0.18    M    M  6.9 23 100   M    M   6 138    28 100
25  87  75  81  -2   0  16 0.02    M    M  6.7 17 120   M    M   5 13     23 110
26  95  75  85   2   0  20    T    M    M  6.4 21 130   M    M   5        27 110
27  90  73  82  -1   0  17 0.05    M    M  5.9 21  70   M    M   5 3      26  60
28  95  71  83   0   0  18 0.00    M    M  5.7 14 100   M    M   4        17  80
================================================================================
SM 2679 2064         0 558  0.42    M    206.7          M       91
================================================================================
AV 95.7 73.7                               7.4 FASTST   M    M   3    MAX(MPH)
                                 MISC ---->  # 26  40               # 36   30
================================================================================
NOTES:
# LAST OF SEVERAL OCCURRENCES

COLUMN 17 PEAK WIND IN M.P.H.

PRELIMINARY LOCAL CLIMATOLOGICAL DATA (WS FORM: F-6) , PAGE 2

                                          STATION:  SAN ANTONIO STINSON FIELD
                                          MONTH:    JUNE
                                          YEAR:     2017
                                          LATITUDE:   29 19 N
                                          LONGITUDE:  98 29 W

[TEMPERATURE DATA]      [PRECIPITATION DATA]       SYMBOLS USED IN COLUMN 16

AVERAGE MONTHLY: 84.7   TOTAL FOR MONTH:   0.42    1 = FOG OR MIST
DPTR FM NORMAL:   2.2   DPTR FM NORMAL:   -3.01    2 = FOG REDUCING VISIBILITY
HIGHEST:   104 ON 23    GRTST 24HR  0.18 ON 24-24      TO 1/4 MILE OR LESS
LOWEST:     68 ON  7                               3 = THUNDER
                        SNOW, ICE PELLETS, HAIL    4 = ICE PELLETS
                        TOTAL MONTH:    M          5 = HAIL
                        GRTST 24HR    M  ON   M    6 = FREEZING RAIN OR DRIZZLE
                        GRTST DEPTH:  M  ON   M    7 = DUSTSTORM OR SANDSTORM:
                                                       VSBY 1/2 MILE OR LESS
                                                   8 = SMOKE OR HAZE
[NO. OF DAYS WITH]      [WEATHER - DAYS WITH]      9 = BLOWING SNOW
                                                   X = TORNADO
MAX 32 OR BELOW:   0    0.01 INCH OR MORE:   6
MAX 90 OR ABOVE:  27    0.10 INCH OR MORE:   1
MIN 32 OR BELOW:   0    0.50 INCH OR MORE:   0
MIN  0 OR BELOW:   0    1.00 INCH OR MORE:   0

[HDD (BASE 65) ]
TOTAL THIS MO.     0    CLEAR  (SCALE 0-3)  12
DPTR FM NORMAL     0    PTCLDY (SCALE 4-7)  16
TOTAL FM JUL 1   621    CLOUDY (SCALE 8-10)  0
DPTR FM NORMAL  -790

[CDD (BASE 65) ]
TOTAL THIS MO.   558
DPTR FM NORMAL    68    [PRESSURE DATA]
TOTAL FM JAN 1  1545    HIGHEST SLP M ON M
DPTR FM NORMAL   382    LOWEST  SLP 29.59 ON 22

[REMARKS]
