000
CXUS54 KEWX 260910
CF6SSF
PRELIMINARY LOCAL CLIMATOLOGICAL DATA (WS FORM: F-6)

                                          STATION:   SAN ANTONIO STINSON FIELD
                                          MONTH:     JULY
                                          YEAR:      2016
                                          LATITUDE:   29 19 N
                                          LONGITUDE:  98 29 W

  TEMPERATURE IN F:       :PCPN:    SNOW:  WIND      :SUNSHINE: SKY     :PK WND
================================================================================
1   2   3   4   5  6A  6B    7    8   9   10  11  12  13   14  15   16   17  18
                                     12Z  AVG MX 2MIN
DY MAX MIN AVG DEP HDD CDD  WTR  SNW DPTH SPD SPD DIR MIN PSBL S-S WX    SPD DR
================================================================================

 1  97  74  86   2   0  21 0.00  0.0    0  6.3 14 140   M    M   1        17 100
 2 101  77  89   5   0  24 0.00  0.0    0 10.3 21 120   M    M   3        26 140
 3 101  79  90   6   0  25 0.00  0.0    0 11.0 21 140   M    M   5        28 140
 4 104  78  91   7   0  26 0.00  0.0    0 10.2 20 120   M    M   2        25 120
 5 103  79  91   7   0  26 0.00  0.0    0 11.3 24 130   M    M   3        30 120
 6 102  79  91   7   0  26 0.00  0.0    0 12.6 23 120   M    M   3        29 120
 7 102  79  91   7   0  26 0.00  0.0    0 12.8 23 120   M    M   4 8      29 130
 8 102  78  90   6   0  25 0.00  0.0    0 11.1 22 140   M    M   3        28 130
 9 102  79  91   7   0  26 0.00    M    0  9.8 22 120   M    M   4        27 120
10 100  80  90   6   0  25 0.00  0.0    0 10.1 21 130   M    M   4        28 140
11 103  80  92   8   0  27 0.00  0.0    0 14.4 25 140   M    M   3        31 140
12 102  78  90   6   0  25 0.00    M    0 11.8 21 140   M    M   4        28 140
13 103  80  92   8   0  27 0.00    M    0 12.0 22 140   M    M   4 8      30 140
14 103  78  91   7   0  26 0.00  0.0    0 10.8 22 120   M    M   4        28 160
15 103  78  91   7   0  26 0.00  0.0    0 10.0 20 140   M    M   2        28 120
16 101  74  88   4   0  23 0.00  0.0    0  7.4 18 130   M    M   3 1      26 100
17 100  76  88   4   0  23 0.00  0.0    0  7.5 17 140   M    M   4        23 100
18 100  77  89   5   0  24 0.00  0.0    0  8.3 22 120   M    M   3        27 120
19  99  77  88   4   0  23 0.00  0.0    0  6.3 23 130   M    M   4 3      27 130
20 100  77  89   5   0  24 0.00  0.0    0  6.7 16 130   M    M   2        21 130
21 100  76  88   3   0  23 0.00  0.0    0  5.0 16 140   M    M   3        20 140
22 101  74  88   3   0  23 0.00  0.0    0  5.1 15 130   M    M   1        19 120
23 102  77  90   5   0  25 0.00  0.0    0  6.5 18 130   M    M   2        24 130
24 103  77  90   5   0  25 0.00  0.0    0  8.2 20 140   M    M   2        26 150
25 102  73  88   3   0  23 2.37  0.0    0  5.0 29  30   M    M   3 13     39  40
================================================================================
SM 2536 1934         0 617  2.37     0.0 230.5          M       76
================================================================================
AV101.4 77.4                               9.2 FASTST   M    M   3    MAX(MPH)
                                 MISC ---->  # 29  30               # 39   40
================================================================================
NOTES:
# LAST OF SEVERAL OCCURRENCES

COLUMN 17 PEAK WIND IN M.P.H.

PRELIMINARY LOCAL CLIMATOLOGICAL DATA (WS FORM: F-6) , PAGE 2

                                          STATION:  SAN ANTONIO STINSON FIELD
                                          MONTH:    JULY
                                          YEAR:     2016
                                          LATITUDE:   29 19 N
                                          LONGITUDE:  98 29 W

[TEMPERATURE DATA]      [PRECIPITATION DATA]       SYMBOLS USED IN COLUMN 16

AVERAGE MONTHLY: 89.4   TOTAL FOR MONTH:   2.37    1 = FOG OR MIST
DPTR FM NORMAL:   5.2   DPTR FM NORMAL:    0.54    2 = FOG REDUCING VISIBILITY
HIGHEST:   104 ON  4    GRTST 24HR  2.37 ON 25-25      TO 1/4 MILE OR LESS
LOWEST:     73 ON 25                               3 = THUNDER
                        SNOW, ICE PELLETS, HAIL    4 = ICE PELLETS
                        TOTAL MONTH:   0.0 INCH    5 = HAIL
                        GRTST 24HR     0.0         6 = FREEZING RAIN OR DRIZZLE
                        GRTST DEPTH:   0           7 = DUSTSTORM OR SANDSTORM:
                                                       VSBY 1/2 MILE OR LESS
                                                   8 = SMOKE OR HAZE
[NO. OF DAYS WITH]      [WEATHER - DAYS WITH]      9 = BLOWING SNOW
                                                   X = TORNADO
MAX 32 OR BELOW:   0    0.01 INCH OR MORE:   1
MAX 90 OR ABOVE:  25    0.10 INCH OR MORE:   1
MIN 32 OR BELOW:   0    0.50 INCH OR MORE:   1
MIN  0 OR BELOW:   0    1.00 INCH OR MORE:   1

[HDD (BASE 65) ]
TOTAL THIS MO.     0    CLEAR  (SCALE 0-3)  14
DPTR FM NORMAL     0    PTCLDY (SCALE 4-7)  11
TOTAL FM JUL 1     0    CLOUDY (SCALE 8-10)  0
DPTR FM NORMAL     0

[CDD (BASE 65) ]
TOTAL THIS MO.   617
DPTR FM NORMAL   139    [PRESSURE DATA]
TOTAL FM JAN 1  1975    HIGHEST SLP M ON M
DPTR FM NORMAL   296    LOWEST  SLP 29.77 ON 11

[REMARKS]
