000
CXUS52 KJAX 300800
CF6SSI
PRELIMINARY LOCAL CLIMATOLOGICAL DATA (WS FORM: F-6)

                                          STATION:   ST SIMONS ISLAND GA
                                          MONTH:     MARCH
                                          YEAR:      2015
                                          LATITUDE:   31  9 N
                                          LONGITUDE:  81 23 W

  TEMPERATURE IN F:       :PCPN:    SNOW:  WIND      :SUNSHINE: SKY     :PK WND
================================================================================
1   2   3   4   5  6A  6B    7    8   9   10  11  12  13   14  15   16   17  18
                                     12Z  AVG MX 2MIN
DY MAX MIN AVG DEP HDD CDD  WTR  SNW DPTH SPD SPD DIR MIN PSBL S-S WX    SPD DR
================================================================================

 1  56  46  51  -6  14   0 0.02  0.0    0  8.1 22  20   M    M  10 12     29  20
 2  73  50  62   5   3   0 0.00  0.0    0  2.9  9 240   M    M   7 12     14 280
 3  70  56  63   5   2   0 0.00  0.0    0  5.3 13 180   M    M   6 18     21 190
 4  71  57  64   6   1   0 0.00  0.0    0  7.8 17 170   M    M   4 12     25 180
 5  84  58  71  13   0   6 0.06  0.0    0  8.9 20 340   M    M   5 1      28 340
 6  59  44  52  -6  13   0    T  0.0    0 12.4 22  10   M    M   9 1      30  30
 7  58  38  48 -10  17   0 0.00  0.0    0  6.5 16  20   M    M   0        21  30
 8  65  38  52  -7  13   0 0.00  0.0    0  4.5 10  90   M    M   0 1      15 130
 9  69  50  60   1   5   0 0.00  0.0    0  4.8 12 100   M    M   0 1      18 360
10  74  57  66   7   0   1 0.00  0.0    0  6.6 15 150   M    M   2 1      23 120
11  77  61  69  10   0   4 0.03  0.0    M  6.0 14 170   M    M   4 12     26 110
12  69  58  64   4   1   0 0.54  0.0    0 10.4 22  40   M    M  10 123    31  40
13  67  59  63   3   2   0 0.45  0.0    0 10.5 20  50   M    M  10 1      28  80
14  71  62  67   7   0   2 0.00  0.0    0  8.1 17 170   M    M   5 1      26 190
15  76  58  67   7   0   2 0.00  0.0    0  4.6 13  10   M    M   2 1      19 290
16  78  52  65   5   0   0 0.00  0.0    0  5.9 13 150   M    M   1 12     27 110
17  86  55  71  10   0   6 0.00  0.0    0  8.4 21 240   M    M   0        29 270
18  68  59  64   3   1   0 0.00  0.0    0 14.2 23  30   M    M   5        33  20
19  67  62  65   4   0   0 0.12  0.0    0  5.6 14  60   M    M   9 1      18  50
20  69  60  65   4   0   0 0.00  0.0    0  4.1  9 130   M    M  10 128    20 150
21  74  60  67   6   0   2 0.00  0.0    0  5.0 13  90   M    M   5 12     16  90
22  69  60  65   3   0   0 0.04  0.0    0  7.7 17  40   M    M   9 1      22  30
23  64  57  61  -1   4   0 0.77  0.0    0 13.6 23  30   M    M  10 18     33  20
24  62  56  59  -3   6   0 0.04  0.0    0 12.0 20  20   M    M  10 1      27  30
25  73  60  67   5   0   2 0.00  0.0    0  5.4 15  20   M    M   7 1      25 260
26  75  59  67   5   0   2 0.06  0.0    0  6.7 17 230   M    M   3 123    21 230
27  76  53  65   3   0   0 0.24  0.0    0 10.6 20 240   M    M   7 1      27 280
28  61  46  54  -9  11   0 0.00  0.0    0  8.0 18 270   M    M   0        25 270
29  56  39  48 -15  17   0 0.00  0.0    0  9.9 20  10   M    M   0        26  40
================================================================================
SM 2017 1570       110  27  2.37     0.0 224.5          M      150
================================================================================
AV 69.6 54.1                               7.7 FASTST   M    M   5    MAX(MPH)
                                 MISC ---->  # 23  30               # 33   20
================================================================================
NOTES:
# LAST OF SEVERAL OCCURRENCES

COLUMN 17 PEAK WIND IN M.P.H.

PRELIMINARY LOCAL CLIMATOLOGICAL DATA (WS FORM: F-6) , PAGE 2

                                          STATION:  ST SIMONS ISLAND GA
                                          MONTH:    MARCH
                                          YEAR:     2015
                                          LATITUDE:   31  9 N
                                          LONGITUDE:  81 23 W

[TEMPERATURE DATA]      [PRECIPITATION DATA]       SYMBOLS USED IN COLUMN 16

AVERAGE MONTHLY: 61.8   TOTAL FOR MONTH:   2.37    1 = FOG OR MIST
DPTR FM NORMAL:   1.7   DPTR FM NORMAL:   -1.27    2 = FOG REDUCING VISIBILITY
HIGHEST:    86 ON 17    GRTST 24HR  0.77 ON 23-23      TO 1/4 MILE OR LESS
LOWEST:     38 ON  8, 7                            3 = THUNDER
                        SNOW, ICE PELLETS, HAIL    4 = ICE PELLETS
                        TOTAL MONTH:   0.0 INCH    5 = HAIL
                        GRTST 24HR     0.0         6 = FREEZING RAIN OR DRIZZLE
                        GRTST DEPTH:   0           7 = DUSTSTORM OR SANDSTORM:
                                                       VSBY 1/2 MILE OR LESS
                                                   8 = SMOKE OR HAZE
[NO. OF DAYS WITH]      [WEATHER - DAYS WITH]      9 = BLOWING SNOW
                                                   X = TORNADO
MAX 32 OR BELOW:   0    0.01 INCH OR MORE:  11
MAX 90 OR ABOVE:   0    0.10 INCH OR MORE:   5
MIN 32 OR BELOW:   0    0.50 INCH OR MORE:   2
MIN  0 OR BELOW:   0    1.00 INCH OR MORE:   0

[HDD (BASE 65) ]
TOTAL THIS MO.   110    CLEAR  (SCALE 0-3)   9
DPTR FM NORMAL   -61    PTCLDY (SCALE 4-7)  11
TOTAL FM JUL 1  1490    CLOUDY (SCALE 8-10)  9
DPTR FM NORMAL    68

[CDD (BASE 65) ]
TOTAL THIS MO.    27
DPTR FM NORMAL    -1    [PRESSURE DATA]
TOTAL FM JAN 1    33    HIGHEST SLP M ON M
DPTR FM NORMAL    -4    LOWEST  SLP 29.71 ON 27

[REMARKS]
