000
CXUS55 KEAX 190736
CF6STJ
PRELIMINARY LOCAL CLIMATOLOGICAL DATA (WS FORM: F-6)

                                          STATION:   ST. JOSEPH MO
                                          MONTH:     DECEMBER
                                          YEAR:      2014
                                          LATITUDE:   39 46 N
                                          LONGITUDE:  94 55 W

  TEMPERATURE IN F:       :PCPN:    SNOW:  WIND      :SUNSHINE: SKY     :PK WND
================================================================================
1   2   3   4   5  6A  6B    7    8   9   10  11  12  13   14  15   16   17  18
                                     12Z  AVG MX 2MIN
DY MAX MIN AVG DEP HDD CDD  WTR  SNW DPTH SPD SPD DIR MIN PSBL S-S WX    SPD DR
================================================================================

 1  27  14  21 -13  44   0 0.00    M    M 10.4 22  20   M    M   0        26  10
 2  41  14  28  -6  37   0 0.00    M    M  8.4 20 200   M    M   3        24 220
 3  43  16  30  -4  35   0 0.00    M    M  5.2 17  20   M    M   0        22  30
 4  38  31  35   2  30   0 0.00    M    M  7.0 12 150   M    M   9 18     16 110
 5  46  34  40   7  25   0 0.14    M    M  6.5 13 360   M    M   9 12     14  10
 6  39  33  36   4  29   0 0.00    M    M  7.1 14  30   M    M  10 1      16  20
 7  39  33  36   4  29   0    T    M    M  8.5 16 160   M    M  10 1      21 150
 8  52  30  41   9  24   0 0.00    M    M  9.9 24 360   M    M   3 1      31 350
 9  33  23  28  -3  37   0 0.00    M    M  6.1 14 340   M    M   6        18 350
10  35  29  32   1  33   0 0.00    M    M  6.5 15 160   M    M  10 18     18 160
11  38  33  36   6  29   0 0.00    M    M  4.3  8 130   M    M  10 18     10 140
12  54  37  46  16  19   0 0.00    M    M  6.0 15 200   M    M   9 18     18 200
13  55  44  50  20  15   0 0.00    M    M  8.9 14 170   M    M  10 1      17 170
14  62  51  57  28   8   0 0.33    M    M 12.6 26 190   M    M  10 1      33 200
15  53  32  43  14  22   0 0.07    M    M 15.2 29 320   M    M  10 1      37 320
16  32  20  26  -3  39   0    T    M    M 15.8 28 330   M    M   9 1      34 310
17  30  19  25  -4  40   0 0.00    M    M  5.2  9  60   M    M   5        12  20
18  32  28  30   2  35   0 0.12    M    M  4.4  8  70   M    M  10 1       9  80
================================================================================
SM  749  521       530   0  0.66    M    148.0          M      133
================================================================================
AV 41.6 28.9                               8.2 FASTST   M    M   7    MAX(MPH)
                                 MISC ---->  # 29 320               # 37  320
================================================================================
NOTES:
# LAST OF SEVERAL OCCURRENCES

COLUMN 17 PEAK WIND IN M.P.H.

PRELIMINARY LOCAL CLIMATOLOGICAL DATA (WS FORM: F-6) , PAGE 2

                                          STATION:  ST. JOSEPH MO
                                          MONTH:    DECEMBER
                                          YEAR:     2014
                                          LATITUDE:   39 46 N
                                          LONGITUDE:  94 55 W

[TEMPERATURE DATA]      [PRECIPITATION DATA]       SYMBOLS USED IN COLUMN 16

AVERAGE MONTHLY: 35.3   TOTAL FOR MONTH:   0.66    1 = FOG OR MIST
DPTR FM NORMAL:   4.2   DPTR FM NORMAL:   -0.25    2 = FOG REDUCING VISIBILITY
HIGHEST:    62 ON 14    GRTST 24HR  0.40 ON 14-15      TO 1/4 MILE OR LESS
LOWEST:     14 ON  2, 1                            3 = THUNDER
                        SNOW, ICE PELLETS, HAIL    4 = ICE PELLETS
                        TOTAL MONTH:    M          5 = HAIL
                        GRTST 24HR    M  ON   M    6 = FREEZING RAIN OR DRIZZLE
                        GRTST DEPTH:  M  ON   M    7 = DUSTSTORM OR SANDSTORM:
                                                       VSBY 1/2 MILE OR LESS
                                                   8 = SMOKE OR HAZE
[NO. OF DAYS WITH]      [WEATHER - DAYS WITH]      9 = BLOWING SNOW
                                                   X = TORNADO
MAX 32 OR BELOW:   4    0.01 INCH OR MORE:   4
MAX 90 OR ABOVE:   0    0.10 INCH OR MORE:   3
MIN 32 OR BELOW:  11    0.50 INCH OR MORE:   0
MIN  0 OR BELOW:   0    1.00 INCH OR MORE:   0

[HDD (BASE 65) ]
TOTAL THIS MO.   530    CLEAR  (SCALE 0-3)   4
DPTR FM NORMAL   -81    PTCLDY (SCALE 4-7)   2
TOTAL FM JUL 1  1776    CLOUDY (SCALE 8-10) 12
DPTR FM NORMAL    54

[CDD (BASE 65) ]
TOTAL THIS MO.     0
DPTR FM NORMAL     0    [PRESSURE DATA]
TOTAL FM JAN 1  1182    HIGHEST SLP  0.00 ON M
DPTR FM NORMAL   -39    LOWEST  SLP  0.00 ON M

[REMARKS]
