000
CXUS53 KLSX 241600
CF6STL
PRELIMINARY LOCAL CLIMATOLOGICAL DATA (WS FORM: F-6)

                                          STATION:   ST. LOUIS
                                          MONTH:     MAY
                                          YEAR:      2015
                                          LATITUDE:   38 45 N
                                          LONGITUDE:  90 23 W

  TEMPERATURE IN F:       :PCPN:    SNOW:  WIND      :SUNSHINE: SKY     :PK WND
================================================================================
1   2   3   4   5  6A  6B    7    8   9   10  11  12  13   14  15   16   17  18
                                     12Z  AVG MX 2MIN
DY MAX MIN AVG DEP HDD CDD  WTR  SNW DPTH SPD SPD DIR MIN PSBL S-S WX    SPD DR
================================================================================

 1  72  44  58  -4   7   0 0.00  0.0    0  2.3  9 130   M    M   3        23  30
 2  80  55  68   5   0   3 0.00  0.0    0  5.6 14 140   M    M   7 8      20 220
 3  85  64  75  12   0  10    T  0.0    0 10.3 20 200   M    M   8        26 170
 4  86  68  77  14   0  12 0.01  0.0    0  9.1 16 200   M    M   8        22 200
 5  85  67  76  12   0  11    T  0.0    0  8.1 17 210   M    M   7        23 190
 6  87  67  77  13   0  12 0.00  0.0    0 10.6 25 160   M    M   5        36 160
 7  86  68  77  13   0  12    T  0.0    0 10.5 21 200   M    M   8        28 170
 8  77  66  72   8   0   7 0.30  0.0    0  4.8 22 250   M    M   7 13     28 250
 9  73  65  69   4   0   4 0.32  0.0    0  6.5 13 100   M    M   9 18     16  80
10  84  66  75  10   0  10 0.55  0.0    0  7.8 35 260   M    M   8 13     44 270
11  75  57  66   1   0   1 0.55  0.0    0 12.6 25 260   M    M   6 1      32 250
12  70  52  61  -5   4   0 0.00  0.0    0 10.8 22 290   M    M   4        32 320
13  71  50  61  -5   4   0 0.00  0.0    0  8.4  M   M   M    M   5        16 110
14  77  58  68   2   0   3 0.05  0.0    0 12.7 20 160   M    M   8        26 180
15  85  67  76  10   0  11 0.35  0.0    0  8.1 31 160   M    M   7 3      38 200
16  79  69  74   7   0   9 0.09  0.0    0 11.0 15 150   M    M   8        21 190
17  83  66  75   8   0  10 0.15  0.0    0 12.3 26 130   M    M   9 8      33 130
18  85  59  72   5   0   7 0.00  0.0    0  7.5 20 310   M    M   5        25 320
19  67  48  58 -10   7   0 0.00  0.0    0  8.0 14 360   M    M   6        20 360
20  57  48  53 -15  12   0 0.24  0.0    0 10.5 18  80   M    M  10 18     22  30
21  67  46  57 -11   8   0 0.00  0.0    0  7.5 15 340   M    M   5        20 320
22  76  53  65  -3   0   0 0.00  0.0    0  5.6 13 250   M    M   5        17 220
23  79  63  71   2   0   6    T  0.0    0  7.9 21 150   M    M   9        24 160
================================================================================
SM 1786 1366        42 128  2.61     0.0 198.5          M      157
================================================================================
AV 77.7 59.4                               8.6 FASTST   M    M   7    MAX(MPH)
                                 MISC ---->  # 35 260               # 44  270
================================================================================
NOTES:
# LAST OF SEVERAL OCCURRENCES

COLUMN 17 PEAK WIND IN M.P.H.

PRELIMINARY LOCAL CLIMATOLOGICAL DATA (WS FORM: F-6) , PAGE 2

                                          STATION:  ST. LOUIS
                                          MONTH:    MAY
                                          YEAR:     2015
                                          LATITUDE:   38 45 N
                                          LONGITUDE:  90 23 W

[TEMPERATURE DATA]      [PRECIPITATION DATA]       SYMBOLS USED IN COLUMN 16

AVERAGE MONTHLY: 68.5   TOTAL FOR MONTH:   2.61    1 = FOG OR MIST
DPTR FM NORMAL:   3.0   DPTR FM NORMAL:   -0.81    2 = FOG REDUCING VISIBILITY
HIGHEST:    87 ON  6    GRTST 24HR  0.55 ON 11-11      TO 1/4 MILE OR LESS
LOWEST:     44 ON  1                               3 = THUNDER
                        SNOW, ICE PELLETS, HAIL    4 = ICE PELLETS
                        TOTAL MONTH:   0.0 INCH    5 = HAIL
                        GRTST 24HR     0.0         6 = FREEZING RAIN OR DRIZZLE
                        GRTST DEPTH:   0           7 = DUSTSTORM OR SANDSTORM:
                                                       VSBY 1/2 MILE OR LESS
                                                   8 = SMOKE OR HAZE
[NO. OF DAYS WITH]      [WEATHER - DAYS WITH]      9 = BLOWING SNOW
                                                   X = TORNADO
MAX 32 OR BELOW:   0    0.01 INCH OR MORE:  10
MAX 90 OR ABOVE:   0    0.10 INCH OR MORE:   7
MIN 32 OR BELOW:   0    0.50 INCH OR MORE:   2
MIN  0 OR BELOW:   0    1.00 INCH OR MORE:   0

[HDD (BASE 65) ]
TOTAL THIS MO.    42    CLEAR  (SCALE 0-3)   1
DPTR FM NORMAL   -25    PTCLDY (SCALE 4-7)  13
TOTAL FM JUL 1  4574    CLOUDY (SCALE 8-10)  9
DPTR FM NORMAL    51

[CDD (BASE 65) ]
TOTAL THIS MO.   128
DPTR FM NORMAL    49    [PRESSURE DATA]
TOTAL FM JAN 1   153    HIGHEST SLP M ON M
DPTR FM NORMAL    28    LOWEST  SLP 29.82 ON 17

[REMARKS]
