000
CXUS55 KSTO 011355
CF6STO
PRELIMINARY LOCAL CLIMATOLOGICAL DATA (WS FORM: F-6)

                                          STATION:   SACRAMENTO CITY
                                          MONTH:     JULY
                                          YEAR:      2015
                                          LATITUDE:   38 36 N
                                          LONGITUDE: 121 23 W

  TEMPERATURE IN F:       :PCPN:    SNOW:  WIND      :SUNSHINE: SKY     :PK WND
================================================================================
1   2   3   4   5  6A  6B    7    8   9   10  11  12  13   14  15   16   17  18
                                     12Z  AVG MX 2MIN
DY MAX MIN AVG DEP HDD CDD  WTR  SNW DPTH SPD SPD DIR MIN PSBL S-S WX    SPD DR
================================================================================

 1 101  73  87  11   0  22 0.00    M    M   M   M   M   M    M   M         M  M
 2  96  71  84   8   0  19 0.00    M    M   M   M   M   M    M   M         M  M
 3  99  66  83   7   0  18 0.00    M    M   M   M   M   M    M   M         M  M
 4 100  64  82   6   0  17 0.00  0.0    M   M   M   M   M    M   M         M  M
 5  92  62  77   1   0  12 0.00    M    M   M   M   M   M    M   M         M  M
 6  92  60  76  -1   0  11 0.00    M    M   M   M   M   M    M   M         M  M
 7  91  65  78   1   0  13 0.00    M    M   M   M   M   M    M   M         M  M
 8  85  60  73  -4   0   8 0.00    M    M   M   M   M   M    M   M         M  M
 9  77  59  68  -9   0   3 0.00    M    M   M   M   M   M    M   M         M  M
10  81  61  71  -6   0   6 0.00    M    M   M   M   M   M    M   M         M  M
11  88  60  74  -3   0   9 0.00    M    M   M   M   M   M    M   M         M  M
12  88  63  76  -1   0  11 0.00  0.0    M   M   M   M   M    M   M         M  M
13  95  61  78   1   0  13 0.00  0.0    M   M   M   M   M    M   M         M  M
14  91  62  77   0   0  12 0.00  0.0    M   M   M   M   M    M   M         M  M
15  98  59  79   2   0  14 0.00    M    M   M   M   M   M    M   M         M  M
16  97  63  80   3   0  15 0.00    M    M   M   M   M   M    M   M         M  M
17 101  62  82   5   0  17 0.00    M    M   M   M   M   M    M   M         M  M
18  94  61  78   1   0  13 0.00    M    M   M   M   M   M    M   M         M  M
19  97  65  81   3   0  16 0.00  0.0    0   M   M   M   M    M   M         M  M
20 100  73  87   9   0  22 0.00    M    M   M   M   M   M    M   M         M  M
21  94  65  80   2   0  15 0.00    M    M   M   M   M   M    M   M         M  M
22  87  61  74  -4   0   9 0.00    M    M   M   M   M   M    M   M         M  M
23  86  59  73  -5   0   8 0.00    M    M   M   M   M   M    M   M         M  M
24  92  60  76  -2   0  11 0.00    M    M   M   M   M   M    M   M         M  M
25  92  60  76  -2   0  11 0.00    M    M   M   M   M   M    M   M         M  M
26  92  60  76  -1   0  11 0.00    M    M   M   M   M   M    M   M         M  M
27  98  61  80   3   0  15 0.00    M    M   M   M   M   M    M   M         M  M
28 104  63  84   7   0  19 0.00  0.0    M   M   M   M   M    M   M         M  M
29 108  69  89  12   0  24 0.00    M    M   M   M   M   M    M   M         M  M
30 101  67  84   7   0  19 0.00    M    M   M   M   M   M    M   M         M  M
31  95  65  80   3   0  15 0.00  0.0    M   M   M   M   M    M   M         M  M
================================================================================
SM 2912 1960         0 428  0.00     0.0     M          M        M
================================================================================
AV 93.9 63.2                                 M FASTST   M    M   0    MAX(MPH)
                                 MISC ---->     M   M                  M    M
================================================================================
NOTES:
# LAST OF SEVERAL OCCURRENCES

COLUMN 17 PEAK WIND IN M.P.H.

PRELIMINARY LOCAL CLIMATOLOGICAL DATA (WS FORM: F-6) , PAGE 2

                                          STATION:  SACRAMENTO CITY
                                          MONTH:    JULY
                                          YEAR:     2015
                                          LATITUDE:   38 36 N
                                          LONGITUDE: 121 23 W

[TEMPERATURE DATA]      [PRECIPITATION DATA]       SYMBOLS USED IN COLUMN 16

AVERAGE MONTHLY: 78.6   TOTAL FOR MONTH:   0.00    1 = FOG OR MIST
DPTR FM NORMAL:   1.5   DPTR FM NORMAL:    0.00    2 = FOG REDUCING VISIBILITY
HIGHEST:   108 ON 29    GRTST 24HR  0.00 ON 31-31      TO 1/4 MILE OR LESS
LOWEST:     59 ON 23,15                            3 = THUNDER
                        SNOW, ICE PELLETS, HAIL    4 = ICE PELLETS
                        TOTAL MONTH:   0.0 INCH    5 = HAIL
                        GRTST 24HR     0.0         6 = FREEZING RAIN OR DRIZZLE
                        GRTST DEPTH:   0           7 = DUSTSTORM OR SANDSTORM:
                                                       VSBY 1/2 MILE OR LESS
                                                   8 = SMOKE OR HAZE
[NO. OF DAYS WITH]      [WEATHER - DAYS WITH]      9 = BLOWING SNOW
                                                   X = TORNADO
MAX 32 OR BELOW:   0    0.01 INCH OR MORE:   0
MAX 90 OR ABOVE:  24    0.10 INCH OR MORE:   0
MIN 32 OR BELOW:   0    0.50 INCH OR MORE:   0
MIN  0 OR BELOW:   0    1.00 INCH OR MORE:   0

[HDD (BASE 65) ]
TOTAL THIS MO.     0    CLEAR  (SCALE 0-3)   0
DPTR FM NORMAL     0    PTCLDY (SCALE 4-7)   0
TOTAL FM JUL 1     0    CLOUDY (SCALE 8-10)  0
DPTR FM NORMAL     0

[CDD (BASE 65) ]
TOTAL THIS MO.   428
DPTR FM NORMAL    53    [PRESSURE DATA]
TOTAL FM JAN 1   967    HIGHEST SLP M ON M
DPTR FM NORMAL   181    LOWEST  SLP M ON M

[REMARKS]
#FINAL-07-15#
