000
CXUS56 KMTR 291000
CF6STS
PRELIMINARY LOCAL CLIMATOLOGICAL DATA (WS FORM: F-6)

                                          STATION:   SANTA ROSA AIRPORT
                                          MONTH:     JUNE
                                          YEAR:      2015
                                          LATITUDE:   38 30 N
                                          LONGITUDE: 122 49 W

  TEMPERATURE IN F:       :PCPN:    SNOW:  WIND      :SUNSHINE: SKY     :PK WND
================================================================================
1   2   3   4   5  6A  6B    7    8   9   10  11  12  13   14  15   16   17  18
                                     12Z  AVG MX 2MIN
DY MAX MIN AVG DEP HDD CDD  WTR  SNW DPTH SPD SPD DIR MIN PSBL S-S WX    SPD DR
================================================================================

 1  71  51  61  -2   4   0 0.01  0.0    0  4.0 14 260   M    M   7 18     20 230
 2  82  47  65   2   0   0 0.00  0.0    0  4.5 14 320   M    M   2 1      17 330
 3  81  46  64   0   1   0 0.00  0.0    0  3.6 14 140   M    M   3        16 130
 4  82  49  66   2   0   1 0.00  0.0    0  4.6 16 130   M    M   3        20 130
 5  77  50  64   0   1   0 0.00  0.0    0  5.8 16 170   M    M   1 18     21 180
 6  68  51  60  -4   5   0 0.00  0.0    0  6.4 16 230   M    M   6 18     22 210
 7  83  53  68   4   0   3 0.00  0.0    0  5.2 15 150   M    M   4 1      18 130
 8  99  51  75  11   0  10 0.00  0.0    0  4.1 12 170   M    M   1        15 180
 9  92  52  72   7   0   7    T  0.0    M  6.6 23 180   M    M   4        26 180
10  80  54  67   2   0   2 0.01  0.0    0  6.1 14 180   M    M   5 1      17 160
11  88  51  70   5   0   5 0.00  0.0    0  5.7 15 170   M    M   0 1      18 150
12  90  52  71   6   0   6 0.00  0.0    0  5.9 16 140   M    M   1 128    20 140
13  80  53  67   2   0   2 0.00  0.0    0  5.8 17 170   M    M   5 18     20 190
14  72  52  62  -4   3   0 0.00  0.0    0  6.2 15 170   M    M   6 18     18 160
15  78  50  64  -2   1   0 0.00  0.0    0  5.2 15 150   M    M   4 18     21 150
16  83  48  66   0   0   1 0.00  0.0    0  4.9 12 150   M    M   3 12      M  M
17  85  46  66   0   0   1 0.00  0.0    0  4.4 15 170   M    M   1 18     20 190
18  82  46  64  -2   1   0 0.00  0.0    0  5.6 16 140   M    M   3 128    18 150
19  89  45  67   1   0   2 0.00  0.0    0  4.6 15 150   M    M   1 1      18 160
20  85  47  66   0   0   1 0.00  0.0    0  5.0 16 170   M    M   3        18 150
21  74  50  62  -5   3   0 0.00  0.0    0  4.7 15 150   M    M   5 1      20 170
22  79  50  65  -2   0   0 0.00  0.0    0  5.5 15 160   M    M   4 18     20 160
23  92  47  70   3   0   5 0.00  0.0    0  4.7 16 140   M    M   0 8      20 140
24  88  49  69   2   0   4 0.00  0.0    0  4.6 14 140   M    M   1 8      17 150
25  90  53  72   5   0   7 0.00  0.0    0  4.7 15 160   M    M   0        18 160
26  89  55  72   5   0   7 0.00  0.0    0  5.8 16 170   M    M   0        22 180
27  77  53  65  -2   0   0 0.00  0.0    0  4.7 13 220   M    M   5 8      17 220
28  78  57  68   1   0   3    T  0.0    0  6.3 14 180   M    M   6 18     18 150
================================================================================
SM 2314 1408        19  67  0.02     0.0 145.2          M       84
================================================================================
AV 82.6 50.3                               5.2 FASTST   M    M   3    MAX(MPH)
                                 MISC ---->  # 23 180               # 26  180
================================================================================
NOTES:
# LAST OF SEVERAL OCCURRENCES

COLUMN 17 PEAK WIND IN M.P.H.

PRELIMINARY LOCAL CLIMATOLOGICAL DATA (WS FORM: F-6) , PAGE 2

                                          STATION:  SANTA ROSA AIRPORT
                                          MONTH:    JUNE
                                          YEAR:     2015
                                          LATITUDE:   38 30 N
                                          LONGITUDE: 122 49 W

[TEMPERATURE DATA]      [PRECIPITATION DATA]       SYMBOLS USED IN COLUMN 16

AVERAGE MONTHLY: 66.5   TOTAL FOR MONTH:   0.02    1 = FOG OR MIST
DPTR FM NORMAL:   1.0   DPTR FM NORMAL:   -0.21    2 = FOG REDUCING VISIBILITY
HIGHEST:    99 ON  8    GRTST 24HR  0.01 ON 10-10      TO 1/4 MILE OR LESS
LOWEST:     45 ON 19                               3 = THUNDER
                        SNOW, ICE PELLETS, HAIL    4 = ICE PELLETS
                        TOTAL MONTH:   0.0 INCH    5 = HAIL
                        GRTST 24HR     0.0         6 = FREEZING RAIN OR DRIZZLE
                        GRTST DEPTH:   0           7 = DUSTSTORM OR SANDSTORM:
                                                       VSBY 1/2 MILE OR LESS
                                                   8 = SMOKE OR HAZE
[NO. OF DAYS WITH]      [WEATHER - DAYS WITH]      9 = BLOWING SNOW
                                                   X = TORNADO
MAX 32 OR BELOW:   0    0.01 INCH OR MORE:   2
MAX 90 OR ABOVE:   5    0.10 INCH OR MORE:   0
MIN 32 OR BELOW:   0    0.50 INCH OR MORE:   0
MIN  0 OR BELOW:   0    1.00 INCH OR MORE:   0

[HDD (BASE 65) ]
TOTAL THIS MO.    19    CLEAR  (SCALE 0-3)  15
DPTR FM NORMAL   -33    PTCLDY (SCALE 4-7)  13
TOTAL FM JUL 1  2053    CLOUDY (SCALE 8-10)  0
DPTR FM NORMAL -1005

[CDD (BASE 65) ]
TOTAL THIS MO.    67
DPTR FM NORMAL     3    [PRESSURE DATA]
TOTAL FM JAN 1    79    HIGHEST SLP M ON M
DPTR FM NORMAL   -10    LOWEST  SLP 29.73 ON M

[REMARKS]
