000
CXUS55 KPUB 261059
CF6TAD
PRELIMINARY LOCAL CLIMATOLOGICAL DATA (WS FORM: F-6)

                                          STATION:   TRINIDAD CO
                                          MONTH:     MARCH
                                          YEAR:      2015
                                          LATITUDE:   37 16 N
                                          LONGITUDE: 104 20 W

  TEMPERATURE IN F:       :PCPN:    SNOW:  WIND      :SUNSHINE: SKY     :PK WND
================================================================================
1   2   3   4   5  6A  6B    7    8   9   10  11  12  13   14  15   16   17  18
                                     12Z  AVG MX 2MIN
DY MAX MIN AVG DEP HDD CDD  WTR  SNW DPTH SPD SPD DIR MIN PSBL S-S WX    SPD DR
================================================================================

 1  26  15  21 -17  44   0 0.00  0.0    M  3.7 13  20   M    M  10 18     15  30
 2  54  21  38  -1  27   0    T  0.0    M  9.4 26 250   M    M   5 12     32 250
 3  50  27  39   0  26   0 0.00  0.0    M 12.8 30 260   M    M   4 128    40 260
 4  29   4  17 -22  48   0 0.02    M    M 10.4 21  30   M    M  10 126    25  20
 5  48   2  25 -15  40   0 0.00  0.0    M  8.5 18 250   M    M   0        21 240
 6  57  24  41   1  24   0 0.00  0.0    0  7.6 15 270   M    M   0        17 270
 7  57  29  43   3  22   0 0.00  0.0    0  9.2 22 250   M    M   0        26 250
 8  55  31  43   3  22   0 0.00  0.0    0  8.8 21 250   M    M   0        25 250
 9  58  26  42   1  23   0 0.00  0.0    0  9.3 28 230   M    M   0        32 230
10  63  32  48   7  17   0 0.00  0.0    0 11.0 20 250   M    M   0        23  20
11  68  29  49   8  16   0 0.00  0.0    0  9.6 23 270   M    M   0        34 270
12  68  41  55  14  10   0 0.00  0.0    0  9.4 18 340   M    M   0        24  20
13  58  37  48   6  17   0    T  0.0    0 14.0 28  30   M    M   7        36  20
14  62  33  48   6  17   0 0.00  0.0    0  7.9 18 240   M    M   3        20 230
15  76  37  57  15   8   0 0.00  0.0    0 14.9 24 240   M    M   0        29 240
16  79  43  61  19   4   0 0.00  0.0    0 11.5 29 240   M    M   0        36  20
17  50  36  43   0  22   0 0.00  0.0    M  8.2 21  20   M    M   8 1      27  10
18  71  37  54  11  11   0 0.00  0.0    0  8.0 21  30   M    M   3        27  30
19  50  36  43   0  22   0 0.35  0.0    0 10.2 23 360   M    M  10 1      29 360
20  61  33  47   4  18   0 0.00  0.0    0  6.8 14 250   M    M   1        16 250
21  66  34  50   7  15   0 0.00  0.0    0  8.5 17 250   M    M   0        20 240
22  73  37  55  11  10   0 0.00  0.0    0 10.0 18 250   M    M   0        23 300
23  73  35  54  10  11   0 0.00  0.0    0 10.4 35 260   M    M   0        44 230
24  70  35  53   9  12   0 0.00  0.0    0  9.8 28 340   M    M   0        35 330
25  48  29  39  -5  26   0 0.06    M    0 11.8 28  10   M    M   5 12     37  20
================================================================================
SM 1470  743       512   0  0.43     0.0 241.7          M       66
================================================================================
AV 58.8 29.7                               9.7 FASTST   M    M   3    MAX(MPH)
                                 MISC ---->  # 35 260               # 44  230
================================================================================
NOTES:
# LAST OF SEVERAL OCCURRENCES

COLUMN 17 PEAK WIND IN M.P.H.

PRELIMINARY LOCAL CLIMATOLOGICAL DATA (WS FORM: F-6) , PAGE 2

                                          STATION:  TRINIDAD CO
                                          MONTH:    MARCH
                                          YEAR:     2015
                                          LATITUDE:   37 16 N
                                          LONGITUDE: 104 20 W

[TEMPERATURE DATA]      [PRECIPITATION DATA]       SYMBOLS USED IN COLUMN 16

AVERAGE MONTHLY: 44.3   TOTAL FOR MONTH:   0.43    1 = FOG OR MIST
DPTR FM NORMAL:   2.7   DPTR FM NORMAL:   -0.27    2 = FOG REDUCING VISIBILITY
HIGHEST:    79 ON 16    GRTST 24HR  0.35 ON 19-19      TO 1/4 MILE OR LESS
LOWEST:      2 ON  5                               3 = THUNDER
                        SNOW, ICE PELLETS, HAIL    4 = ICE PELLETS
                        TOTAL MONTH:   0.0 INCH    5 = HAIL
                        GRTST 24HR     0.0         6 = FREEZING RAIN OR DRIZZLE
                        GRTST DEPTH:   0           7 = DUSTSTORM OR SANDSTORM:
                                                       VSBY 1/2 MILE OR LESS
                                                   8 = SMOKE OR HAZE
[NO. OF DAYS WITH]      [WEATHER - DAYS WITH]      9 = BLOWING SNOW
                                                   X = TORNADO
MAX 32 OR BELOW:   2    0.01 INCH OR MORE:   3
MAX 90 OR ABOVE:   0    0.10 INCH OR MORE:   1
MIN 32 OR BELOW:  12    0.50 INCH OR MORE:   0
MIN  0 OR BELOW:   0    1.00 INCH OR MORE:   0

[HDD (BASE 65) ]
TOTAL THIS MO.   512    CLEAR  (SCALE 0-3)  17
DPTR FM NORMAL   -75    PTCLDY (SCALE 4-7)   5
TOTAL FM JUL 1  4325    CLOUDY (SCALE 8-10)  3
DPTR FM NORMAL  -384

[CDD (BASE 65) ]
TOTAL THIS MO.     0
DPTR FM NORMAL     0    [PRESSURE DATA]
TOTAL FM JAN 1     0    HIGHEST SLP M ON M
DPTR FM NORMAL     0    LOWEST  SLP 29.66 ON  2

[REMARKS]
