000
CXUS54 KFWD 300730
CF6TKI
PRELIMINARY LOCAL CLIMATOLOGICAL DATA (WS FORM: F-6)

                                          STATION:   MCKINNEY
                                          MONTH:     JANUARY
                                          YEAR:      2015
                                          LATITUDE:   33 10 N
                                          LONGITUDE:  96 35 W

  TEMPERATURE IN F:       :PCPN:    SNOW:  WIND      :SUNSHINE: SKY     :PK WND
================================================================================
1   2   3   4   5  6A  6B    7    8   9   10  11  12  13   14  15   16   17  18
                                     12Z  AVG MX 2MIN
DY MAX MIN AVG DEP HDD CDD  WTR  SNW DPTH SPD SPD DIR MIN PSBL S-S WX    SPD DR
================================================================================

 1  37  32  35  -8  30   0 0.74    M    0  5.1  9 360   M    M  10 16     10 360
 2  41  37  39  -4  26   0 0.48    M    0  6.5 17 280   M    M   9 13     20 280
 3  50  36  43   0  22   0 0.37    M    0  7.2 16 300   M    M   6 13     19 300
 4  39  25  32 -11  33   0 0.00  0.0    0 12.6 28 340   M    M   0        34 330
 5  44  19  32 -11  33   0 0.00  0.0    0  7.8 17 190   M    M   0        22 190
 6  57  28  43   0  22   0 0.00  0.0    0  5.1 15 190   M    M   0        19 190
 7  38  20  29 -14  36   0 0.00  0.0    0 18.5 31  20   M    M   0        39  20
 8  37  14  26 -17  39   0 0.00  0.0    0  7.7 21 200   M    M   0        33 170
 9  40  23  32 -11  33   0 0.00  0.0    0 10.0 22  20   M    M   5        32  40
10  40  27  34  -9  31   0 0.06  0.0    0  6.8 14 180   M    M  10 1      18 180
11  41  32  37  -6  28   0 0.48  0.0    0  6.0 12 150   M    M  10 16     15 140
12  42  35  39  -4  26   0 0.00  0.0    0 11.1 21 350   M    M   9 18     28  10
13  39  31  35  -8  30   0 0.00  0.0    0  8.0 15 360   M    M  10 18     19 360
14  41  33  37  -6  28   0 0.00  0.0    0  5.0 10 330   M    M  10        13 340
15  55  31  43   0  22   0 0.00  0.0    0  5.3 14 320   M    M   3        18 320
16  61  26  44   1  21   0 0.00  0.0    0  4.7 14 220   M    M   0        17 220
17  67  35  51   8  14   0 0.00  0.0    0 10.9 24 220   M    M   0        30 220
18  68  28  48   5  17   0 0.00  0.0    0  7.3 17 200   M    M   0        22 190
19  67  32  50   6  15   0 0.00  0.0    0  4.6 12 190   M    M   0        16 190
20  69  35  52   8  13   0 0.00  0.0    0  6.2 17  10   M    M   0        21  10
21  61  37  49   5  16   0 0.18  0.0    0  7.9 15  70   M    M   4        19  50
22  47  36  42  -2  23   0 0.89    M    0 13.7 24  40   M    M  10 1      30  20
23  51  38  45   1  20   0 0.00  0.0    0  9.3 21 310   M    M   4        26 320
24  60  33  47   3  18   0 0.00  0.0    0  7.4 14 270   M    M   0        17 270
25  63  37  50   6  15   0 0.00  0.0    0 12.7 32 310   M    M   0        41 300
26  70  31  51   7  14   0 0.00  0.0    0  4.5 15 250   M    M   0        18 230
27  77  38  58  14   7   0 0.00  0.0    0  2.9  8 180   M    M   0 8      10 210
28  79  41  60  15   5   0 0.00  0.0    0 10.5 24 190   M    M   0        29 190
29  67  45  56  11   9   0 0.00  0.0    0 11.2 24  10   M    M   0        31  20
================================================================================
SM 1548  915       646   0  3.20     0.0 236.5          M      100
================================================================================
AV 53.4 31.6                               8.2 FASTST   M    M   3    MAX(MPH)
                                 MISC ---->  # 32 310               # 41  300
================================================================================
NOTES:
# LAST OF SEVERAL OCCURRENCES

COLUMN 17 PEAK WIND IN M.P.H.

PRELIMINARY LOCAL CLIMATOLOGICAL DATA (WS FORM: F-6) , PAGE 2

                                          STATION:  MCKINNEY
                                          MONTH:    JANUARY
                                          YEAR:     2015
                                          LATITUDE:   33 10 N
                                          LONGITUDE:  96 35 W

[TEMPERATURE DATA]      [PRECIPITATION DATA]       SYMBOLS USED IN COLUMN 16

AVERAGE MONTHLY: 42.5   TOTAL FOR MONTH:   3.20    1 = FOG OR MIST
DPTR FM NORMAL:  -1.0   DPTR FM NORMAL:    0.83    2 = FOG REDUCING VISIBILITY
HIGHEST:    79 ON 28    GRTST 24HR  1.07 ON 21-22      TO 1/4 MILE OR LESS
LOWEST:     14 ON  8                               3 = THUNDER
                        SNOW, ICE PELLETS, HAIL    4 = ICE PELLETS
                        TOTAL MONTH:   0.0 INCH    5 = HAIL
                        GRTST 24HR     0.0         6 = FREEZING RAIN OR DRIZZLE
                        GRTST DEPTH:   0           7 = DUSTSTORM OR SANDSTORM:
                                                       VSBY 1/2 MILE OR LESS
                                                   8 = SMOKE OR HAZE
[NO. OF DAYS WITH]      [WEATHER - DAYS WITH]      9 = BLOWING SNOW
                                                   X = TORNADO
MAX 32 OR BELOW:   0    0.01 INCH OR MORE:   7
MAX 90 OR ABOVE:   0    0.10 INCH OR MORE:   6
MIN 32 OR BELOW:  15    0.50 INCH OR MORE:   2
MIN  0 OR BELOW:   0    1.00 INCH OR MORE:   0

[HDD (BASE 65) ]
TOTAL THIS MO.   646    CLEAR  (SCALE 0-3)  17
DPTR FM NORMAL    21    PTCLDY (SCALE 4-7)   4
TOTAL FM JUL 1  1615    CLOUDY (SCALE 8-10)  8
DPTR FM NORMAL   -49

[CDD (BASE 65) ]
TOTAL THIS MO.     0
DPTR FM NORMAL     0    [PRESSURE DATA]
TOTAL FM JAN 1     0    HIGHEST SLP M ON M
DPTR FM NORMAL     0    LOWEST  SLP 29.84 ON  3

[REMARKS]
