000
CXUS52 KTAE 260800
CF6TLH
PRELIMINARY LOCAL CLIMATOLOGICAL DATA (WS FORM: F-6)

                                          STATION:   TALLAHASSEE
                                          MONTH:     APRIL
                                          YEAR:      2017
                                          LATITUDE:   30 22 N
                                          LONGITUDE:  84 22 W

  TEMPERATURE IN F:       :PCPN:    SNOW:  WIND      :SUNSHINE: SKY     :PK WND
================================================================================
1   2   3   4   5  6A  6B    7    8   9   10  11  12  13   14  15   16   17  18
                                     12Z  AVG MX 2MIN
DY MAX MIN AVG DEP HDD CDD  WTR  SNW DPTH SPD SPD DIR MIN PSBL S-S WX    SPD DR
================================================================================

 1  88  51  70   7   0   5 0.00  0.0    0  3.0 12 200   M    M   2 12     15  10
 2  86  51  69   6   0   4 0.00  0.0    0  3.9 16 130   M    M   4 1      22 120
 3  82  63  73   9   0   8 2.93  0.0    0 11.5 37 300   M    M   8 13     43 300
 4  85  65  75  11   0  10    T  0.0    0  6.0 18 150   M    M   8 13     24 150
 5  85  72  79  15   0  14 0.20  0.0    0 12.6 31 230   M    M   9 13     39 220
 6  75  54  65   1   0   0 0.00  0.0    0 14.5 32 320   M    M   1        38 320
 7  71  46  59  -5   6   0 0.00  0.0    0  9.2 24 290   M    M   1        31 330
 8  75  39  57  -7   8   0 0.00  0.0    0  3.6 15 330   M    M   2        19 340
 9  80  40  60  -5   5   0 0.00  0.0    0  2.7 14  70   M    M   1        17  90
10  83  49  66   1   0   1 0.00  0.0    0  3.0 13 130   M    M   2        16 150
11  84  53  69   4   0   4 0.00  0.0    0  4.2 13 160   M    M   3        18 180
12  85  53  69   4   0   4 0.00  0.0    0  3.7 14 350   M    M   4 1      18  80
13  84  52  68   3   0   3 0.00  0.0    0  5.4 18 100   M    M   3 1      25  60
14  85  53  69   3   0   4 0.00  0.0    0  6.8 20 100   M    M   4        27  70
15  85  63  74   8   0   9 0.00  0.0    0  6.9 18 120   M    M   5        22 140
16  84  60  72   6   0   7 0.00  0.0    0  6.5 14 200   M    M   2        20 130
17  85  54  70   4   0   5 0.01  0.0    0  3.7 13 120   M    M   3        16 120
18  88  56  72   6   0   7 0.00  0.0    0  2.2 13 130   M    M   3 1      16  90
19  84  62  73   6   0   8    T  0.0    0  5.4 22 120   M    M   4        26 120
20  85  62  74   7   0   9 0.00  0.0    0  4.1 12 160   M    M   3        20 100
21  87  57  72   5   0   7 0.00  0.0    0  5.4 14 170   M    M   1        20 160
22  88  56  72   4   0   7 0.00  0.0    0  4.4 15 140   M    M   4 1      19 160
23  84  57  71   3   0   6 0.03  0.0    0  6.2 21 290   M    M   6 12     27 140
24  68  51  60  -8   5   0 0.00  0.0    0  7.4 16 270   M    M   6         M  M
25  82  49  66  -2   0   1 0.00  0.0    0  5.0 16 160   M    M   3        22 320
================================================================================
SM 2068 1368        24 123  3.17     0.0 147.3          M       92
================================================================================
AV 82.7 54.7                               5.9 FASTST   M    M   4    MAX(MPH)
                                 MISC ---->  # 37 300               # 43  300
================================================================================
NOTES:
# LAST OF SEVERAL OCCURRENCES

COLUMN 17 PEAK WIND IN M.P.H.

PRELIMINARY LOCAL CLIMATOLOGICAL DATA (WS FORM: F-6) , PAGE 2

                                          STATION:  TALLAHASSEE
                                          MONTH:    APRIL
                                          YEAR:     2017
                                          LATITUDE:   30 22 N
                                          LONGITUDE:  84 22 W

[TEMPERATURE DATA]      [PRECIPITATION DATA]       SYMBOLS USED IN COLUMN 16

AVERAGE MONTHLY: 68.7   TOTAL FOR MONTH:   3.17    1 = FOG OR MIST
DPTR FM NORMAL:   3.2   DPTR FM NORMAL:    0.52    2 = FOG REDUCING VISIBILITY
HIGHEST:    88 ON 22,18 GRTST 24HR  2.93 ON  3- 3      TO 1/4 MILE OR LESS
LOWEST:     39 ON  8                               3 = THUNDER
                        SNOW, ICE PELLETS, HAIL    4 = ICE PELLETS
                        TOTAL MONTH:   0.0 INCH    5 = HAIL
                        GRTST 24HR     0.0         6 = FREEZING RAIN OR DRIZZLE
                        GRTST DEPTH:   0           7 = DUSTSTORM OR SANDSTORM:
                                                       VSBY 1/2 MILE OR LESS
                                                   8 = SMOKE OR HAZE
[NO. OF DAYS WITH]      [WEATHER - DAYS WITH]      9 = BLOWING SNOW
                                                   X = TORNADO
MAX 32 OR BELOW:   0    0.01 INCH OR MORE:   4
MAX 90 OR ABOVE:   0    0.10 INCH OR MORE:   2
MIN 32 OR BELOW:   0    0.50 INCH OR MORE:   1
MIN  0 OR BELOW:   0    1.00 INCH OR MORE:   1

[HDD (BASE 65) ]
TOTAL THIS MO.    24    CLEAR  (SCALE 0-3)  10
DPTR FM NORMAL   -38    PTCLDY (SCALE 4-7)  14
TOTAL FM JUL 1   800    CLOUDY (SCALE 8-10)  1
DPTR FM NORMAL  -786

[CDD (BASE 65) ]
TOTAL THIS MO.   123
DPTR FM NORMAL    50    [PRESSURE DATA]
TOTAL FM JAN 1   263    HIGHEST SLP M ON M
DPTR FM NORMAL   136    LOWEST  SLP 29.75 ON M

[REMARKS]
