000
CXUS52 KTAE 010800
CF6TLH
PRELIMINARY LOCAL CLIMATOLOGICAL DATA (WS FORM: F-6)

                                          STATION:   TALLAHASSEE
                                          MONTH:     JUNE
                                          YEAR:      2015
                                          LATITUDE:   30 22 N
                                          LONGITUDE:  84 22 W

  TEMPERATURE IN F:       :PCPN:    SNOW:  WIND      :SUNSHINE: SKY     :PK WND
================================================================================
1   2   3   4   5  6A  6B    7    8   9   10  11  12  13   14  15   16   17  18
                                     12Z  AVG MX 2MIN
DY MAX MIN AVG DEP HDD CDD  WTR  SNW DPTH SPD SPD DIR MIN PSBL S-S WX    SPD DR
================================================================================

 1  87  70  79   1   0  14 0.38  0.0    0  2.6 14 280   M    M   5 138    16 230
 2  87  69  78   0   0  13 0.92  0.0    0  2.1 23 200   M    M   6 13     26 200
 3  89  68  79   0   0  14 0.02  0.0    0  4.5 15 180   M    M   5 1      18 190
 4  92  69  81   2   0  16 0.15  0.0    0  3.7 17 230   M    M   6 3      22 240
 5  94  72  83   4   0  18 0.00  0.0    0  4.2 14 350   M    M   5 1      16 340
 6  95  70  83   4   0  18 0.01  0.0    0  2.6 14 210   M    M   4 1      17  80
 7  94  70  82   3   0  17 0.02  0.0    0  2.6 24 130   M    M   4 13     30 180
 8  90  73  82   2   0  17 0.01  0.0    0  5.7 14 190   M    M   5 3      19 190
 9  88  69  79  -1   0  14 0.16  0.0    0  3.9 22 220   M    M   6 13     26 220
10  86  71  79  -1   0  14 0.75  0.0    0  4.0 14 210   M    M   6 13     16 210
11  88  72  80   0   0  15 0.67  0.0    0  4.0 23 200   M    M   6 1      26 200
12  93  72  83   3   0  18 0.01  0.0    0  5.0 15 180   M    M   4        20 180
13  93  73  83   3   0  18 0.00  0.0    0  5.9 15 160   M    M   4 1      22 180
14  94  72  83   3   0  18 0.00  0.0    0  4.0 15 170   M    M   2 1      19 170
15  95  73  84   4   0  19 0.00  0.0    0  4.8 14 170   M    M   2 13     20 140
16  99  71  85   5   0  20 0.02  0.0    0  3.8 12 260   M    M   2 13      M  M
17  98  75  87   6   0  22 0.48  0.0    0  4.6 28 180   M    M   4 13     42 180
18  96  74  85   4   0  20 0.09  0.0    0  3.1 18 100   M    M   4 13     20 110
19  96  73  85   4   0  20 0.00  0.0    0  5.4 15 220   M    M   4 1      19 190
20  95  73  84   3   0  19 0.00  0.0    0  6.1 15 210   M    M   4 1      20 220
21  98  75  87   6   0  22 0.00  0.0    0  5.2 21 230   M    M   4 3      26 230
22   M   M   M   M   M   M    M    M    M   M   M   M   M    M   M 3       M  M
23  88  74  81   0   0  16 0.00  0.0    0  4.6 17 230   M    M   7 3      25 210
24  94  74  84   3   0  19 0.58  0.0    0  3.6 22 210   M    M   5 1238   23 210
25  93  74  84   3   0  19 0.01  0.0    0  5.1 15 210   M    M   5        20 210
26  88  74  81   0   0  16 0.88  0.0    0  5.2 23 310   M    M   4 138    33 310
27  92  76  84   3   0  19 0.51  0.0    0  6.5 22 280   M    M   5 138    27 280
28  88  75  82   0   0  17 0.06  0.0    0  6.7 20 260   M    M   5 38     24 230
29  88  74  81  -1   0  16 0.00  0.0    0  4.0 15 220   M    M   7 1      17 220
30  92  70  81  -1   0  16 0.81  0.0    0  5.3 46 300   M    M   5 138    60 290
================================================================================
SM 2670 2095         0 504  6.54     0.0 128.8          M      135
================================================================================
AV 92.1 72.2                               4.4 FASTST   M    M   5    MAX(MPH)
                                 MISC ---->  # 46 300               # 60  290
================================================================================
NOTES:
# LAST OF SEVERAL OCCURRENCES

COLUMN 17 PEAK WIND IN M.P.H.

PRELIMINARY LOCAL CLIMATOLOGICAL DATA (WS FORM: F-6) , PAGE 2

                                          STATION:  TALLAHASSEE
                                          MONTH:    JUNE
                                          YEAR:     2015
                                          LATITUDE:   30 22 N
                                          LONGITUDE:  84 22 W

[TEMPERATURE DATA]      [PRECIPITATION DATA]       SYMBOLS USED IN COLUMN 16

AVERAGE MONTHLY: 82.2   TOTAL FOR MONTH:   6.54    1 = FOG OR MIST
DPTR FM NORMAL:   2.0   DPTR FM NORMAL:   -1.19    2 = FOG REDUCING VISIBILITY
HIGHEST:    99 ON 16    GRTST 24HR  0.94 ON  2- 3      TO 1/4 MILE OR LESS
LOWEST:     68 ON  3                               3 = THUNDER
                        SNOW, ICE PELLETS, HAIL    4 = ICE PELLETS
                        TOTAL MONTH:   0.0 INCH    5 = HAIL
                        GRTST 24HR     0.0         6 = FREEZING RAIN OR DRIZZLE
                        GRTST DEPTH:   0           7 = DUSTSTORM OR SANDSTORM:
                                                       VSBY 1/2 MILE OR LESS
                                                   8 = SMOKE OR HAZE
[NO. OF DAYS WITH]      [WEATHER - DAYS WITH]      9 = BLOWING SNOW
                                                   X = TORNADO
MAX 32 OR BELOW:   0    0.01 INCH OR MORE:  20
MAX 90 OR ABOVE:  19    0.10 INCH OR MORE:  11
MIN 32 OR BELOW:   0    0.50 INCH OR MORE:   7
MIN  0 OR BELOW:   0    1.00 INCH OR MORE:   0

[HDD (BASE 65) ]
TOTAL THIS MO.     0    CLEAR  (SCALE 0-3)   3
DPTR FM NORMAL     0    PTCLDY (SCALE 4-7)  26
TOTAL FM JUL 1  1441    CLOUDY (SCALE 8-10)  0
DPTR FM NORMAL  -154

[CDD (BASE 65) ]
TOTAL THIS MO.   504
DPTR FM NORMAL    47    [PRESSURE DATA]
TOTAL FM JAN 1  1325    HIGHEST SLP M ON M
DPTR FM NORMAL   422    LOWEST  SLP 29.87 ON  3

[REMARKS]
#FINAL-06-15#
