000
CXUS54 KBMX 221111
CF6TOI
PRELIMINARY LOCAL CLIMATOLOGICAL DATA (WS FORM: F-6)

                                          STATION:   TROY
                                          MONTH:     OCTOBER
                                          YEAR:      2017
                                          LATITUDE:   31 51 N
                                          LONGITUDE:  86  1 W

  TEMPERATURE IN F:       :PCPN:    SNOW:  WIND      :SUNSHINE: SKY     :PK WND
================================================================================
1   2   3   4   5  6A  6B    7    8   9   10  11  12  13   14  15   16   17  18
                                     12Z  AVG MX 2MIN
DY MAX MIN AVG DEP HDD CDD  WTR  SNW DPTH SPD SPD DIR MIN PSBL S-S WX    SPD DR
================================================================================

 1  80  64  72   2   0   7 0.00  0.0    0  9.5 20  70   M    M   4        27  70
 2  79  65  72   2   0   7 0.00  0.0    0  7.9 20 100   M    M   7        27 100
 3  85  62  74   4   0   9 0.00  0.0    0  7.7 17  60   M    M   1        23  60
 4  83  61  72   3   0   7 0.00  0.0    0  7.2 15  60   M    M   1        21  60
 5  85  58  72   3   0   7 0.00  0.0    0  5.3 17  40   M    M   3        25  30
 6  87  60  74   6   0   9 0.00  0.0    0  5.3 15  80   M    M   0        20  60
 7  86  71  79  11   0  14    M  0.0    0  8.2 17 120   M    M   6 1      24 110
 8   M   M   M   M   M   M    M  0.0    0 16.0 22 140   M    M   9 1      38 150
 9   M   M   M   M   M   M    M    M    M   M   M   M   M    M   M         M  M
10  88   M   M   M   M   M 0.00  0.0    M  1.3  6 180   M    M   1 12      M  M
11  90  70  80  13   0  15 0.00  0.0    0  2.3 12 350   M    M   5 12     14  50
12  90  67  79  13   0  14 0.00  0.0    0  2.9 12 350   M    M   1 1      15 350
13  89  66  78  12   0  13 0.00  0.0    0  3.1 12 110   M    M   1 1      16  60
14  85  69  77  11   0  12 0.00  0.0    0  5.7 13  80   M    M   4        21  80
15  87  69  78  13   0  13 0.00  0.0    0  3.7 10 340   M    M   6 1      30 130
16  72  55  64  -1   1   0 0.03  0.0    0  8.4 17  10   M    M   5 1      23 340
17  73  49  61  -4   4   0 0.00  0.0    0  7.0 17  90   M    M   0        23  60
18  74  43  59  -5   6   0 0.00  0.0    0  3.9 13  60   M    M   0        17  80
19  79  46  63  -1   2   0 0.00  0.0    0  2.5 10  40   M    M   0 1      14  90
20  82  49  66   2   0   1 0.00  0.0    0  2.3 13 100   M    M   0 1      17 110
21  82  56  69   6   0   4 0.00  0.0    0  6.3 14 110   M    M   1        23  90
================================================================================
SM 1576 1080        13 132  0.03     0.0 116.5          M       55
================================================================================
AV 83.0 60.0                               5.8 FASTST   M    M   3    MAX(MPH)
                                 MISC ---->    22   M               # 38  150
================================================================================
NOTES:
# LAST OF SEVERAL OCCURRENCES

COLUMN 17 PEAK WIND IN M.P.H.

PRELIMINARY LOCAL CLIMATOLOGICAL DATA (WS FORM: F-6) , PAGE 2

                                          STATION:  TROY
                                          MONTH:    OCTOBER
                                          YEAR:     2017
                                          LATITUDE:   31 51 N
                                          LONGITUDE:  86  1 W

[TEMPERATURE DATA]      [PRECIPITATION DATA]       SYMBOLS USED IN COLUMN 16

AVERAGE MONTHLY: 71.5   TOTAL FOR MONTH:   0.03    1 = FOG OR MIST
DPTR FM NORMAL:   4.8   DPTR FM NORMAL:   -2.07    2 = FOG REDUCING VISIBILITY
HIGHEST:    90 ON 12,11 GRTST 24HR  0.03 ON 16-16      TO 1/4 MILE OR LESS
LOWEST:     43 ON 18                               3 = THUNDER
                        SNOW, ICE PELLETS, HAIL    4 = ICE PELLETS
                        TOTAL MONTH:   0.0 INCH    5 = HAIL
                        GRTST 24HR     0.0         6 = FREEZING RAIN OR DRIZZLE
                        GRTST DEPTH:   0           7 = DUSTSTORM OR SANDSTORM:
                                                       VSBY 1/2 MILE OR LESS
                                                   8 = SMOKE OR HAZE
[NO. OF DAYS WITH]      [WEATHER - DAYS WITH]      9 = BLOWING SNOW
                                                   X = TORNADO
MAX 32 OR BELOW:   0    0.01 INCH OR MORE:   1
MAX 90 OR ABOVE:   2    0.10 INCH OR MORE:   0
MIN 32 OR BELOW:   0    0.50 INCH OR MORE:   0
MIN  0 OR BELOW:   0    1.00 INCH OR MORE:   0

[HDD (BASE 65) ]
TOTAL THIS MO.    13    CLEAR  (SCALE 0-3)  12
DPTR FM NORMAL   -30    PTCLDY (SCALE 4-7)   7
TOTAL FM JUL 1    17    CLOUDY (SCALE 8-10)  1
DPTR FM NORMAL   -30

[CDD (BASE 65) ]
TOTAL THIS MO.   132
DPTR FM NORMAL    53    [PRESSURE DATA]
TOTAL FM JAN 1  2144    HIGHEST SLP M ON M
DPTR FM NORMAL   117    LOWEST  SLP 29.51 ON  8

[REMARKS]
