000
CXUS51 KCLE 200804
CF6TOL
PRELIMINARY LOCAL CLIMATOLOGICAL DATA (WS FORM: F-6)

                                          STATION:   TOLEDO OH
                                          MONTH:     APRIL
                                          YEAR:      2014
                                          LATITUDE:   41 35 N
                                          LONGITUDE:  83 48 W

  TEMPERATURE IN F:       :PCPN:    SNOW:  WIND      :SUNSHINE: SKY     :PK WND
================================================================================
1   2   3   4   5  6A  6B    7    8   9   10  11  12  13   14  15   16   17  18
                                     12Z  AVG MX 2MIN
DY MAX MIN AVG DEP HDD CDD  WTR  SNW DPTH SPD SPD DIR MIN PSBL S-S WX    SPD DR
================================================================================

 1  61  43  52   8  13   0 0.01  0.0    0 16.6 39 250   M    M   3        55 240
 2  55  35  45   1  20   0    T    M    0  5.4 20  70   M    M   4 8      23  70
 3  42  32  37  -8  28   0 1.15  0.0    0 17.1 28  70   M    M  10 1      37  60
 4  51  34  43  -2  22   0 0.03  0.0    0 14.5 36 250   M    M  10 12     47 250
 5  50  31  41  -4  24   0    T    T    0  9.8 29 290   M    M   5        37 290
 6  53  23  38  -8  27   0 0.00  0.0    0  3.2 14 100   M    M   0        16 130
 7  49  33  41  -5  24   0 0.45  0.0    0  9.8 21  20   M    M   6 1      26  20
 8  60  39  50   3  15   0 0.18  0.0    0  9.8 17 310   M    M   7 1      25 320
 9  58  36  47   0  18   0 0.00  0.0    0  8.5 20 330   M    M   1        25 260
10  72  46  59  12   6   0 0.06  0.0    0 14.3 36 240   M    M   4        45 230
11  66  43  55   7  10   0 0.00  0.0    0  4.5 20 250   M    M   3 12     22 250
12  73  39  56   8   9   0 0.00  0.0    0  7.2 23 190   M    M   3        32 230
13  76  58  67  19   0   2 0.00  0.0    0 12.3 25 230   M    M   5        35 210
14  71  32  52   3  13   0 0.19    T    0 15.0 33 220   M    M   8 1      46 230
15  35  25  30 -19  35   0 0.13  1.0    1 11.9 22 280   M    M   8 1      32 260
16  44  19  32 -18  33   0 0.00  0.0    0  6.2 15  90   M    M   0        23 130
17  67  31  49  -1  16   0 0.00  0.0    0  8.1 21 240   M    M   0        29 200
18  67  43  55   5  10   0 0.00  0.0    0  5.7 20 250   M    M   3        24 270
19  54  35  45  -6  20   0 0.00  0.0    0 10.4 20  90   M    M   0        26  90
================================================================================
SM 1104  677       343   2  2.20     1.0 190.3          M       80
================================================================================
AV 58.1 35.6                              10.0 FASTST   M    M   4    MAX(MPH)
                                 MISC ---->  # 39 250               # 55  240
================================================================================
NOTES:
# LAST OF SEVERAL OCCURRENCES

COLUMN 17 PEAK WIND IN M.P.H.

PRELIMINARY LOCAL CLIMATOLOGICAL DATA (WS FORM: F-6) , PAGE 2

                                          STATION:  TOLEDO OH
                                          MONTH:    APRIL
                                          YEAR:     2014
                                          LATITUDE:   41 35 N
                                          LONGITUDE:  83 48 W

[TEMPERATURE DATA]      [PRECIPITATION DATA]       SYMBOLS USED IN COLUMN 16

AVERAGE MONTHLY: 46.9   TOTAL FOR MONTH:   2.20    1 = FOG OR MIST
DPTR FM NORMAL:  -0.4   DPTR FM NORMAL:    0.17    2 = FOG REDUCING VISIBILITY
HIGHEST:    76 ON 13    GRTST 24HR  1.15 ON  3- 3      TO 1/4 MILE OR LESS
LOWEST:     19 ON 16                               3 = THUNDER
                        SNOW, ICE PELLETS, HAIL    4 = ICE PELLETS
                        TOTAL MONTH:   1.0 INCH    5 = HAIL
                        GRTST 24HR   1.0 ON 15-15  6 = FREEZING RAIN OR DRIZZLE
                        GRTST DEPTH:   1 ON 15     7 = DUSTSTORM OR SANDSTORM:
                                                       VSBY 1/2 MILE OR LESS
                                                   8 = SMOKE OR HAZE
[NO. OF DAYS WITH]      [WEATHER - DAYS WITH]      9 = BLOWING SNOW
                                                   X = TORNADO
MAX 32 OR BELOW:   0    0.01 INCH OR MORE:   8
MAX 90 OR ABOVE:   0    0.10 INCH OR MORE:   5
MIN 32 OR BELOW:   7    0.50 INCH OR MORE:   1
MIN  0 OR BELOW:   0    1.00 INCH OR MORE:   1

[HDD (BASE 65) ]
TOTAL THIS MO.   343    CLEAR  (SCALE 0-3)   6
DPTR FM NORMAL     4    PTCLDY (SCALE 4-7)  11
TOTAL FM JUL 1  6787    CLOUDY (SCALE 8-10)  2
DPTR FM NORMAL  1022

[CDD (BASE 65) ]
TOTAL THIS MO.     2
DPTR FM NORMAL     2    [PRESSURE DATA]
TOTAL FM JAN 1     2    HIGHEST SLP M ON M
DPTR FM NORMAL     2    LOWEST  SLP 29.33 ON  8

[REMARKS]
