000
CXUS53 KOAX 261000
CF6TQE
PRELIMINARY LOCAL CLIMATOLOGICAL DATA (WS FORM: F-6)

                                          STATION:   TEKAMAH, NEBRASKA
                                          MONTH:     FEBRUARY
                                          YEAR:      2015
                                          LATITUDE:   41 46 N
                                          LONGITUDE:  96 11 W

  TEMPERATURE IN F:       :PCPN:    SNOW:  WIND      :SUNSHINE: SKY     :PK WND
================================================================================
1   2   3   4   5  6A  6B    7    8   9   10  11  12  13   14  15   16   17  18
                                     12Z  AVG MX 2MIN
DY MAX MIN AVG DEP HDD CDD  WTR  SNW DPTH SPD SPD DIR MIN PSBL S-S WX    SPD DR
================================================================================

 1  33   2  18  -6  47   0 0.70    M    M 24.7 38 350   M    M   9 129    45 350
 2  17 -12   3 -21  62   0 0.00    M    M  9.2 22 180   M    M   2        25 170
 3  29   6  18  -6  47   0 0.00    M    M  7.2 16 330   M    M   3        19 150
 4  22 -13   5 -19  60   0 0.19    M    M 13.1 25 350   M    M   5 1      29 350
 5  20 -15   3 -21  62   0 0.00    M    M 11.9 22 190   M    M   0 18     26 200
 6  36  16  26   2  39   0 0.00    M    M  8.8 16 160   M    M   0 1      17 140
 7  46  19  33   9  32   0 0.00    M    M  6.9 15 160   M    M   1 12     16 150
 8  44  29  37  12  28   0    T    M    M  9.0 21 360   M    M   4 18     24 360
 9  36  33  35  10  30   0 0.00    M    M  6.8 21 150   M    M  10 1      23 150
10  40  32  36  11  29   0 0.00    M    M 14.5 26 180   M    M  10 12     31 180
11  38  13  26   1  39   0 0.00    M    M 22.0 36 340   M    M   7        41 340
12  20   7  14 -12  51   0 0.00    M    M 11.4 30 350   M    M   3        35 350
13  47  16  32   6  33   0 0.00    M    M  8.2 18 330   M    M   2        22 320
14  37  13  25  -1  40   0    T    M    M 16.1 31  10   M    M   8        38  10
15  18   9  14 -12  51   0 0.00    M    M 10.0 18 140   M    M  10        21 140
16  37  18  28   2  37   0 0.00    M    M  8.1 17 360   M    M   9        21 330
17  24  13  19  -8  46   0    T    M    M 12.7 29 320   M    M   4 1      35 320
18  17   2  10 -17  55   0 0.00    M    M 14.4 28 340   M    M   1        33 340
19  22  -2  10 -18  55   0 0.00    M    M  8.6 17 160   M    M   3        21 140
20  44  14  29   1  36   0    T    M    M 11.3 21 180   M    M   2        24 180
21  36  17  27  -1  38   0 0.00    M    M 15.4 25 340   M    M   7 18     31 340
22  18   1  10 -18  55   0 0.00    M    M 15.4 25 320   M    M   3        30 330
23  28  -4  12 -17  53   0 0.00    M    M 10.3 20 200   M    M   0        24 190
24  48  19  34   5  31   0 0.00    M    M 13.6 30 320   M    M   2        38 320
25  40   8  24  -6  41   0 0.05    M    M 19.2 33 360   M    M   9 19     38 360
================================================================================
SM  797  241      1097   0  0.94    M    308.8          M      114
================================================================================
AV 31.9  9.6                              12.4 FASTST   M    M   5    MAX(MPH)
                                 MISC ---->  # 38 350               # 45  350
================================================================================
NOTES:
# LAST OF SEVERAL OCCURRENCES

COLUMN 17 PEAK WIND IN M.P.H.

PRELIMINARY LOCAL CLIMATOLOGICAL DATA (WS FORM: F-6) , PAGE 2

                                          STATION:  TEKAMAH, NEBRASKA
                                          MONTH:    FEBRUARY
                                          YEAR:     2015
                                          LATITUDE:   41 46 N
                                          LONGITUDE:  96 11 W

[TEMPERATURE DATA]      [PRECIPITATION DATA]       SYMBOLS USED IN COLUMN 16

AVERAGE MONTHLY: 20.8   TOTAL FOR MONTH:   0.94    1 = FOG OR MIST
DPTR FM NORMAL:  -5.3   DPTR FM NORMAL:    0.53    2 = FOG REDUCING VISIBILITY
HIGHEST:    48 ON 24    GRTST 24HR  0.70 ON  1- 1      TO 1/4 MILE OR LESS
LOWEST:    -15 ON  5                               3 = THUNDER
                        SNOW, ICE PELLETS, HAIL    4 = ICE PELLETS
                        TOTAL MONTH:    M          5 = HAIL
                        GRTST 24HR    M  ON   M    6 = FREEZING RAIN OR DRIZZLE
                        GRTST DEPTH:  M  ON   M    7 = DUSTSTORM OR SANDSTORM:
                                                       VSBY 1/2 MILE OR LESS
                                                   8 = SMOKE OR HAZE
[NO. OF DAYS WITH]      [WEATHER - DAYS WITH]      9 = BLOWING SNOW
                                                   X = TORNADO
MAX 32 OR BELOW:  11    0.01 INCH OR MORE:   3
MAX 90 OR ABOVE:   0    0.10 INCH OR MORE:   2
MIN 32 OR BELOW:  24    0.50 INCH OR MORE:   1
MIN  0 OR BELOW:   5    1.00 INCH OR MORE:   0

[HDD (BASE 65) ]
TOTAL THIS MO.  1097    CLEAR  (SCALE 0-3)  11
DPTR FM NORMAL   123    PTCLDY (SCALE 4-7)   8
TOTAL FM JUL 1  4755    CLOUDY (SCALE 8-10)  6
DPTR FM NORMAL  -205

[CDD (BASE 65) ]
TOTAL THIS MO.     0
DPTR FM NORMAL     0    [PRESSURE DATA]
TOTAL FM JAN 1     0    HIGHEST SLP M ON M
DPTR FM NORMAL     0    LOWEST  SLP 29.60 ON  7

[REMARKS]
