803
CXUS56 KSGX 241445
CF6TRM
PRELIMINARY LOCAL CLIMATOLOGICAL DATA (WS FORM: F-6)

                                          STATION:   THERMAL AIRPORT CA
                                          MONTH:     JUNE
                                          YEAR:      2017
                                          LATITUDE:   33 37 N
                                          LONGITUDE: 116 10 W

  TEMPERATURE IN F:       :PCPN:    SNOW:  WIND      :SUNSHINE: SKY     :PK WND
================================================================================
1   2   3   4   5  6A  6B    7    8   9   10  11  12  13   14  15   16   17  18
                                     12Z  AVG MX 2MIN
DY MAX MIN AVG DEP HDD CDD  WTR  SNW DPTH SPD SPD DIR MIN PSBL S-S WX    SPD DR
================================================================================

 1  95  68  82   0   0  17 0.00  0.0    0  7.8 15 140   M    M   0        20 140
 2 101  60  81  -1   0  16 0.00  0.0    0  4.6 13 140   M    M   0        16 150
 3 107  60  84   2   0  19 0.00  0.0    0  7.2 16 150   M    M   0        21 130
 4 105  68  87   4   0  22 0.00  0.0    0  5.2 15 330   M    M   0        19 330
 5 106  67  87   4   0  22 0.00  0.0    0  5.3 14 140   M    M   0        18 130
 6 102  65  84   1   0  19 0.00  0.0    0  5.8 18 150   M    M   0        23 130
 7 100  65  83   0   0  18 0.00  0.0    0  5.7 13 330   M    M   0        17 330
 8 104  71  88   4   0  23 0.00  0.0    0  8.7 24 340   M    M   0        29 330
 9 104  73  89   5   0  24 0.00  0.0    0 11.2 25 340   M    M   0        32 350
10  99  74  87   3   0  22 0.00  0.0    0 12.4 28 340   M    M   0        36 330
11  90  68  79  -5   0  14 0.00  0.0    0 15.1 26 330   M    M   0        35 330
12  91  66  79  -5   0  14 0.00  0.0    0 10.5 26 330   M    M   0        34 330
13  98  64  81  -4   0  16 0.00  0.0    0  7.6 20 330   M    M   0        28 340
14 105  63  84  -1   0  19 0.00  0.0    0  7.0 15 130   M    M   0        18 140
15 110  66  88   3   0  23 0.00  0.0    0  5.7 15 130   M    M   0        18 130
16 112  72  92   7   0  27 0.00  0.0    0  6.1 14 130   M    M   0        19 140
17 112  67  90   4   0  25 0.00  0.0    0  6.1 18 330   M    M   0        24 330
18 114  69  92   6   0  27 0.00  0.0    0  5.8 14 330   M    M   0        18 320
19 116  73  95   9   0  30 0.00  0.0    0  7.8 14 330   M    M   0        18 320
20 123  92 108  22   0  43 0.00  0.0    0  8.7 21 340   M    M   0        28 330
21 114  84  99  12   0  34 0.00  0.0    0  8.5 21 340   M    M   0        26 340
22 109  70  90   3   0  25 0.00  0.0    0  4.2 13 140   M    M   0        18 140
23 109  70  90   3   0  25 0.00  0.0    0  5.9 15 140   M    M   0        20 160
================================================================================
SM 2426 1595         0 524  0.00     0.0 172.9          M        0
================================================================================
AV105.5 69.4                               7.5 FASTST   M    M   0    MAX(MPH)
                                 MISC ---->  # 28 340               # 36  330
================================================================================
NOTES:
# LAST OF SEVERAL OCCURRENCES

COLUMN 17 PEAK WIND IN M.P.H.

PRELIMINARY LOCAL CLIMATOLOGICAL DATA (WS FORM: F-6) , PAGE 2

                                          STATION:  THERMAL AIRPORT CA
                                          MONTH:    JUNE
                                          YEAR:     2017
                                          LATITUDE:   33 37 N
                                          LONGITUDE: 116 10 W

[TEMPERATURE DATA]      [PRECIPITATION DATA]       SYMBOLS USED IN COLUMN 16

AVERAGE MONTHLY: 87.4   TOTAL FOR MONTH:   0.00    1 = FOG OR MIST
DPTR FM NORMAL:   2.9   DPTR FM NORMAL:   -0.02    2 = FOG REDUCING VISIBILITY
HIGHEST:   123 ON 20    GRTST 24HR  0.00 ON 23-23      TO 1/4 MILE OR LESS
LOWEST:     60 ON  3, 2                            3 = THUNDER
                        SNOW, ICE PELLETS, HAIL    4 = ICE PELLETS
                        TOTAL MONTH:   0.0 INCH    5 = HAIL
                        GRTST 24HR     0.0         6 = FREEZING RAIN OR DRIZZLE
                        GRTST DEPTH:   0           7 = DUSTSTORM OR SANDSTORM:
                                                       VSBY 1/2 MILE OR LESS
                                                   8 = SMOKE OR HAZE
[NO. OF DAYS WITH]      [WEATHER - DAYS WITH]      9 = BLOWING SNOW
                                                   X = TORNADO
MAX 32 OR BELOW:   0    0.01 INCH OR MORE:   0
MAX 90 OR ABOVE:  23    0.10 INCH OR MORE:   0
MIN 32 OR BELOW:   0    0.50 INCH OR MORE:   0
MIN  0 OR BELOW:   0    1.00 INCH OR MORE:   0

[HDD (BASE 65) ]
TOTAL THIS MO.     0    CLEAR  (SCALE 0-3)  23
DPTR FM NORMAL     0    PTCLDY (SCALE 4-7)   0
TOTAL FM JUL 1   904    CLOUDY (SCALE 8-10)  0
DPTR FM NORMAL  -277

[CDD (BASE 65) ]
TOTAL THIS MO.   524
DPTR FM NORMAL    77    [PRESSURE DATA]
TOTAL FM JAN 1  1498    HIGHEST SLP M ON M
DPTR FM NORMAL   378    LOWEST  SLP 29.69 ON 21

[REMARKS]
