000
CXUS51 KPHI 300800
CF6TTN
PRELIMINARY LOCAL CLIMATOLOGICAL DATA (WS FORM: F-6)

                                          STATION:   TRENTON NJ
                                          MONTH:     JUNE
                                          YEAR:      2015
                                          LATITUDE:   40 16 N
                                          LONGITUDE:  74 49 W

  TEMPERATURE IN F:       :PCPN:    SNOW:  WIND      :SUNSHINE: SKY     :PK WND
================================================================================
1   2   3   4   5  6A  6B    7    8   9   10  11  12  13   14  15   16   17  18
                                     12Z  AVG MX 2MIN
DY MAX MIN AVG DEP HDD CDD  WTR  SNW DPTH SPD SPD DIR MIN PSBL S-S WX    SPD DR
================================================================================

 1  66  54  60  -6   5   0 1.32    M    M  9.7 16  60   M    M   9 13     22  60
 2  56  50  53 -13  12   0 0.32    M    M  8.2 16  50   M    M  10 1      21  60
 3  70  53  62  -5   3   0    T    M    M  7.0 13 140   M    M   9 1      17  80
 4  66  56  61  -6   4   0    T    M    M 10.3 20  80   M    M   9        25 100
 5  73  54  64  -4   1   0 0.52    M    M  5.2 10  20   M    M  10 1      15  20
 6  79  60  70   2   0   5    T    M    M  5.6 16  60   M    M   7 1      20  60
 7  78  51  65  -3   0   0 0.00    M    M  7.8 17 170   M    M   3        30 260
 8  84  61  73   5   0   8 0.75    M    M 11.4 23 300   M    M   6 1      33 300
 9  84  66  75   6   0  10 0.08    M    M  8.4 17 290   M    M   4 1      29 280
10  83  59  71   2   0   6 0.00    M    M  5.0 16 220   M    M   1        20 220
11  92  66  79  10   0  14 0.00    M    M  6.8 13 220   M    M   1 18     18 260
12  92  72  82  12   0  17 0.00    M    M  6.4 17 220   M    M   1 8      23 220
13  84  74  79   9   0  14 0.00    M    M  6.5 18 350   M    M   2        23 360
14  87  69  78   8   0  13 0.32    M    M  4.6 17 190   M    M   5 13     24 190
15  88  68  78   7   0  13 0.05    M    M  7.5 17 360   M    M   8 138    22  10
16  90  66  78   7   0  13 0.14    M    M  5.6 13 260   M    M   7 128     M  M
17  81  63  72   1   0   7 0.00    M    M  6.8 16 150   M    M   4        21 140
18  69  63  66  -5   0   1 0.20    M    M  6.6 12 160   M    M  10 18     25 140
19  86  67  77   5   0  12 0.02    M    M  6.1 14 320   M    M   8 18     17  30
20  75  69  72   0   0   7 0.11    M    M  8.0 14  80   M    M   9 18     18 160
21  88  72  80   8   0  15 0.30    M    M  9.5 20 270   M    M   6 1      29 280
22  88  70  79   7   0  14 0.00    M    M  5.9 14 270   M    M   1        20 290
23  91  69  80   7   0  15 0.04    M    M  9.8 20 220   M    M   2 3      26 240
24  83  64  74   1   0   9 0.00    M    M  6.8 17 350   M    M   1        21 350
25  82  60  71  -2   0   6 0.02    M    M  3.6 10 250   M    M   3 1      14 260
26  81  65  73  -1   0   8 0.10    M    M  5.0 13 140   M    M   9 1      15 140
27  69  60  65  -9   0   0 1.72    M    M 10.9 22  90   M    M  10 1      30  80
28  76  63  70  -4   0   5 0.16    M    M  9.7 20 280   M    M   8 1      29 280
29  78  60  69  -5   0   4 0.00    M    M  6.5 15 260   M    M   2        20 260
================================================================================
SM 2319 1824        25 216  6.17    M    211.2          M      165
================================================================================
AV 80.0 62.9                               7.3 FASTST   M    M   6    MAX(MPH)
                                 MISC ---->  # 23 300               # 33  300
================================================================================
NOTES:
# LAST OF SEVERAL OCCURRENCES

COLUMN 17 PEAK WIND IN M.P.H.

PRELIMINARY LOCAL CLIMATOLOGICAL DATA (WS FORM: F-6) , PAGE 2

                                          STATION:  TRENTON NJ
                                          MONTH:    JUNE
                                          YEAR:     2015
                                          LATITUDE:   40 16 N
                                          LONGITUDE:  74 49 W

[TEMPERATURE DATA]      [PRECIPITATION DATA]       SYMBOLS USED IN COLUMN 16

AVERAGE MONTHLY: 71.4   TOTAL FOR MONTH:   6.17    1 = FOG OR MIST
DPTR FM NORMAL:   1.0   DPTR FM NORMAL:    1.89    2 = FOG REDUCING VISIBILITY
HIGHEST:    92 ON 12,11 GRTST 24HR  1.88 ON 27-28      TO 1/4 MILE OR LESS
LOWEST:     50 ON  2                               3 = THUNDER
                        SNOW, ICE PELLETS, HAIL    4 = ICE PELLETS
                        TOTAL MONTH:    M          5 = HAIL
                        GRTST 24HR    M  ON   M    6 = FREEZING RAIN OR DRIZZLE
                        GRTST DEPTH:  M  ON   M    7 = DUSTSTORM OR SANDSTORM:
                                                       VSBY 1/2 MILE OR LESS
                                                   8 = SMOKE OR HAZE
[NO. OF DAYS WITH]      [WEATHER - DAYS WITH]      9 = BLOWING SNOW
                                                   X = TORNADO
MAX 32 OR BELOW:   0    0.01 INCH OR MORE:  17
MAX 90 OR ABOVE:   4    0.10 INCH OR MORE:  12
MIN 32 OR BELOW:   0    0.50 INCH OR MORE:   4
MIN  0 OR BELOW:   0    1.00 INCH OR MORE:   2

[HDD (BASE 65) ]
TOTAL THIS MO.    25    CLEAR  (SCALE 0-3)   9
DPTR FM NORMAL     3    PTCLDY (SCALE 4-7)  11
TOTAL FM JUL 1  5398    CLOUDY (SCALE 8-10)  9
DPTR FM NORMAL   240

[CDD (BASE 65) ]
TOTAL THIS MO.   216
DPTR FM NORMAL    35    [PRESSURE DATA]
TOTAL FM JAN 1   355    HIGHEST SLP  0.00 ON 16
DPTR FM NORMAL   117    LOWEST  SLP 29.61 ON 28

[REMARKS]
