660
CXUS54 KTSA 250840
CF6TUL
PRELIMINARY LOCAL CLIMATOLOGICAL DATA (WS FORM: F-6)

                                          STATION:   TULSA OKLAHOMA
                                          MONTH:     MAY
                                          YEAR:      2016
                                          LATITUDE:   36 12 N
                                          LONGITUDE:  95 54 W

  TEMPERATURE IN F:       :PCPN:    SNOW:  WIND      :SUNSHINE: SKY     :PK WND
================================================================================
1   2   3   4   5  6A  6B    7    8   9   10  11  12  13   14  15   16   17  18
                                     12Z  AVG MX 2MIN
DY MAX MIN AVG DEP HDD CDD  WTR  SNW DPTH SPD SPD DIR MIN PSBL S-S WX    SPD DR
================================================================================

 1  69  48  59  -6   6   0    T  0.0    0  8.5 18 300   M    M   4        22 290
 2  64  46  55 -11  10   0 0.00  0.0    0  6.7 16 300   M    M   7        19 350
 3  74  43  59  -7   6   0 0.00  0.0    0  3.4 10 180   M    M   3 1      15 250
 4  78  53  66   0   0   1 0.00  0.0    0  9.8 23 350   M    M   0        30 330
 5  80  47  64  -2   1   0 0.00  0.0    0  4.3 15 350   M    M   1        19 340
 6  82  49  66  -1   0   1 0.00  0.0    0  6.0 13 160   M    M   2        16 160
 7  85  59  72   5   0   7 0.00  0.0    0 12.1 23 180   M    M   2        32 170
 8  75  65  70   3   0   5 0.01  0.0    0 14.6 26 170   M    M   7 13     33 170
 9  77  64  71   4   0   6 0.07  0.0    0 15.8 32 170   M    M   8 13     41 170
10  89  59  74   6   0   9 0.00  0.0    0  8.0 18 170   M    M   0        26 180
11  86  70  78  10   0  13 0.00  0.0    0 11.9 22 190   M    M   5 1      28 190
12  79  60  70   2   0   5 0.20  0.0    0  8.1 25 330   M    M   4 13     29 320
13  85  55  70   2   0   5    T  0.0    0 10.7 25  10   M    M   2 3      32  10
14  65  49  57 -12   8   0 0.00  0.0    0 10.9 25  10   M    M   5        34 360
15  69  54  62  -7   3   0 0.15  0.0    0  7.5 15 120   M    M   9 1      18 100
16  66  56  61  -8   4   0 0.67  0.0    0  6.7 20 140   M    M  10 13     24 140
17  64  56  60 -10   5   0 0.34  0.0    0 12.2 22 360   M    M  10 1      27 350
18  69  52  61  -9   4   0 0.00  0.0    0  8.5 18  40   M    M   7        24  30
19  64  49  57 -13   8   0 0.24  0.0    0  3.2 14  70   M    M   8 1      18  60
20  71  58  65  -5   0   0 0.10  0.0    0  3.1  9  10   M    M   8 1      11 360
21  81  59  70  -1   0   5 0.00  0.0    0  4.8 13 110   M    M   6 1      15 120
22  83  63  73   2   0   8 0.00  0.0    0 10.2 18 180   M    M   8        23 180
23  73  63  68  -3   0   3 0.47  0.0    0 10.2 24 170   M    M   8 13     28 170
24  86  68  77   6   0  12 0.15  0.0    0 10.6 28 130   M    M   9 13     37 120
================================================================================
SM 1814 1345        55  80  2.40     0.0 207.8          M      133
================================================================================
AV 75.6 56.0                               8.7 FASTST   M    M   6    MAX(MPH)
                                 MISC ---->  # 32 170               # 41  170
================================================================================
NOTES:
# LAST OF SEVERAL OCCURRENCES

COLUMN 17 PEAK WIND IN M.P.H.

PRELIMINARY LOCAL CLIMATOLOGICAL DATA (WS FORM: F-6) , PAGE 2

                                          STATION:  TULSA OKLAHOMA
                                          MONTH:    MAY
                                          YEAR:     2016
                                          LATITUDE:   36 12 N
                                          LONGITUDE:  95 54 W

[TEMPERATURE DATA]      [PRECIPITATION DATA]       SYMBOLS USED IN COLUMN 16

AVERAGE MONTHLY: 65.8   TOTAL FOR MONTH:   2.40    1 = FOG OR MIST
DPTR FM NORMAL:  -2.5   DPTR FM NORMAL:   -2.19    2 = FOG REDUCING VISIBILITY
HIGHEST:    89 ON 10    GRTST 24HR  0.87 ON 16-17      TO 1/4 MILE OR LESS
LOWEST:     43 ON  3                               3 = THUNDER
                        SNOW, ICE PELLETS, HAIL    4 = ICE PELLETS
                        TOTAL MONTH:   0.0 INCH    5 = HAIL
                        GRTST 24HR     0.0         6 = FREEZING RAIN OR DRIZZLE
                        GRTST DEPTH:   0           7 = DUSTSTORM OR SANDSTORM:
                                                       VSBY 1/2 MILE OR LESS
                                                   8 = SMOKE OR HAZE
[NO. OF DAYS WITH]      [WEATHER - DAYS WITH]      9 = BLOWING SNOW
                                                   X = TORNADO
MAX 32 OR BELOW:   0    0.01 INCH OR MORE:  10
MAX 90 OR ABOVE:   0    0.10 INCH OR MORE:   8
MIN 32 OR BELOW:   0    0.50 INCH OR MORE:   1
MIN  0 OR BELOW:   0    1.00 INCH OR MORE:   0

[HDD (BASE 65) ]
TOTAL THIS MO.    55    CLEAR  (SCALE 0-3)   7
DPTR FM NORMAL    19    PTCLDY (SCALE 4-7)  12
TOTAL FM JUL 1  2738    CLOUDY (SCALE 8-10)  5
DPTR FM NORMAL  -833

[CDD (BASE 65) ]
TOTAL THIS MO.    80
DPTR FM NORMAL   -34    [PRESSURE DATA]
TOTAL FM JAN 1   134    HIGHEST SLP M ON M
DPTR FM NORMAL   -45    LOWEST  SLP 29.53 ON  9

[REMARKS]
