000
CXUS54 KTSA 241417
CF6TUL
PRELIMINARY LOCAL CLIMATOLOGICAL DATA (WS FORM: F-6)
STATION: TULSA OKLAHOMA
MONTH: APRIL
YEAR: 2024
LATITUDE: 36 12 N
LONGITUDE: 95 54 W
TEMPERATURE IN F: :PCPN: SNOW: WIND :SUNSHINE: SKY :PK WND
================================================================================
1 2 3 4 5 6A 6B 7 8 9 10 11 12 13 14 15 16 17 18
12Z AVG MX 2MIN
DY MAX MIN AVG DEP HDD CDD WTR SNW DPTH SPD SPD DIR MIN PSBL S-S WX SPD DR
================================================================================
1 76 59 68 11 0 3 1.01 0.0 0 12.3 26 250 M M 10 13 33 240
2 59 44 52 -5 13 0 T 0.0 0 12.9 23 320 M M 7 8 29 310
3 64 44 54 -4 11 0 0.00 0.0 0 13.7 30 340 M M 2 44 340
4 70 38 54 -4 11 0 0.00 0.0 0 4.8 14 310 M M 1 1 20 310
5 74 39 57 -1 8 0 0.00 0.0 0 7.5 16 140 M M 6 18 22 150
6 79 57 68 10 0 3 0.06 0.0 0 19.0 37 170 M M 6 13 49 160
7 74 54 64 5 1 0 0.00 0.0 0 10.6 22 240 M M 2 30 230
8 77 46 62 3 3 0 0.00 0.0 0 8.1 17 180 M M 6 23 190
9 76 57 67 8 0 2 T 0.0 0 10.4 21 40 M M 8 28 50
10 63 50 57 -2 8 0 0.35 0.0 0 9.9 23 360 M M 10 1 33 350
11 69 48 59 -1 6 0 0.00 0.0 0 14.1 30 310 M M 3 38 350
12 75 38 57 -3 8 0 0.00 0.0 0 4.0 15 150 M M 2 20 150
13 85 51 68 8 0 3 0.00 0.0 0 14.7 32 170 M M 0 47 200
14 87 64 76 16 0 11 0.00 0.0 0 15.8 22 170 M M 3 32 190
15 77 62 70 9 0 5 T 0.0 0 15.4 30 160 M M 8 13 43 150
16 85 66 76 15 0 11 T 0.0 0 17.6 33 190 M M 6 3 47 190
17 86 53 70 9 0 5 0.00 0.0 0 9.2 21 150 M M 2 28 140
18 83 53 68 7 0 3 T 0.0 0 16.1 26 340 M M 8 33 340
19 66 47 57 -5 8 0 0.00 0.0 0 11.2 22 40 M M 7 31 50
20 63 50 57 -5 8 0 0.00 0.0 0 11.7 21 360 M M 9 28 40
21 66 42 54 -8 11 0 0.00 0.0 0 7.4 17 350 M M 4 27 320
22 72 39 56 -6 9 0 0.00 0.0 0 13.1 25 170 M M 3 35 170
23 77 56 67 4 0 2 0.00 0.0 0 10.5 22 190 M M 4 32 200
================================================================================
SM 1703 1157 105 48 1.42 0.0 270.0 M 117
================================================================================
AV 74.0 50.3 11.7 FASTST M M 5 MAX(MPH)
MISC ----> 37 170 49 160
================================================================================
NOTES:
# LAST OF SEVERAL OCCURRENCES
COLUMN 17 PEAK WIND IN M.P.H.
PRELIMINARY LOCAL CLIMATOLOGICAL DATA (WS FORM: F-6) , PAGE 2
STATION: TULSA OKLAHOMA
MONTH: APRIL
YEAR: 2024
LATITUDE: 36 12 N
LONGITUDE: 95 54 W
[TEMPERATURE DATA] [PRECIPITATION DATA] SYMBOLS USED IN COLUMN 16
AVERAGE MONTHLY: 62.2 TOTAL FOR MONTH: 1.42 1 = FOG OR MIST
DPTR FM NORMAL: 2.3 DPTR FM NORMAL: -1.67 2 = FOG REDUCING VISIBILITY
HIGHEST: 87 ON 14 GRTST 24HR 1.01 ON 1- 1 TO 1/4 MILE OR LESS
LOWEST: 38 ON 12, 4 3 = THUNDER
SNOW, ICE PELLETS, HAIL 4 = ICE PELLETS
TOTAL MONTH: 0.0 INCH 5 = HAIL
GRTST 24HR 0.0 6 = FREEZING RAIN OR DRIZZLE
GRTST DEPTH: 0 7 = DUSTSTORM OR SANDSTORM:
VSBY 1/2 MILE OR LESS
8 = SMOKE OR HAZE
[NO. OF DAYS WITH] [WEATHER - DAYS WITH] 9 = BLOWING SNOW
X = TORNADO
MAX 32 OR BELOW: 0 0.01 INCH OR MORE: 3
MAX 90 OR ABOVE: 0 0.10 INCH OR MORE: 2
MIN 32 OR BELOW: 0 0.50 INCH OR MORE: 1
MIN 0 OR BELOW: 0 1.00 INCH OR MORE: 1
[HDD (BASE 65) ]
TOTAL THIS MO. 105 CLEAR (SCALE 0-3) 8
DPTR FM NORMAL -48 PTCLDY (SCALE 4-7) 11
TOTAL FM JUL 1 2929 CLOUDY (SCALE 8-10) 4
DPTR FM NORMAL -454
[CDD (BASE 65) ]
TOTAL THIS MO. 48
DPTR FM NORMAL 9 [PRESSURE DATA]
TOTAL FM JAN 1 70 HIGHEST SLP M ON M
DPTR FM NORMAL 14 LOWEST SLP 29.47 ON 1
[REMARKS]