000
CXUS54 KTSA 280840
CF6TUL
PRELIMINARY LOCAL CLIMATOLOGICAL DATA (WS FORM: F-6)

                                          STATION:   TULSA OKLAHOMA
                                          MONTH:     JULY
                                          YEAR:      2015
                                          LATITUDE:   36 12 N
                                          LONGITUDE:  95 54 W

  TEMPERATURE IN F:       :PCPN:    SNOW:  WIND      :SUNSHINE: SKY     :PK WND
================================================================================
1   2   3   4   5  6A  6B    7    8   9   10  11  12  13   14  15   16   17  18
                                     12Z  AVG MX 2MIN
DY MAX MIN AVG DEP HDD CDD  WTR  SNW DPTH SPD SPD DIR MIN PSBL S-S WX    SPD DR
================================================================================

 1  96  79  88   7   0  23 0.00  0.0    0 14.0 24 200   M    M   8        32 210
 2  94  73  84   2   0  19 0.66  0.0    0  9.2 29 180   M    M   8 13     39 200
 3  92  72  82   0   0  17    T  0.0    0  7.3 17  20   M    M   5        22  20
 4  91  69  80  -2   0  15 0.00  0.0    0  5.3 13 180   M    M   3 18     17 180
 5  95  73  84   2   0  19 0.00  0.0    0 11.7 22 180   M    M   4        27 180
 6  92  71  82   0   0  17 0.13  0.0    0 13.0 25 170   M    M   9 3      31 170
 7  80  67  74  -8   0   9 0.81  0.0    0  7.6 16 360   M    M  10 18     20 350
 8  74  67  71 -11   0   6 2.07  0.0    0  5.6 14 190   M    M  10 1      18 190
 9  80  71  76  -6   0  11 2.35  0.0    0  5.0 21 280   M    M   9 123    27 250
10  91  70  81  -2   0  16 0.00  0.0    0 10.3 21 180   M    M   7 12     27 190
11  93  75  84   1   0  19 0.00  0.0    0 14.0 22 180   M    M   5        27 180
12  95  77  86   3   0  21 0.00  0.0    0 13.0 22 200   M    M   2        30 190
13  98  79  89   6   0  24 0.00  0.0    0 12.1 22 180   M    M   3        27 190
14  98  80  89   6   0  24 0.00  0.0    0  8.8 16 170   M    M   4        20 150
15  97  81  89   6   0  24 0.00  0.0    0  9.2 20 180   M    M   5        23 180
16  97  78  88   5   0  23 0.00  0.0    0 13.0 22 170   M    M   2        27 190
17  96  80  88   5   0  23 0.00  0.0    0 11.7 22 180   M    M   5        27 180
18  97  77  87   4   0  22 0.00  0.0    0 13.6 23 170   M    M   4        29 200
19  98  79  89   6   0  24 0.00  0.0    0 10.0 18 190   M    M   2        22 190
20  97  77  87   4   0  22    T  0.0    0  8.1 24 180   M    M   6 13     28 170
21  84  74  79  -4   0  14 0.27  0.0    0  4.6 14 310   M    M  10 13     15 300
22  90  74  82  -1   0  17 0.12  0.0    0  6.4 17 160   M    M   8 13     21 190
23  94  74  84   0   0  19 0.30  0.0    0  6.4 25 330   M    M   5 13     32 330
24  99  78  89   5   0  24 0.00  0.0    0  7.3 13 180   M    M   2 8      17 170
25  97  79  88   4   0  23 0.00  0.0    0  7.0 15 170   M    M   5        19 160
26  97  76  87   3   0  22 0.00  0.0    0  7.0 15 170   M    M   4        21 180
27  97  77  87   3   0  22 0.00  0.0    0  7.6 17 170   M    M   2        21 210
================================================================================
SM 2509 2027         0 519  6.71     0.0 248.8          M      147
================================================================================
AV 92.9 75.1                               9.2 FASTST   M    M   5    MAX(MPH)
                                 MISC ---->  # 29 180               # 39  200
================================================================================
NOTES:
# LAST OF SEVERAL OCCURRENCES

COLUMN 17 PEAK WIND IN M.P.H.

PRELIMINARY LOCAL CLIMATOLOGICAL DATA (WS FORM: F-6) , PAGE 2

                                          STATION:  TULSA OKLAHOMA
                                          MONTH:    JULY
                                          YEAR:     2015
                                          LATITUDE:   36 12 N
                                          LONGITUDE:  95 54 W

[TEMPERATURE DATA]      [PRECIPITATION DATA]       SYMBOLS USED IN COLUMN 16

AVERAGE MONTHLY: 84.0   TOTAL FOR MONTH:   6.71    1 = FOG OR MIST
DPTR FM NORMAL:   1.2   DPTR FM NORMAL:    3.72    2 = FOG REDUCING VISIBILITY
HIGHEST:    99 ON 24    GRTST 24HR  2.82 ON  7- 8      TO 1/4 MILE OR LESS
LOWEST:     67 ON  8, 7                            3 = THUNDER
                        SNOW, ICE PELLETS, HAIL    4 = ICE PELLETS
                        TOTAL MONTH:   0.0 INCH    5 = HAIL
                        GRTST 24HR     0.0         6 = FREEZING RAIN OR DRIZZLE
                        GRTST DEPTH:   0           7 = DUSTSTORM OR SANDSTORM:
                                                       VSBY 1/2 MILE OR LESS
                                                   8 = SMOKE OR HAZE
[NO. OF DAYS WITH]      [WEATHER - DAYS WITH]      9 = BLOWING SNOW
                                                   X = TORNADO
MAX 32 OR BELOW:   0    0.01 INCH OR MORE:   8
MAX 90 OR ABOVE:  23    0.10 INCH OR MORE:   8
MIN 32 OR BELOW:   0    0.50 INCH OR MORE:   4
MIN  0 OR BELOW:   0    1.00 INCH OR MORE:   2

[HDD (BASE 65) ]
TOTAL THIS MO.     0    CLEAR  (SCALE 0-3)   6
DPTR FM NORMAL     0    PTCLDY (SCALE 4-7)  16
TOTAL FM JUL 1     0    CLOUDY (SCALE 8-10)  5
DPTR FM NORMAL     0

[CDD (BASE 65) ]
TOTAL THIS MO.   519
DPTR FM NORMAL    39    [PRESSURE DATA]
TOTAL FM JAN 1  1206    HIGHEST SLP M ON M
DPTR FM NORMAL   113    LOWEST  SLP 29.70 ON 13

[REMARKS]
