000
CXUS53 KAPX 190631
CF6TVC
PRELIMINARY LOCAL CLIMATOLOGICAL DATA (WS FORM: F-6)

                                          STATION:   TRAVERSE CITY MI
                                          MONTH:     SEPTEMBER
                                          YEAR:      2014
                                          LATITUDE:   44 44 N
                                          LONGITUDE:  85 34 W

  TEMPERATURE IN F:       :PCPN:    SNOW:  WIND      :SUNSHINE: SKY     :PK WND
================================================================================
1   2   3   4   5  6A  6B    7    8   9   10  11  12  13   14  15   16   17  18
                                     12Z  AVG MX 2MIN
DY MAX MIN AVG DEP HDD CDD  WTR  SNW DPTH SPD SPD DIR MIN PSBL S-S WX    SPD DR
================================================================================

 1  80  65  73   8   0   8 0.43    M    M  5.6 24 260   M    M   6 13     30 260
 2  76  62  69   5   0   4 0.00    M    M  6.2 17 290   M    M   3        22 280
 3  81  60  71   7   0   6 0.00    M    M  3.9 14 260   M    M   3        19 260
 4  80  64  72   8   0   7 0.37    M    M  6.4 18 250   M    M   7 13     29 270
 5  77  64  71   7   0   6 2.69    M    M  7.3 20 280   M    M   9 13     27 340
 6  73  54  64   1   1   0 0.00    M    M  6.9 18 280   M    M   5        24 280
 7  77  50  64   1   1   0 0.00    M    M  3.5 13 260   M    M   1        18 230
 8  78  53  66   3   0   1 0.00    M    M  3.5 14 190   M    M   4        20 200
 9  82  60  71   9   0   6 0.00    M    M  2.7 10 160   M    M   3        17 130
10  71  51  61  -1   4   0 0.24    M    M  9.3 25 290   M    M   7 18     33 320
11  67  48  58  -4   7   0 0.03    M    M 10.2 23 310   M    M  10 1      35 310
12  53  45  49 -12  16   0 0.32    M    M  5.3 13  30   M    M  10        17  40
13  55  40  48 -13  17   0 0.08    M    M  3.2 16 320   M    M   8 1      20 320
14  62  39  51 -10  14   0 0.00    M    M  5.9 15 230   M    M   7        22 260
15  59  45  52  -8  13   0 0.03    M    M  3.5 12 280   M    M   7        14 220
16  64  46  55  -5  10   0 0.00    M    M  5.2 15 270   M    M   4 1      19 280
17  68  50  59  -1   6   0 0.00    M    M  6.7 16 260   M    M   4        23 250
18  60  47  54  -5  11   0 0.00    M    M  5.8 10  10   M    M   7        14  20
================================================================================
SM 1263  943       100  38  4.19    M    101.1          M      105
================================================================================
AV 70.2 52.4                               5.6 FASTST   M    M   6    MAX(MPH)
                                 MISC ---->  # 25 290               # 35  310
================================================================================
NOTES:
# LAST OF SEVERAL OCCURRENCES

COLUMN 17 PEAK WIND IN M.P.H.

PRELIMINARY LOCAL CLIMATOLOGICAL DATA (WS FORM: F-6) , PAGE 2

                                          STATION:  TRAVERSE CITY MI
                                          MONTH:    SEPTEMBER
                                          YEAR:     2014
                                          LATITUDE:   44 44 N
                                          LONGITUDE:  85 34 W

[TEMPERATURE DATA]      [PRECIPITATION DATA]       SYMBOLS USED IN COLUMN 16

AVERAGE MONTHLY: 61.3   TOTAL FOR MONTH:   4.19    1 = FOG OR MIST
DPTR FM NORMAL:  -0.8   DPTR FM NORMAL:    2.07    2 = FOG REDUCING VISIBILITY
HIGHEST:    82 ON  9    GRTST 24HR  2.89 ON  4- 5      TO 1/4 MILE OR LESS
LOWEST:     39 ON 14                               3 = THUNDER
                        SNOW, ICE PELLETS, HAIL    4 = ICE PELLETS
                        TOTAL MONTH:    M          5 = HAIL
                        GRTST 24HR    M  ON   M    6 = FREEZING RAIN OR DRIZZLE
                        GRTST DEPTH:  M  ON   M    7 = DUSTSTORM OR SANDSTORM:
                                                       VSBY 1/2 MILE OR LESS
                                                   8 = SMOKE OR HAZE
[NO. OF DAYS WITH]      [WEATHER - DAYS WITH]      9 = BLOWING SNOW
                                                   X = TORNADO
MAX 32 OR BELOW:   0    0.01 INCH OR MORE:   8
MAX 90 OR ABOVE:   0    0.10 INCH OR MORE:   5
MIN 32 OR BELOW:   0    0.50 INCH OR MORE:   1
MIN  0 OR BELOW:   0    1.00 INCH OR MORE:   1

[HDD (BASE 65) ]
TOTAL THIS MO.   100    CLEAR  (SCALE 0-3)   2
DPTR FM NORMAL    17    PTCLDY (SCALE 4-7)  13
TOTAL FM JUL 1   179    CLOUDY (SCALE 8-10)  3
DPTR FM NORMAL    27

[CDD (BASE 65) ]
TOTAL THIS MO.    38
DPTR FM NORMAL     8    [PRESSURE DATA]
TOTAL FM JAN 1   370    HIGHEST SLP M ON M
DPTR FM NORMAL   -29    LOWEST  SLP 29.39 ON 10

[REMARKS]
