000
CXUS55 KREV 010854
CF6TVL

PRELIMINARY LOCAL CLIMATOLOGICAL DATA (WS FORM: F-6)

                                          STATION:   SOUTH LAKE TAHOE CA
                                          MONTH:     JANUARY
                                          YEAR:      2015
                                          LATITUDE:   38 53 N
                                          LONGITUDE: 119 60 W

  TEMPERATURE IN F:       :PCPN:    SNOW:  WIND      :SUNSHINE: SKY     :PK WND
================================================================================
1   2   3   4   5  6A  6B    7    8   9   10  11  12  13   14  15   16   17  18
                                     12Z  AVG MX 2MIN
DY MAX MIN AVG DEP HDD CDD  WTR  SNW DPTH SPD SPD DIR MIN PSBL S-S WX    SPD DR
================================================================================

 1  42   3  23  -6  42   0 0.00  0.0    1  2.3 10  30   M    M   M        15  40
 2  46  11  29   0  36   0 0.00  0.0    T  2.6  7  30   M    M   M        10  30
 3  50  16  33   4  32   0 0.00  0.0    0  2.0  9  40   M    M   M        12  30
 4  53  22  38   9  27   0 0.00  0.0    0  1.2  7  30   M    M   M         8  20
 5  54  24  39  10  26   0 0.00  0.0    0  2.2 29 210   M    M   M        29 210
 6  59  26  43  13  22   0 0.00  0.0    0  0.8  1 190   M    M   M         4 190
 7  57  24  41  11  24   0 0.00  0.0    0  2.3  9  40   M    M   M        11  40
 8  50  21  36   6  29   0 0.00  0.0    0  1.6  8  40   M    M   M 8      10  40
 9  46  27  37   7  28   0 0.00  0.0    0  0.6  7  30   M    M   M 8       8  40
10  52  30  41  11  24   0 0.00  0.0    0  1.8  9  20   M    M   M        15  20
11  52  28  40  10  25   0 0.00  0.0    0  2.5 13 210   M    M   M        18 200
12  47  28  38   8  27   0 0.00  0.0    0  3.2 12  40   M    M   M        15  30
13  44  23  34   4  31   0 0.00  0.0    0  1.8 12  80   M    M   M        19  90
14  48  17  33   3  32   0 0.00  0.0    0  2.4  9  40   M    M   M        11  40
15  50  19  35   5  30   0 0.00  0.0    0  4.0 15 180   M    M   M        19 170
16  50  39  45  15  20   0    T  0.0    0  9.4 24 190   M    M   M        32 180
17  58  30  44  14  21   0    T  0.0    0  3.7 13 160   M    M   M        18 200
18  58  32  45  15  20   0 0.00  0.0    0  6.9 20 190   M    M   M        28 190
19  57  28  43  13  22   0 0.00  0.0    0  3.0 12 190   M    M   M        15 190
20  50  26  38   8  27   0 0.00  0.0    0  1.9  8 210   M    M   M        15 230
21  50  20  35   5  30   0 0.00  0.0    0  1.7  7  20   M    M   M        11  30
22  47  20  34   4  31   0 0.00  0.0    0  2.2  9  30   M    M   M        11  30
23  53  21  37   7  28   0 0.00  0.0    0  3.9 15  40   M    M   M        20  90
24  60  25  43  13  22   0 0.00  0.0    0  5.3 17  80   M    M   M        27  50
25  66  29  48  18  17   0 0.00  0.0    0  3.1 10 190   M    M   M        14 210
26  60  26  43  13  22   0 0.00  0.0    0  2.7  8  40   M    M   M        11  40
27  45  30  38   8  27   0 0.10    T    0  2.5 12 200   M    M   M 1      17 190
28  51  25  38   8  27   0 0.00  0.0    0  3.1 12  50   M    M   M        16  40
29  50  24  37   7  28   0    T  0.0    0  1.2  9  40   M    M   M        12  30
30  49  30  40  10  25   0 0.00  0.0    0  4.6 17  30   M    M   M        23  20
31  54  26  40  10  25   0 0.00  0.0    0  2.7 15  30   M    M   M        21  10
================================================================================
SM 1608  750       827   0  0.10    T     89.2          M        M
================================================================================
AV 51.9 24.2                               2.9 FASTST   M    M  -1    MAX(MPH)
                                 MISC ---->  # 29 210               # 32  180
================================================================================
NOTES:
# LAST OF SEVERAL OCCURRENCES

COLUMN 17 PEAK WIND IN M.P.H.

PRELIMINARY LOCAL CLIMATOLOGICAL DATA (WS FORM: F-6) , PAGE 2

                                          STATION:  SOUTH LAKE TAHOE CA
                                          MONTH:    JANUARY
                                          YEAR:     2015
                                          LATITUDE:   38 53 N
                                          LONGITUDE: 119 60 W

[TEMPERATURE DATA]      [PRECIPITATION DATA]       SYMBOLS USED IN COLUMN 16

AVERAGE MONTHLY: 38.0   TOTAL FOR MONTH:   0.10    1 = FOG OR MIST
DPTR FM NORMAL:   8.5   DPTR FM NORMAL:   -2.57    2 = FOG REDUCING VISIBILITY
HIGHEST:    66 ON 25    GRTST 24HR  0.10 ON 27-27      TO 1/4 MILE OR LESS
LOWEST:      3 ON  1                               3 = THUNDER
                        SNOW, ICE PELLETS, HAIL    4 = ICE PELLETS
                        TOTAL MONTH:    T          5 = HAIL
                        GRTST 24HR    T  ON 27-27  6 = FREEZING RAIN OR DRIZZLE
                        GRTST DEPTH:   1 ON  1     7 = DUSTSTORM OR SANDSTORM:
                                                       VSBY 1/2 MILE OR LESS
                                                   8 = SMOKE OR HAZE
[NO. OF DAYS WITH]      [WEATHER - DAYS WITH]      9 = BLOWING SNOW
                                                   X = TORNADO
MAX 32 OR BELOW:   0    0.01 INCH OR MORE:   1
MAX 90 OR ABOVE:   0    0.10 INCH OR MORE:   1
MIN 32 OR BELOW:  30    0.50 INCH OR MORE:   0
MIN  0 OR BELOW:   0    1.00 INCH OR MORE:   0

[HDD (BASE 65) ]
TOTAL THIS MO.   827    CLEAR  (SCALE 0-3)   0
DPTR FM NORMAL  -272    PTCLDY (SCALE 4-7)   0
TOTAL FM JUL 1  3170    CLOUDY (SCALE 8-10)  0
DPTR FM NORMAL -1112

[CDD (BASE 65) ]
TOTAL THIS MO.     0
DPTR FM NORMAL     0    [PRESSURE DATA]
TOTAL FM JAN 1     0    HIGHEST SLP M ON M
DPTR FM NORMAL     0    LOWEST  SLP 29.95 ON 10

[REMARKS]

THE AVERAGE TEMPERATURE FOR JANUARY 2015 AT SOUTH LAKE TAHOE WAS
38.0 DEGREES.  THIS IS 8.5 DEGREES ABOVE NORMAL.  THIS MAKES JANUARY
2015 THE WARMEST JANUARY ON RECORD AT SOUTH LAKE TAHOE.

THE WARMEST TEMPERATURE FOR THE MONTH WAS 66 DEGREES WHICH WAS
RECORDED ON THE 25TH.  THE LOWEST READING FOR JANUARY WAS 3 DEGREES
WHICH OCCURRED ON THE 1ST.

FOR JANUARY 2015 SOUTH LAKE TAHOE RECORDED A TOTAL OF 0.10 INCH OF
PRECIPITATION.  THIS IS 2.57 INCHES BELOW NORMAL.  A TOTAL OF A
TRACE OF SNOWFALL WAS REPORTED FOR JANUARY.

THE AVERAGE WIND SPEED FOR THE MONTH WAS 2.9 MPH.  THE HIGHEST WIND
GUST FOR THE MONTH WAS 32 MPH FROM THE SOUTH WHICH OCCURRED ON THE
16TH.


#FINAL-01-15#
