000
CXUS55 KBOI 311002
CF6TWF
PRELIMINARY LOCAL CLIMATOLOGICAL DATA (WS FORM: F-6)

                                          STATION:   TWIN FALLS ID
                                          MONTH:     JULY
                                          YEAR:      2014
                                          LATITUDE:   42 28 N
                                          LONGITUDE: 114 29 W

  TEMPERATURE IN F:       :PCPN:    SNOW:  WIND      :SUNSHINE: SKY     :PK WND
================================================================================
1   2   3   4   5  6A  6B    7    8   9   10  11  12  13   14  15   16   17  18
                                     12Z  AVG MX 2MIN
DY MAX MIN AVG DEP HDD CDD  WTR  SNW DPTH SPD SPD DIR MIN PSBL S-S WX    SPD DR
================================================================================

 1  90  47  69  -1   0   4 0.00    M    M 10.7 18  50   M    M   0        23  60
 2  96  56  76   5   0  11 0.00    M    M 11.2 22 310   M    M   0        26 180
 3  94  66  80   9   0  15 0.00    M    M  9.4 21 260   M    M   0        26 260
 4  98  60  79   8   0  14 0.00    M    M  7.2 14 190   M    M   0        17 200
 5  95  69  82  10   0  17 0.00    M    M 11.1 20 280   M    M   0        23 280
 6  99  66  83  11   0  18 0.00    M    M  7.7 15 180   M    M   0        18 180
 7  97  69  83  11   0  18 0.00    M    M 14.2 20 270   M    M   0        24 220
 8  96  70  83  10   0  18 0.00    M    M 12.0 17 270   M    M   0        20 260
 9  97  72  85  12   0  20 0.00    M    M 14.5 24 270   M    M   0        29 270
10  96  67  82   9   0  17 0.00    M    M 10.6 18 270   M    M   1        22 280
11  97  69  83  10   0  18 0.00    M    M 11.3 25 200   M    M   0        34 210
12  96  72  84  10   0  19    T    M    M 10.6 28 250   M    M   0        36 250
13 101  61  81   7   0  16 0.00    M    M  6.9 15 160   M    M   0        18 160
14 104  65  85  11   0  20 0.00    M    M  8.8 18 190   M    M   0        23 200
15  95  70  83   9   0  18 0.00    M    M 17.7 28 270   M    M   0        35 270
16  91  61  76   2   0  11 0.00    M    M  8.3 15 180   M    M   0        20 230
17  95  69  82   7   0  17 0.00    M    M 11.3 17 290   M    M   0        22 280
18  94  69  82   7   0  17 0.00    M    M 13.1 20 260   M    M   0 8      25 250
19  93  65  79   4   0  14 0.00    M    M 13.5 20 280   M    M   0 8      26 250
20  92  66  79   4   0  14    T    M    M  9.9 21 250   M    M   0        27 250
21  84  61  73  -2   0   8 0.22    M    M  8.4 21 240   M    M   1 3      26 250
22  96  57  77   2   0  12 0.01    M    M  8.0 15 190   M    M   0        20  30
23  99  65  82   7   0  17 0.00    M    M 10.8 21 210   M    M   0 8      26 230
24  78  58  68  -7   0   3 0.00    M    M 15.1 25 260   M    M   0        32 250
25  85  54  70  -5   0   5 0.00    M    M 11.1 17 200   M    M   0        23 200
26  91  58  75   0   0  10 0.00    M    M  8.2 15 180   M    M   0        19 180
27 100  63  82   7   0  17 0.00    M    M  7.8 15 190   M    M   0        16  20
28  92  71  82   7   0  17 0.00    M    M  8.4 16 330   M    M   0        21 340
29  90  59  75   0   0  10    T    M    M  8.8 24 360   M    M   2 8      30  10
30  91  60  76   1   0  11 0.00    M    M  7.1 24  10   M    M   0        29  10
================================================================================
SM 2822 1915         0 426  0.23    M    313.7          M        4
================================================================================
AV 94.1 63.8                              10.5 FASTST   M    M   0    MAX(MPH)
                                 MISC ---->  # 28 270                 36    M
================================================================================
NOTES:
# LAST OF SEVERAL OCCURRENCES

COLUMN 17 PEAK WIND IN M.P.H.

PRELIMINARY LOCAL CLIMATOLOGICAL DATA (WS FORM: F-6) , PAGE 2

                                          STATION:  TWIN FALLS ID
                                          MONTH:    JULY
                                          YEAR:     2014
                                          LATITUDE:   42 28 N
                                          LONGITUDE: 114 29 W

[TEMPERATURE DATA]      [PRECIPITATION DATA]       SYMBOLS USED IN COLUMN 16

AVERAGE MONTHLY: 78.9   TOTAL FOR MONTH:   0.23    1 = FOG OR MIST
DPTR FM NORMAL:   5.2   DPTR FM NORMAL:   -0.06    2 = FOG REDUCING VISIBILITY
HIGHEST:   104 ON 14    GRTST 24HR  0.22 ON 21-21      TO 1/4 MILE OR LESS
LOWEST:     47 ON  1                               3 = THUNDER
                        SNOW, ICE PELLETS, HAIL    4 = ICE PELLETS
                        TOTAL MONTH:    M          5 = HAIL
                        GRTST 24HR    M  ON   M    6 = FREEZING RAIN OR DRIZZLE
                        GRTST DEPTH:  M  ON   M    7 = DUSTSTORM OR SANDSTORM:
                                                       VSBY 1/2 MILE OR LESS
                                                   8 = SMOKE OR HAZE
[NO. OF DAYS WITH]      [WEATHER - DAYS WITH]      9 = BLOWING SNOW
                                                   X = TORNADO
MAX 32 OR BELOW:   0    0.01 INCH OR MORE:   2
MAX 90 OR ABOVE:  27    0.10 INCH OR MORE:   1
MIN 32 OR BELOW:   0    0.50 INCH OR MORE:   0
MIN  0 OR BELOW:   0    1.00 INCH OR MORE:   0

[HDD (BASE 65) ]
TOTAL THIS MO.     0    CLEAR  (SCALE 0-3)  30
DPTR FM NORMAL    -3    PTCLDY (SCALE 4-7)   0
TOTAL FM JUL 1     0    CLOUDY (SCALE 8-10)  0
DPTR FM NORMAL    -3

[CDD (BASE 65) ]
TOTAL THIS MO.   426
DPTR FM NORMAL   160    [PRESSURE DATA]
TOTAL FM JAN 1   546    HIGHEST SLP M ON M
DPTR FM NORMAL   171    LOWEST  SLP 29.62 ON 20

[REMARKS]
