000
CXUS54 KSHV 241300
CF6TYR
PRELIMINARY LOCAL CLIMATOLOGICAL DATA (WS FORM: F-6)

                                          STATION:   TYLER
                                          MONTH:     FEBRUARY
                                          YEAR:      2017
                                          LATITUDE:   32 22 N
                                          LONGITUDE:  95 24 W

  TEMPERATURE IN F:       :PCPN:    SNOW:  WIND      :SUNSHINE: SKY     :PK WND
================================================================================
1   2   3   4   5  6A  6B    7    8   9   10  11  12  13   14  15   16   17  18
                                     12Z  AVG MX 2MIN
DY MAX MIN AVG DEP HDD CDD  WTR  SNW DPTH SPD SPD DIR MIN PSBL S-S WX    SPD DR
================================================================================

 1  77  53  65  17   0   0 0.00  0.0    0 11.9 22 190   M    M   0        27 200
 2  65  45  55   7  10   0 0.00  0.0    0  9.0 15 330   M    M   8 18     18 350
 3  56  41  49   1  16   0 0.00  0.0    0  9.6 17  30   M    M   5        23  40
 4  51  41  46  -2  19   0    T  0.0    0  8.3 16 110   M    M  10        19 110
 5  70  48  59  11   6   0 0.04  0.0    0  5.6 14 180   M    M   8 18     18 170
 6  74  64  69  20   0   4 0.01  0.0    0 13.6 23 190   M    M   9 1      29 190
 7  80  53  67  18   0   2 0.00  0.0    0 11.5 23 270   M    M   3        32 250
 8  78  47  63  14   2   0 0.00  0.0    0 12.1 22 340   M    M   0        29 300
 9  63  36  50   1  15   0 0.00  0.0    0  8.4 17  10   M    M   0        22  20
10  73  44  59  10   6   0 0.00  0.0    0 13.5 24 180   M    M   5        34 190
11  85  68  77  27   0  12 0.00  0.0    0 15.5 24 210   M    M   6        31 210
12  75  65  70  20   0   5 0.00  0.0    0 10.1 21  50   M    M   7        29  50
13  68  57  63  13   2   0 0.00  0.0    0 11.5 18  80   M    M   8        26  80
14  58  44  51   1  14   0 0.85  0.0    0 12.2 24  70   M    M  10 1      33  70
15  61  39  50  -1  15   0 0.00  0.0    0  8.2 21 320   M    M   3        26 320
16  65  32  49  -2  16   0 0.00  0.0    0  4.7 14 200   M    M   0        16 190
17  69  42  56   5   9   0    T  0.0    0  9.9 21 190   M    M   2        26 170
18  81  54  68  17   0   3 0.00  0.0    0  7.9 16 190   M    M   4 1      19 200
19  77  60  69  17   0   4    T  0.0    0 12.5 21 150   M    M   6 1      27 140
20  70  52  61   9   4   0 1.35  0.0    0  8.3 37 250   M    M   9 1238   55 250
21  73  55  64  12   1   0 0.00  0.0    0  6.4 20 310   M    M   6 1      25 300
22  80  48  64  12   1   0 0.00  0.0    0  4.6 10 170   M    M   0        12 190
23  85  56  71  19   0   6 0.00  0.0    0 14.4 26 180   M    M   0        34 190
================================================================================
SM 1634 1144       136  36  2.25     0.0 229.7          M      109
================================================================================
AV 71.0 49.7                              10.0 FASTST   M    M   5    MAX(MPH)
                                 MISC ---->  # 37 250               # 55  250
================================================================================
NOTES:
# LAST OF SEVERAL OCCURRENCES

COLUMN 17 PEAK WIND IN M.P.H.

PRELIMINARY LOCAL CLIMATOLOGICAL DATA (WS FORM: F-6) , PAGE 2

                                          STATION:  TYLER
                                          MONTH:    FEBRUARY
                                          YEAR:     2017
                                          LATITUDE:   32 22 N
                                          LONGITUDE:  95 24 W

[TEMPERATURE DATA]      [PRECIPITATION DATA]       SYMBOLS USED IN COLUMN 16

AVERAGE MONTHLY: 60.4   TOTAL FOR MONTH:   2.25    1 = FOG OR MIST
DPTR FM NORMAL:  10.4   DPTR FM NORMAL:   -0.83    2 = FOG REDUCING VISIBILITY
HIGHEST:    85 ON 23,11 GRTST 24HR  1.35 ON 20-20      TO 1/4 MILE OR LESS
LOWEST:     32 ON 16                               3 = THUNDER
                        SNOW, ICE PELLETS, HAIL    4 = ICE PELLETS
                        TOTAL MONTH:   0.0 INCH    5 = HAIL
                        GRTST 24HR     0.0         6 = FREEZING RAIN OR DRIZZLE
                        GRTST DEPTH:   0           7 = DUSTSTORM OR SANDSTORM:
                                                       VSBY 1/2 MILE OR LESS
                                                   8 = SMOKE OR HAZE
[NO. OF DAYS WITH]      [WEATHER - DAYS WITH]      9 = BLOWING SNOW
                                                   X = TORNADO
MAX 32 OR BELOW:   0    0.01 INCH OR MORE:   4
MAX 90 OR ABOVE:   0    0.10 INCH OR MORE:   2
MIN 32 OR BELOW:   1    0.50 INCH OR MORE:   2
MIN  0 OR BELOW:   0    1.00 INCH OR MORE:   1

[HDD (BASE 65) ]
TOTAL THIS MO.   136    CLEAR  (SCALE 0-3)   8
DPTR FM NORMAL  -215    PTCLDY (SCALE 4-7)  11
TOTAL FM JUL 1  1047    CLOUDY (SCALE 8-10)  4
DPTR FM NORMAL  -782

[CDD (BASE 65) ]
TOTAL THIS MO.    36
DPTR FM NORMAL    36    [PRESSURE DATA]
TOTAL FM JAN 1    55    HIGHEST SLP M ON M
DPTR FM NORMAL    51    LOWEST  SLP 29.59 ON 23

[REMARKS]
