474
CXUS56 KEKA 261230
CF6UKI
PRELIMINARY LOCAL CLIMATOLOGICAL DATA (WS FORM: F-6)

                                          STATION:   UKIAH CA
                                          MONTH:     FEBRUARY
                                          YEAR:      2017
                                          LATITUDE:   39  7 N
                                          LONGITUDE: 123 12 W

  TEMPERATURE IN F:       :PCPN:    SNOW:  WIND      :SUNSHINE: SKY     :PK WND
================================================================================
1   2   3   4   5  6A  6B    7    8   9   10  11  12  13   14  15   16   17  18
                                     12Z  AVG MX 2MIN
DY MAX MIN AVG DEP HDD CDD  WTR  SNW DPTH SPD SPD DIR MIN PSBL S-S WX    SPD DR
================================================================================

 1  58  37  48   0  17   0 0.01    M    0  3.4 15 150   M    M   4        22 160
 2  57  48  53   5  12   0 0.28  0.0    0  7.5 18 160   M    M  10 1      27 170
 3  57  51  54   6  11   0 0.76  0.0    0  6.3 15 180   M    M  10 1      23 170
 4  56  50  53   5  12   0 0.08  0.0    0  5.4 12 150   M    M   9 1      14 150
 5  54  49  52   4  13   0 0.60  0.0    0  7.6 21 150   M    M  10 1      27 150
 6  56  51  54   5  11   0 1.02  0.0    0  6.9 16 150   M    M  10 1      23 160
 7  62  51  57   8   8   0 1.39  0.0    0  5.7 18 270   M    M   8 1      35 180
 8  60  53  57   8   8   0 1.01  0.0    0  7.0 16 150   M    M  10 1      22 150
 9  60  53  57   8   8   0 2.04  0.0    0  8.8 20 150   M    M  10 1      26 150
10  58  42  50   1  15   0 0.01    M    0  2.8 14 340   M    M   7 2      17 310
11  64  37  51   2  14   0 0.00  0.0    0  2.4  8 300   M    M   1 1      10  30
12  67  33  50   1  15   0 0.00  0.0    0  0.7  8 300   M    M   1 1       9 320
13  68  43  56   7   9   0 0.00  0.0    0  0.3  5 280   M    M   2         7 230
14  72  43  58   8   7   0 0.00  0.0    0  1.2  7 170   M    M   1         9 170
15  66  52  59   9   6   0 0.01  0.0    0  8.6 20 160   M    M   8        28 180
16  61  47  54   4  11   0 1.05    M    0  6.4 20 160   M    M   5 1      32 150
17  55  47  51   1  14   0 1.01    M    0  4.9 20 120   M    M  10 1      31 170
18  54  46  50   0  15   0 0.09    M    0  6.9 18 270   M    M   9        28 310
19  53  43  48  -2  17   0 0.28    M    0 10.1 20 160   M    M  10 13     29 160
20  58  50  54   4  11   0 2.19  0.0    0 10.4 23 200   M    M  10 1      35 190
21  53  43  48  -2  17   0 0.23    M    0  3.4 14 200   M    M   9 1      20 180
22  51  35  43  -7  22   0 0.10    M    0  4.5 18 320   M    M   5 1      23 320
23  51  30  41  -9  24   0 0.00  0.0    0  3.9 13 280   M    M   1        18 270
24  53  29  41 -10  24   0 0.00  0.0    0  2.3 12 240   M    M   2        15 220
25  53  32  43  -8  22   0 0.00  0.0    0  2.0 10 120   M    M   4        13 130
================================================================================
SM 1457 1095       343   0 12.16     0.0 129.4          M      166
================================================================================
AV 58.3 43.8                               5.2 FASTST   M    M   7    MAX(MPH)
                                 MISC ---->  # 23 200               # 35  180
================================================================================
NOTES:
# LAST OF SEVERAL OCCURRENCES

COLUMN 17 PEAK WIND IN M.P.H.

PRELIMINARY LOCAL CLIMATOLOGICAL DATA (WS FORM: F-6) , PAGE 2

                                          STATION:  UKIAH CA
                                          MONTH:    FEBRUARY
                                          YEAR:     2017
                                          LATITUDE:   39  7 N
                                          LONGITUDE: 123 12 W

[TEMPERATURE DATA]      [PRECIPITATION DATA]       SYMBOLS USED IN COLUMN 16

AVERAGE MONTHLY: 51.0   TOTAL FOR MONTH:  12.16    1 = FOG OR MIST
DPTR FM NORMAL:   1.7   DPTR FM NORMAL:    6.37    2 = FOG REDUCING VISIBILITY
HIGHEST:    72 ON 14    GRTST 24HR  2.19 ON 20-20      TO 1/4 MILE OR LESS
LOWEST:     29 ON 24                               3 = THUNDER
                        SNOW, ICE PELLETS, HAIL    4 = ICE PELLETS
                        TOTAL MONTH:   0.0 INCH    5 = HAIL
                        GRTST 24HR     0.0         6 = FREEZING RAIN OR DRIZZLE
                        GRTST DEPTH:   0           7 = DUSTSTORM OR SANDSTORM:
                                                       VSBY 1/2 MILE OR LESS
                                                   8 = SMOKE OR HAZE
[NO. OF DAYS WITH]      [WEATHER - DAYS WITH]      9 = BLOWING SNOW
                                                   X = TORNADO
MAX 32 OR BELOW:   0    0.01 INCH OR MORE:  18
MAX 90 OR ABOVE:   0    0.10 INCH OR MORE:  13
MIN 32 OR BELOW:   3    0.50 INCH OR MORE:   9
MIN  0 OR BELOW:   0    1.00 INCH OR MORE:   7

[HDD (BASE 65) ]
TOTAL THIS MO.   343    CLEAR  (SCALE 0-3)   6
DPTR FM NORMAL   -47    PTCLDY (SCALE 4-7)   7
TOTAL FM JUL 1  2101    CLOUDY (SCALE 8-10) 12
DPTR FM NORMAL   -89

[CDD (BASE 65) ]
TOTAL THIS MO.     0
DPTR FM NORMAL     0    [PRESSURE DATA]
TOTAL FM JAN 1     0    HIGHEST SLP M ON M
DPTR FM NORMAL     0    LOWEST  SLP 29.30 ON  7

[REMARKS]
