000
CXUS53 KSGF 240710
CF6UNO
PRELIMINARY LOCAL CLIMATOLOGICAL DATA (WS FORM: F-6)
STATION: WEST PLAINS MO
MONTH: APRIL
YEAR: 2024
LATITUDE: 36 52 N
LONGITUDE: 91 55 W
TEMPERATURE IN F: :PCPN: SNOW: WIND :SUNSHINE: SKY :PK WND
================================================================================
1 2 3 4 5 6A 6B 7 8 9 10 11 12 13 14 15 16 17 18
12Z AVG MX 2MIN
DY MAX MIN AVG DEP HDD CDD WTR SNW DPTH SPD SPD DIR MIN PSBL S-S WX SPD DR
================================================================================
1 76 64 70 17 0 5 0.00 M M 8.1 16 170 M M 8 18 24 150
2 70 41 56 3 9 0 0.28 M M 11.5 24 310 M M 9 13 38 270
3 51 38 45 -9 20 0 T M M 11.8 24 300 M M 5 38 340
4 61 38 50 -4 15 0 0.00 M M 10.2 23 320 M M 0 34 310
5 66 32 49 -5 16 0 0.00 M M 3.2 10 110 M M 0 15 20
6 66 42 54 -1 11 0 0.00 M M 11.6 20 120 M M 0 28 110
7 79 48 64 9 1 0 0.00 M M 10.9 25 220 M M 3 41 240
8 79 40 60 5 5 0 0.00 M M 5.6 16 180 M M 0 24 180
9 71 58 65 9 0 0 0.13 M M 5.9 13 200 M M 9 138 21 220
10 63 51 57 1 8 0 0.25 M M 8.7 24 10 M M 10 1 36 30
11 66 51 59 3 6 0 0.02 M M 14.0 25 320 M M 3 42 290
12 71 42 57 1 8 0 0.00 M M 8.8 23 320 M M 0 34 300
13 85 45 65 8 0 0 0.00 M M 6.7 18 220 M M 0 30 220
14 86 61 74 17 0 9 0.00 M M 8.7 16 220 M M 0 23 220
15 84 59 72 15 0 7 0.00 M M 6.9 15 170 M M 2 1 22 160
16 76 66 71 13 0 6 T M M 12.3 23 190 M M 5 18 35 190
17 86 63 75 17 0 10 M M M 7.7 17 270 M M 0 27 260
18 83 53 68 10 0 3 0.00 M M 9.5 22 340 M M 6 138 35 340
19 66 48 57 -1 8 0 0.00 M M 9.6 18 30 M M 6 33 360
20 64 42 53 -6 12 0 0.00 M M 7.9 17 50 M M 1 26 20
21 61 37 49 -10 16 0 0.00 M M 7.1 18 310 M M 2 27 350
22 68 33 51 -8 14 0 0.00 M M 6.9 17 180 M M 0 24 210
23 79 46 63 3 2 0 0.01 M M 6.9 20 210 M M 4 35 210
================================================================================
SM 1657 1098 151 40 0.69 M 200.5 M 73
================================================================================
AV 72.0 47.7 8.7 FASTST M M 3 MAX(MPH)
MISC ----> # 25 220 42 290
================================================================================
NOTES:
# LAST OF SEVERAL OCCURRENCES
COLUMN 17 PEAK WIND IN M.P.H.
PRELIMINARY LOCAL CLIMATOLOGICAL DATA (WS FORM: F-6) , PAGE 2
STATION: WEST PLAINS MO
MONTH: APRIL
YEAR: 2024
LATITUDE: 36 52 N
LONGITUDE: 91 55 W
[TEMPERATURE DATA] [PRECIPITATION DATA] SYMBOLS USED IN COLUMN 16
AVERAGE MONTHLY: 59.9 TOTAL FOR MONTH: 0.69 1 = FOG OR MIST
DPTR FM NORMAL: 3.5 DPTR FM NORMAL: -3.17 2 = FOG REDUCING VISIBILITY
HIGHEST: 86 ON 17,14 GRTST 24HR 0.28 ON 2- 2 TO 1/4 MILE OR LESS
LOWEST: 32 ON 5 3 = THUNDER
SNOW, ICE PELLETS, HAIL 4 = ICE PELLETS
TOTAL MONTH: M 5 = HAIL
GRTST 24HR M ON M 6 = FREEZING RAIN OR DRIZZLE
GRTST DEPTH: M ON M 7 = DUSTSTORM OR SANDSTORM:
VSBY 1/2 MILE OR LESS
8 = SMOKE OR HAZE
[NO. OF DAYS WITH] [WEATHER - DAYS WITH] 9 = BLOWING SNOW
X = TORNADO
MAX 32 OR BELOW: 0 0.01 INCH OR MORE: 5
MAX 90 OR ABOVE: 0 0.10 INCH OR MORE: 3
MIN 32 OR BELOW: 1 0.50 INCH OR MORE: 0
MIN 0 OR BELOW: 0 1.00 INCH OR MORE: 0
[HDD (BASE 65) ]
TOTAL THIS MO. 151 CLEAR (SCALE 0-3) 12
DPTR FM NORMAL -63 PTCLDY (SCALE 4-7) 8
TOTAL FM JUL 1 3175 CLOUDY (SCALE 8-10) 3
DPTR FM NORMAL -960
[CDD (BASE 65) ]
TOTAL THIS MO. 40
DPTR FM NORMAL 23 [PRESSURE DATA]
TOTAL FM JAN 1 54 HIGHEST SLP M ON M
DPTR FM NORMAL 33 LOWEST SLP 29.51 ON 1
[REMARKS]