000
CXUS53 KUNR 230945
CF6UNR
PRELIMINARY LOCAL CLIMATOLOGICAL DATA (WS FORM: F-6)

                                          STATION:   EAST RAPID CITY SD
                                          MONTH:     JULY
                                          YEAR:      2017
                                          LATITUDE:   44  4 N
                                          LONGITUDE: 103 13 W

  TEMPERATURE IN F:       :PCPN:    SNOW:  WIND      :SUNSHINE: SKY     :PK WND
================================================================================
1   2   3   4   5  6A  6B    7    8   9   10  11  12  13   14  15   16   17  18
                                     12Z  AVG MX 2MIN
DY MAX MIN AVG DEP HDD CDD  WTR  SNW DPTH SPD SPD DIR MIN PSBL S-S WX    SPD DR
================================================================================

 1  89  56  73   3   0   8 0.00  0.0    0  5.6 15 360   M    M   M        21 350
 2  92  60  76   5   0  11 0.04  0.0    0  8.8 24 360   M    M   M 3      31  20
 3  91  65  78   7   0  13 0.01  0.0    0  7.8 20 330   M    M   M        25 330
 4  95  62  79   8   0  14    T  0.0    0  5.6 16 180   M    M   M 3      21 190
 5 102  72  87  16   0  22 0.00  0.0    0  8.5 25  10   M    M   M        32  10
 6  96  71  84  12   0  19 0.00  0.0    0  9.6 21 180   M    M   M        29 180
 7  91  66  79   7   0  14 0.00  0.0    0  6.8 33 330   M    M   M        47 330
 8  91  64  78   6   0  13 0.00  0.0    0  8.4 16  30   M    M   M        22  30
 9 101  68  85  13   0  20    T  0.0    0 11.1 29 360   M    M   M        47 260
10  90  67  79   7   0  14 0.15  0.0    0  7.2 28 300   M    M   M 3      41 300
11  93  58  76   3   0  11 0.28  0.0    0  8.6 38 300   M    M   M 3      55 300
12  81  63  72  -1   0   7 0.28  0.0    0  6.9 16 150   M    M   M 3      23 150
13  86  56  71  -2   0   6 0.00  0.0    0  6.5 16 140   M    M   M        24 140
14  97  64  81   8   0  16 0.00  0.0    0  6.8 20 140   M    M   M        30 310
15  95  71  83  10   0  18 0.00  0.0    0   M   M   M   M    M   M        20 140
16  96  66  81   7   0  16 0.00  0.0    0  9.4 23 340   M    M   M        35 180
17  96  69  83   9   0  18 0.04  0.0    0  6.9 23 280   M    M   M 3      40 270
18  88  63  76   2   0  11 0.13  0.0    0  7.9 21 340   M    M   M 3      32 340
19 100  66  83   9   0  18 0.00  0.0    0 11.5 33 350   M    M   M        51 360
20  97  64  81   7   0  16 0.14  0.0    0  8.9 36 330   M    M   M 3      49 330
21  93  64  79   5   0  14 0.00  0.0    0  9.5 24  10   M    M   M        38 340
22  92  68  80   6   0  15    T  0.0    0  8.0 16  10   M    M   M        21  10
================================================================================
SM 2052 1423         0 314  1.07     0.0 170.3          M        M
================================================================================
AV 93.3 64.7                               8.1 FASTST   M    M   1    MAX(MPH)
                                 MISC ---->  # 38 300               # 55  300
================================================================================
NOTES:
# LAST OF SEVERAL OCCURRENCES

COLUMN 17 PEAK WIND IN M.P.H.

PRELIMINARY LOCAL CLIMATOLOGICAL DATA (WS FORM: F-6) , PAGE 2

                                          STATION:  EAST RAPID CITY SD
                                          MONTH:    JULY
                                          YEAR:     2017
                                          LATITUDE:   44  4 N
                                          LONGITUDE: 103 13 W

[TEMPERATURE DATA]      [PRECIPITATION DATA]       SYMBOLS USED IN COLUMN 16

AVERAGE MONTHLY: 79.0   TOTAL FOR MONTH:   1.07    1 = FOG OR MIST
DPTR FM NORMAL:   6.4   DPTR FM NORMAL:   -0.59    2 = FOG REDUCING VISIBILITY
HIGHEST:   102 ON  5    GRTST 24HR  0.28 ON 12-12      TO 1/4 MILE OR LESS
LOWEST:     56 ON 13, 1                            3 = THUNDER
                        SNOW, ICE PELLETS, HAIL    4 = ICE PELLETS
                        TOTAL MONTH:   0.0 INCH    5 = HAIL
                        GRTST 24HR     0.0         6 = FREEZING RAIN OR DRIZZLE
                        GRTST DEPTH:   0           7 = DUSTSTORM OR SANDSTORM:
                                                       VSBY 1/2 MILE OR LESS
                                                   8 = SMOKE OR HAZE
[NO. OF DAYS WITH]      [WEATHER - DAYS WITH]      9 = BLOWING SNOW
                                                   X = TORNADO
MAX 32 OR BELOW:   0    0.01 INCH OR MORE:   8
MAX 90 OR ABOVE:  18    0.10 INCH OR MORE:   5
MIN 32 OR BELOW:   0    0.50 INCH OR MORE:   0
MIN  0 OR BELOW:   0    1.00 INCH OR MORE:   0

[HDD (BASE 65) ]
TOTAL THIS MO.     0    CLEAR  (SCALE 0-3)   0
DPTR FM NORMAL    -6    PTCLDY (SCALE 4-7)   0
TOTAL FM JUL 1     0    CLOUDY (SCALE 8-10)  0
DPTR FM NORMAL    -6

[CDD (BASE 65) ]
TOTAL THIS MO.   314
DPTR FM NORMAL   138    [PRESSURE DATA]
TOTAL FM JAN 1   469    HIGHEST SLP 30.25 ON 15
DPTR FM NORMAL   184    LOWEST  SLP 29.50 ON 11

[REMARKS]
