000
CXUS53 KUNR 230945
CF6UNR
PRELIMINARY LOCAL CLIMATOLOGICAL DATA (WS FORM: F-6)

                                          STATION:   EAST RAPID CITY SD
                                          MONTH:     FEBRUARY
                                          YEAR:      2018
                                          LATITUDE:   44  4 N
                                          LONGITUDE: 103 13 W

  TEMPERATURE IN F:       :PCPN:    SNOW:  WIND      :SUNSHINE: SKY     :PK WND
================================================================================
1   2   3   4   5  6A  6B    7    8   9   10  11  12  13   14  15   16   17  18
                                     12Z  AVG MX 2MIN
DY MAX MIN AVG DEP HDD CDD  WTR  SNW DPTH SPD SPD DIR MIN PSBL S-S WX    SPD DR
================================================================================

 1  19   2  11 -16  54   0    T    T    0  7.1 15 360   M    M   M        20 360
 2  42  10  26  -1  39   0 0.00  0.0    0  4.1  9 180   M    M   M        12 120
 3  45   1  23  -4  42   0 0.02  0.8    1 15.6 34 360   M    M   M 9      46 360
 4  11  -6   3 -24  62   0 0.10  1.0    2 10.5 29 350   M    M   M        38 350
 5  17   5  11 -16  54   0 0.02  0.4    2 12.1 26 350   M    M   M        38 350
 6  27   2  15 -12  50   0    T    T    1  9.9 26 330   M    M   M        36 330
 7  41   6  24  -3  41   0 0.01  0.1    1  7.3 20 330   M    M   M        28 320
 8  22   2  12 -15  53   0 0.16  2.7    T 10.1 23 360   M    M   M 46     30 360
 9   2  -3   0 -27  65   0 0.09  1.8    3  6.3 15 360   M    M   M        21 360
10  16  -7   5 -22  60   0 0.00  0.0    4  4.4 10 110   M    M   M        13 120
11  29   5  17 -11  48   0 0.01  0.6    4  8.1 20 350   M    M   M        26 350
12   6   1   4 -24  61   0 0.04  1.0    3  6.0 12 140   M    M   M        14 110
13  38   0  19  -9  46   0 0.00  0.0    4  4.8 10 280   M    M   M        14 280
14  54  28  41  13  24   0 0.00  0.0    2  7.4 16  40   M    M   M        24 260
15  34   2  18 -10  47   0 0.02  0.5    T 13.1 30 350   M    M   M        44 350
16  38   0  19  -9  46   0 0.00  0.0    1  6.2 15 120   M    M   M        18 110
17  32  22  27  -1  38   0 0.00  0.0    T  8.3 21 300   M    M   M        26 290
18  33   3  18 -11  47   0 0.25  5.7    T 16.0 38 350   M    M   M        53 350
19   3  -3   0 -29  65   0 0.19  5.2    6 12.7 22 350   M    M   M        29 350
20   5  -4   1 -28  64   0 0.01  0.1    9  6.4 15 360   M    M   M        18 360
21  14  -9   3 -26  62   0 0.00  0.0    7  5.4 14 130   M    M   M        17 130
22  22   1  12 -18  53   0 0.00  0.0    7  4.7 14 330   M    M   M        17 330
================================================================================
SM  550   58      1121   0  0.92    19.9 186.5          M        M
================================================================================
AV 25.0  2.6                               8.5 FASTST   M    M   5    MAX(MPH)
                                 MISC ---->  # 38 350               # 53  350
================================================================================
NOTES:
# LAST OF SEVERAL OCCURRENCES

COLUMN 17 PEAK WIND IN M.P.H.

PRELIMINARY LOCAL CLIMATOLOGICAL DATA (WS FORM: F-6) , PAGE 2

                                          STATION:  EAST RAPID CITY SD
                                          MONTH:    FEBRUARY
                                          YEAR:     2018
                                          LATITUDE:   44  4 N
                                          LONGITUDE: 103 13 W

[TEMPERATURE DATA]      [PRECIPITATION DATA]       SYMBOLS USED IN COLUMN 16

AVERAGE MONTHLY: 13.8   TOTAL FOR MONTH:   0.92    1 = FOG OR MIST
DPTR FM NORMAL: -14.0   DPTR FM NORMAL:    0.56    2 = FOG REDUCING VISIBILITY
HIGHEST:    54 ON 14    GRTST 24HR  0.25 ON 18-18      TO 1/4 MILE OR LESS
LOWEST:     -9 ON 21                               3 = THUNDER
                        SNOW, ICE PELLETS, HAIL    4 = ICE PELLETS
                        TOTAL MONTH:  19.9 INCHES  5 = HAIL
                        GRTST 24HR   5.7 ON 18-18  6 = FREEZING RAIN OR DRIZZLE
                        GRTST DEPTH:   9 ON 20     7 = DUSTSTORM OR SANDSTORM:
                                                       VSBY 1/2 MILE OR LESS
                                                   8 = SMOKE OR HAZE
[NO. OF DAYS WITH]      [WEATHER - DAYS WITH]      9 = BLOWING SNOW
                                                   X = TORNADO
MAX 32 OR BELOW:  14    0.01 INCH OR MORE:  12
MAX 90 OR ABOVE:   0    0.10 INCH OR MORE:   4
MIN 32 OR BELOW:  22    0.50 INCH OR MORE:   0
MIN  0 OR BELOW:   8    1.00 INCH OR MORE:   0

[HDD (BASE 65) ]
TOTAL THIS MO.  1121    CLEAR  (SCALE 0-3)   0
DPTR FM NORMAL   302    PTCLDY (SCALE 4-7)   0
TOTAL FM JUL 1  4865    CLOUDY (SCALE 8-10)  0
DPTR FM NORMAL   118

[CDD (BASE 65) ]
TOTAL THIS MO.     0
DPTR FM NORMAL     0    [PRESSURE DATA]
TOTAL FM JAN 1     0    HIGHEST SLP M ON M
DPTR FM NORMAL     0    LOWEST  SLP 29.27 ON 18

[REMARKS]
