000
CXUS53 KUNR 210945
CF6UNR
PRELIMINARY LOCAL CLIMATOLOGICAL DATA (WS FORM: F-6)

                                          STATION:   EAST RAPID CITY SD
                                          MONTH:     SEPTEMBER
                                          YEAR:      2017
                                          LATITUDE:   44  4 N
                                          LONGITUDE: 103 13 W

  TEMPERATURE IN F:       :PCPN:    SNOW:  WIND      :SUNSHINE: SKY     :PK WND
================================================================================
1   2   3   4   5  6A  6B    7    8   9   10  11  12  13   14  15   16   17  18
                                     12Z  AVG MX 2MIN
DY MAX MIN AVG DEP HDD CDD  WTR  SNW DPTH SPD SPD DIR MIN PSBL S-S WX    SPD DR
================================================================================

 1  84  66  75   7   0  10 0.02  0.0    0  9.7 23 330   M    M   M        35 340
 2  88  62  75   8   0  10 0.00  0.0    0  5.3 10 260   M    M   M        18 250
 3  93  68  81  14   0  16 0.00  0.0    0 11.0 25 330   M    M   M        37 330
 4  69  54  62  -5   3   0 0.00  0.0    0 12.7 25 310   M    M   M        37 330
 5  69  48  59  -7   6   0 0.00  0.0    0 10.6 23  10   M    M   M        31 360
 6  77  49  63  -3   2   0 0.00  0.0    0  5.0 12 140   M    M   M        15 260
 7  86  55  71   6   0   6 0.00  0.0    0  5.6 13  20   M    M   M        17 360
 8  87  60  74   9   0   9 0.02  0.0    0  8.3 20 110   M    M   M 3      30 110
 9  85  67  76  12   0  11 0.00  0.0    0 10.4 20 190   M    M   M        29 180
10  91  65  78  14   0  13 0.00  0.0    0  6.6 16 360   M    M   M        20 330
11  88  67  78  14   0  13 0.00  0.0    0  7.8 18 140   M    M   M        25 140
12  92  62  77  14   0  12 0.55  0.0    0  6.5 25 340   M    M   M 3      40 240
13  89  61  75  12   0  10 0.00  0.0    0  7.8 17 150   M    M   M 8      28 160
14  74  59  67   5   0   2    T  0.0    0 13.8 22 360   M    M   M        30  10
15  59  42  51 -11  14   0 0.55  0.0    0 11.5 26 360   M    M   M        33 360
16  50  40  45 -16  20   0 0.00  0.0    0  9.4 18 350   M    M   M        28 350
17  71  35  53  -8  12   0 0.00  0.0    0  7.1 22 150   M    M   M        35 150
18  81  51  66   6   0   1 0.00  0.0    0  7.2 17 130   M    M   M        22 140
19  71  43  57  -3   8   0 0.02  0.0    0  8.3 21 360   M    M   M        33 360
20  73  39  56  -3   9   0 0.00  0.0    0  5.9 18 190   M    M   M        28 210
================================================================================
SM 1577 1093        74 113  1.16     0.0 170.5          M        M
================================================================================
AV 78.9 54.7                               8.5 FASTST   M    M   1    MAX(MPH)
                                 MISC ---->  # 26 360               # 40  240
================================================================================
NOTES:
# LAST OF SEVERAL OCCURRENCES

COLUMN 17 PEAK WIND IN M.P.H.

PRELIMINARY LOCAL CLIMATOLOGICAL DATA (WS FORM: F-6) , PAGE 2

                                          STATION:  EAST RAPID CITY SD
                                          MONTH:    SEPTEMBER
                                          YEAR:     2017
                                          LATITUDE:   44  4 N
                                          LONGITUDE: 103 13 W

[TEMPERATURE DATA]      [PRECIPITATION DATA]       SYMBOLS USED IN COLUMN 16

AVERAGE MONTHLY: 66.8   TOTAL FOR MONTH:   1.16    1 = FOG OR MIST
DPTR FM NORMAL:   3.0   DPTR FM NORMAL:    0.12    2 = FOG REDUCING VISIBILITY
HIGHEST:    93 ON  3    GRTST 24HR  0.55 ON 15-15      TO 1/4 MILE OR LESS
LOWEST:     35 ON 17                               3 = THUNDER
                        SNOW, ICE PELLETS, HAIL    4 = ICE PELLETS
                        TOTAL MONTH:   0.0 INCH    5 = HAIL
                        GRTST 24HR     0.0         6 = FREEZING RAIN OR DRIZZLE
                        GRTST DEPTH:   0           7 = DUSTSTORM OR SANDSTORM:
                                                       VSBY 1/2 MILE OR LESS
                                                   8 = SMOKE OR HAZE
[NO. OF DAYS WITH]      [WEATHER - DAYS WITH]      9 = BLOWING SNOW
                                                   X = TORNADO
MAX 32 OR BELOW:   0    0.01 INCH OR MORE:   5
MAX 90 OR ABOVE:   3    0.10 INCH OR MORE:   2
MIN 32 OR BELOW:   0    0.50 INCH OR MORE:   2
MIN  0 OR BELOW:   0    1.00 INCH OR MORE:   0

[HDD (BASE 65) ]
TOTAL THIS MO.    74    CLEAR  (SCALE 0-3)   0
DPTR FM NORMAL   -10    PTCLDY (SCALE 4-7)   0
TOTAL FM JUL 1    79    CLOUDY (SCALE 8-10)  0
DPTR FM NORMAL   -35

[CDD (BASE 65) ]
TOTAL THIS MO.   113
DPTR FM NORMAL    54    [PRESSURE DATA]
TOTAL FM JAN 1   850    HIGHEST SLP M ON M
DPTR FM NORMAL   196    LOWEST  SLP 29.25 ON 19

[REMARKS]
