000
CXUS54 KEWX 010910
CF6UVA
PRELIMINARY LOCAL CLIMATOLOGICAL DATA (WS FORM: F-6)

                                          STATION:   UVALDE
                                          MONTH:     JANUARY
                                          YEAR:      2015
                                          LATITUDE:   29 12 N
                                          LONGITUDE:  99 44 W

  TEMPERATURE IN F:       :PCPN:    SNOW:  WIND      :SUNSHINE: SKY     :PK WND
================================================================================
1   2   3   4   5  6A  6B    7    8   9   10  11  12  13   14  15   16   17  18
                                     12Z  AVG MX 2MIN
DY MAX MIN AVG DEP HDD CDD  WTR  SNW DPTH SPD SPD DIR MIN PSBL S-S WX    SPD DR
================================================================================

 1   M   M   M   M   M   M    M    M    M  3.1  7  50   M    M  10 138     M  M
 2   M   M   M   M   M   M    M    M    M  3.5 10 290   M    M  10 18     16  30
 3   M   M   M   M   M   M    M    M    M  5.8  9 330   M    M   4         M  M
 4   M   M   M   M   M   M    M    M    M  5.8 10  30   M    M   0         M  M
 5   M   M   M   M   M   M    M    M    M  2.1  8  50   M    M   0         M  M
 6  63   M   M   M   M   M    M    M    M  1.7  6 200   M    M   0         M  M
 7  58  37  48   M  17   0    M    M    M  9.5 18  50   M    M   6        25  30
 8  43  30  37   M  28   0    M    M    M  6.4 14 360   M    M   6        18  10
 9  42  33  38   M  27   0    M    M    M  5.1  8  40   M    M  10 1       M  M
10  36  32  34   M  31   0    M    M    M  2.9  7  70   M    M  10 1       M  M
11  45  36  41   M  24   0    M    M    M  1.1  5 260   M    M   7 1       M  M
12  65  33  49   M  16   0    M    M    M  5.9 16  40   M    M   3 1      21  40
13  42  37  40   M  25   0    M    M    M  5.2  9 350   M    M  10         M  M
14  41  38  40   M  25   0    M    M    M  1.9  8  50   M    M  10 1       M  M
15  59  37  48   M  17   0    M    M    M  4.7 10 310   M    M   2        17 310
16  63  33  48   M  17   0    M    M    M  2.3  9 200   M    M   2         M  M
17  71  35  53   M  12   0    M    M    M  2.9 10 360   M    M   0 8       M  M
18  69  40  55   M  10   0    M    M    M  4.7  8 190   M    M   0         M  M
19  75  36  56   M   9   0    M    M    M  2.2  7 210   M    M   0         M  M
20  84  38  61   M   4   0    M    M    M  1.8 10  10   M    M   0         M  M
21  59  50  55   M  10   0    M    M    M  8.8 14  80   M    M   5 1      20  80
22  56  41  49   M  16   0    M    M    M  9.5 17 360   M    M  10        22 360
23  47  32  40   M  25   0    M    M    M  8.4 14 320   M    M   8        18 320
24  62  32  47   M  18   0    M    M    M  5.3 10 250   M    M   0         M  M
25  69  35  52   M  13   0    M    M    M  2.7 12 300   M    M   0        16 300
26  71  38  55   M  10   0    M    M    M  2.2  7 230   M    M   0         M  M
27  79  37  58   M   7   0    M    M    M  1.3  6 160   M    M   0         M  M
28  80  43  62   M   3   0    M    M    M  3.8 10 140   M    M   0         M  M
29  71  48  60   M   5   0    M    M    M  7.3 14  70   M    M   2 12      M  M
30  64  49  57   M   8   0    M    M    M  9.5 14  90   M    M   5        23  90
31  61  47  54   M  11   0 0.13    M    M  7.8 13 100   M    M  10 12     18 100
================================================================================
SM 1575  947       388   0  0.13    M    145.2          M      130
================================================================================
AV 60.6 37.9                               4.7 FASTST   M    M   4    MAX(MPH)
                                 MISC ---->    18   M                 25    M
================================================================================
NOTES:
# LAST OF SEVERAL OCCURRENCES

COLUMN 17 PEAK WIND IN M.P.H.

PRELIMINARY LOCAL CLIMATOLOGICAL DATA (WS FORM: F-6) , PAGE 2

                                          STATION:  UVALDE
                                          MONTH:    JANUARY
                                          YEAR:     2015
                                          LATITUDE:   29 12 N
                                          LONGITUDE:  99 44 W

[TEMPERATURE DATA]      [PRECIPITATION DATA]       SYMBOLS USED IN COLUMN 16

AVERAGE MONTHLY: 49.2   TOTAL FOR MONTH:   0.13    1 = FOG OR MIST
DPTR FM NORMAL:     M   DPTR FM NORMAL:       M    2 = FOG REDUCING VISIBILITY
HIGHEST:    84 ON 20    GRTST 24HR  0.13 ON 31-31      TO 1/4 MILE OR LESS
LOWEST:     30 ON  8                               3 = THUNDER
                        SNOW, ICE PELLETS, HAIL    4 = ICE PELLETS
                        TOTAL MONTH:    M          5 = HAIL
                        GRTST 24HR    M  ON   M    6 = FREEZING RAIN OR DRIZZLE
                        GRTST DEPTH:  M  ON   M    7 = DUSTSTORM OR SANDSTORM:
                                                       VSBY 1/2 MILE OR LESS
                                                   8 = SMOKE OR HAZE
[NO. OF DAYS WITH]      [WEATHER - DAYS WITH]      9 = BLOWING SNOW
                                                   X = TORNADO
MAX 32 OR BELOW:   0    0.01 INCH OR MORE:   1
MAX 90 OR ABOVE:   0    0.10 INCH OR MORE:   1
MIN 32 OR BELOW:   4    0.50 INCH OR MORE:   0
MIN  0 OR BELOW:   0    1.00 INCH OR MORE:   0

[HDD (BASE 65) ]
TOTAL THIS MO.   388    CLEAR  (SCALE 0-3)  16
DPTR FM NORMAL     M    PTCLDY (SCALE 4-7)   7
TOTAL FM JUL 1   917    CLOUDY (SCALE 8-10)  8
DPTR FM NORMAL     M

[CDD (BASE 65) ]
TOTAL THIS MO.     0
DPTR FM NORMAL     M    [PRESSURE DATA]
TOTAL FM JAN 1     0    HIGHEST SLP M ON M
DPTR FM NORMAL     M    LOWEST  SLP M ON M

[REMARKS]
#FINAL-01-15#
