000
CXUS54 KCRP 171300
CF6VCT
PRELIMINARY LOCAL CLIMATOLOGICAL DATA (WS FORM: F-6)

                                          STATION:   VICTORIA
                                          MONTH:     DECEMBER
                                          YEAR:      2017
                                          LATITUDE:   28 51 N
                                          LONGITUDE:  96 55 W

  TEMPERATURE IN F:       :PCPN:    SNOW:  WIND      :SUNSHINE: SKY     :PK WND
================================================================================
1   2   3   4   5  6A  6B    7    8   9   10  11  12  13   14  15   16   17  18
                                     12Z  AVG MX 2MIN
DY MAX MIN AVG DEP HDD CDD  WTR  SNW DPTH SPD SPD DIR MIN PSBL S-S WX    SPD DR
================================================================================

 1  80  46  63   5   2   0 0.00  0.0    0  4.3  9 140   M    M   0 18     11 100
 2  83  46  65   7   0   0 0.00  0.0    0  6.2 16 150   M    M   4 12     18 150
 3  79  61  70  12   0   5 0.35  0.0    0  6.0 14 340   M    M   7 12     16 340
 4  85  62  74  17   0   9 0.00  0.0    0  9.5 23 170   M    M   7 12     28 160
 5  77  51  64   7   1   0 0.01  0.0    0 10.8 23  20   M    M   9 128    30  10
 6  53  43  48  -9  17   0 0.49    M    0 13.3 22  40   M    M  10 1      30  30
 7  44  34  39 -17  26   0 0.65    M    0 13.8 23 360   M    M   8 1      31 350
 8  48  32  40 -16  25   0 0.15  2.0    0  6.5 22 350   M    M   4 1      28 350
 9  66  34  50  -6  15   0 0.00  0.0    0  8.8 21 350   M    M   0        26 340
10  68  34  51  -5  14   0 0.00  0.0    0  5.0 10 350   M    M   0        13 310
11  74  35  55  -1  10   0 0.00  0.0    0  5.7 12 240   M    M   0 8      17 200
12  68  37  53  -3  12   0 0.00  0.0    0  8.9 20  30   M    M   0        25  10
13  64  33  49  -6  16   0 0.00  0.0    0  5.2  9 160   M    M   0        13 210
14  67  46  57   2   8   0 0.00  0.0    0  4.4 12 360   M    M   1        14 360
15  57  44  51  -4  14   0 0.02    M    0  8.3 20 350   M    M   4        26 350
16  55  42  49  -6  16   0 0.10    M    0  6.7 20 360   M    M  10 1      26 360
================================================================================
SM 1068  680       176  14  1.77     2.0 123.4          M       64
================================================================================
AV 66.8 42.5                               7.7 FASTST   M    M   4    MAX(MPH)
                                 MISC ---->  # 23 170               # 31  350
================================================================================
NOTES:
# LAST OF SEVERAL OCCURRENCES

COLUMN 17 PEAK WIND IN M.P.H.

PRELIMINARY LOCAL CLIMATOLOGICAL DATA (WS FORM: F-6) , PAGE 2

                                          STATION:  VICTORIA
                                          MONTH:    DECEMBER
                                          YEAR:     2017
                                          LATITUDE:   28 51 N
                                          LONGITUDE:  96 55 W

[TEMPERATURE DATA]      [PRECIPITATION DATA]       SYMBOLS USED IN COLUMN 16

AVERAGE MONTHLY: 54.6   TOTAL FOR MONTH:   1.77    1 = FOG OR MIST
DPTR FM NORMAL:  -1.7   DPTR FM NORMAL:    0.56    2 = FOG REDUCING VISIBILITY
HIGHEST:    85 ON  4    GRTST 24HR  0.65 ON  7- 7      TO 1/4 MILE OR LESS
LOWEST:     32 ON  8                               3 = THUNDER
                        SNOW, ICE PELLETS, HAIL    4 = ICE PELLETS
                        TOTAL MONTH:   2.0 INCHES  5 = HAIL
                        GRTST 24HR   2.0 ON  8- 8  6 = FREEZING RAIN OR DRIZZLE
                        GRTST DEPTH:   0           7 = DUSTSTORM OR SANDSTORM:
                                                       VSBY 1/2 MILE OR LESS
                                                   8 = SMOKE OR HAZE
[NO. OF DAYS WITH]      [WEATHER - DAYS WITH]      9 = BLOWING SNOW
                                                   X = TORNADO
MAX 32 OR BELOW:   0    0.01 INCH OR MORE:   7
MAX 90 OR ABOVE:   0    0.10 INCH OR MORE:   5
MIN 32 OR BELOW:   1    0.50 INCH OR MORE:   1
MIN  0 OR BELOW:   0    1.00 INCH OR MORE:   0

[HDD (BASE 65) ]
TOTAL THIS MO.   176    CLEAR  (SCALE 0-3)   7
DPTR FM NORMAL    20    PTCLDY (SCALE 4-7)   5
TOTAL FM JUL 1   294    CLOUDY (SCALE 8-10)  4
DPTR FM NORMAL   -25

[CDD (BASE 65) ]
TOTAL THIS MO.    14
DPTR FM NORMAL    -2    [PRESSURE DATA]
TOTAL FM JAN 1  3695    HIGHEST SLP M ON M
DPTR FM NORMAL   556    LOWEST  SLP 29.84 ON  4

[REMARKS]
