000
CXUS54 KCRP 011300
CF6VCT
PRELIMINARY LOCAL CLIMATOLOGICAL DATA (WS FORM: F-6)

                                          STATION:   VICTORIA
                                          MONTH:     JUNE
                                          YEAR:      2015
                                          LATITUDE:   28 51 N
                                          LONGITUDE:  96 55 W

  TEMPERATURE IN F:       :PCPN:    SNOW:  WIND      :SUNSHINE: SKY     :PK WND
================================================================================
1   2   3   4   5  6A  6B    7    8   9   10  11  12  13   14  15   16   17  18
                                     12Z  AVG MX 2MIN
DY MAX MIN AVG DEP HDD CDD  WTR  SNW DPTH SPD SPD DIR MIN PSBL S-S WX    SPD DR
================================================================================

 1  89  68  79  -1   0  14 0.00  0.0    0  4.2 10 130   M    M   0 1      14 150
 2  88  70  79  -1   0  14 0.00  0.0    0  4.7 16 170   M    M   1 12     20 150
 3  89  69  79  -1   0  14 0.00  0.0    0  6.2 17 140   M    M   2 1      20 150
 4  89  69  79  -2   0  14 0.00  0.0    0  7.0 15 150   M    M   2 1      20 150
 5  89  70  80  -1   0  15 0.00  0.0    0  5.2 15 130   M    M   1 1      18  80
 6  90  69  80  -1   0  15 0.00  0.0    0  3.9 13 130   M    M   2 1      16 150
 7  90  69  80  -1   0  15 0.00  0.0    0  4.9 16 160   M    M   2 1      21 150
 8  94  70  82   1   0  17 0.00  0.0    0  4.7 16 160   M    M   2 1      18 170
 9  93  71  82   1   0  17 0.00  0.0    0  4.1 10 210   M    M   1 1      13 210
10  91  72  82   0   0  17 0.00  0.0    0  5.9 14 160   M    M   2 1      21 140
11  92  72  82   0   0  17    T  0.0    0  9.5 21 150   M    M   1        25 150
12  92  74  83   1   0  18 0.00  0.0    0 11.2 22 160   M    M   3        26 150
13  92  74  83   1   0  18 0.12  0.0    0 10.3 29 150   M    M   2 13     36 150
14  89  72  81  -1   0  16 4.33  0.0    0 10.2 24 170   M    M   5 13     29 140
15  89  75  82   0   0  17 0.15  0.0    0  8.1 18  60   M    M   6 138    23  30
16  78  75  77  -5   0  12 0.91  0.0    0 16.5 29  20   M    M   9 1      39  60
17  80  74  77  -5   0  12 3.44  0.0    0 12.1 25 170   M    M  10 13     32 170
18  85  74  80  -2   0  15 0.30  0.0    0  5.5 16 160   M    M   6 138    21 160
19  90  75  83   1   0  18 0.00  0.0    0  6.3 17 170   M    M   3 1      20 170
20  90  75  83   1   0  18 0.06  0.0    0  8.1 30 180   M    M   2 13     39 190
21  89  79  84   1   0  19    T  0.0    0 11.1 23 160   M    M   7 1      28 160
22  88  76  82  -1   0  17 0.00  0.0    0  8.2 16 130   M    M   3        20 130
23  91  76  84   1   0  19 0.00  0.0    0  8.4 17 100   M    M   1 1      21 130
24  91  73  82  -1   0  17 0.01  0.0    0  7.2  9  50   M    M   3 13     11  50
25  92  73  83   0   0  18 0.00  0.0    0  5.5 15 160   M    M   2 1      19 170
26  92  76  84   1   0  19 0.00  0.0    0  9.4 21 160   M    M   1 1      25 150
27  93  75  84   1   0  19 0.00  0.0    0  7.4 17 170   M    M   1 138    24 170
28  92  76  84   1   0  19    T  0.0    0  6.9 25 180   M    M   4 138    32 190
29  92  76  84   1   0  19 0.05  0.0    0  8.4 25 150   M    M   2 138    29 170
30  91  75  83   0   0  18    T  0.0    0  8.0 30 190   M    M   1 13     38 190
================================================================================
SM 2690 2192         0 497  9.37     0.0 229.1          M       87
================================================================================
AV 89.7 73.1                               7.6 FASTST   M    M   3    MAX(MPH)
                                 MISC ---->  # 30 180               # 39   60
================================================================================
NOTES:
# LAST OF SEVERAL OCCURRENCES

COLUMN 17 PEAK WIND IN M.P.H.

PRELIMINARY LOCAL CLIMATOLOGICAL DATA (WS FORM: F-6) , PAGE 2

                                          STATION:  VICTORIA
                                          MONTH:    JUNE
                                          YEAR:     2015
                                          LATITUDE:   28 51 N
                                          LONGITUDE:  96 55 W

[TEMPERATURE DATA]      [PRECIPITATION DATA]       SYMBOLS USED IN COLUMN 16

AVERAGE MONTHLY: 81.4   TOTAL FOR MONTH:   9.37    1 = FOG OR MIST
DPTR FM NORMAL:  -0.6   DPTR FM NORMAL:    4.91    2 = FOG REDUCING VISIBILITY
HIGHEST:    94 ON  8    GRTST 24HR  4.44 ON 13-14      TO 1/4 MILE OR LESS
LOWEST:     68 ON  1                               3 = THUNDER
                        SNOW, ICE PELLETS, HAIL    4 = ICE PELLETS
                        TOTAL MONTH:   0.0 INCH    5 = HAIL
                        GRTST 24HR     0.0         6 = FREEZING RAIN OR DRIZZLE
                        GRTST DEPTH:   0           7 = DUSTSTORM OR SANDSTORM:
                                                       VSBY 1/2 MILE OR LESS
                                                   8 = SMOKE OR HAZE
[NO. OF DAYS WITH]      [WEATHER - DAYS WITH]      9 = BLOWING SNOW
                                                   X = TORNADO
MAX 32 OR BELOW:   0    0.01 INCH OR MORE:   9
MAX 90 OR ABOVE:  18    0.10 INCH OR MORE:   6
MIN 32 OR BELOW:   0    0.50 INCH OR MORE:   3
MIN  0 OR BELOW:   0    1.00 INCH OR MORE:   2

[HDD (BASE 65) ]
TOTAL THIS MO.     0    CLEAR  (SCALE 0-3)  23
DPTR FM NORMAL     0    PTCLDY (SCALE 4-7)   5
TOTAL FM JUL 1  1220    CLOUDY (SCALE 8-10)  2
DPTR FM NORMAL   -29

[CDD (BASE 65) ]
TOTAL THIS MO.   497
DPTR FM NORMAL   -11    [PRESSURE DATA]
TOTAL FM JAN 1  1197    HIGHEST SLP 30.15 ON 24
DPTR FM NORMAL    30    LOWEST  SLP 29.51 ON 16

[REMARKS]
#FINAL-06-15#
#FINAL-06-15#
