000
CXUS54 KCRP 281300
CF6VCT
PRELIMINARY LOCAL CLIMATOLOGICAL DATA (WS FORM: F-6)

                                          STATION:   VICTORIA
                                          MONTH:     AUGUST
                                          YEAR:      2016
                                          LATITUDE:   28 51 N
                                          LONGITUDE:  96 55 W

  TEMPERATURE IN F:       :PCPN:    SNOW:  WIND      :SUNSHINE: SKY     :PK WND
================================================================================
1   2   3   4   5  6A  6B    7    8   9   10  11  12  13   14  15   16   17  18
                                     12Z  AVG MX 2MIN
DY MAX MIN AVG DEP HDD CDD  WTR  SNW DPTH SPD SPD DIR MIN PSBL S-S WX    SPD DR
================================================================================

 1  98  72  85   1   0  20 0.00  0.0    0  8.1 18 150   M    M   0 1      24 150
 2  98  73  86   1   0  21 0.00  0.0    0  7.3 22 160   M    M   2 18     28 140
 3  99  72  86   1   0  21 0.00  0.0    0  6.5 20 160   M    M   2 1      25 160
 4  97  72  85   0   0  20 0.00  0.0    0  7.6 22 130   M    M   2 18     26 120
 5  98  73  86   1   0  21 0.02  0.0    0  7.0 22 130   M    M   2        25 130
 6 100  74  87   2   0  22 0.00  0.0    0  8.4 18 170   M    M   1 1      26 140
 7 100  75  88   3   0  23 0.00  0.0    0  7.9 20 160   M    M   2 13     25 150
 8 101  74  88   3   0  23 0.00  0.0    0  8.4 21 150   M    M   2 1      29 140
 9 100  76  88   3   0  23 0.00  0.0    0  8.1 20 150   M    M   1        24 140
10 101  76  89   4   0  24 0.00  0.0    0  9.3 23 170   M    M   1        32 150
11 101  77  89   4   0  24 0.00  0.0    0 10.3 23 170   M    M   2 1      28 180
12 100  76  88   3   0  23 0.00  0.0    0 11.2 23 170   M    M   2 18     30 140
13 100  76  88   3   0  23    T  0.0    0  6.2 22 310   M    M   5 138    26 310
14  91  73  82  -3   0  17 0.60  0.0    0  5.6 23 100   M    M   6 13     29 110
15  90  71  81  -4   0  16 0.65  0.0    0  6.3 15 110   M    M   5 1      20 190
16  86  75  81  -4   0  16 0.74  0.0    0  8.2 15 140   M    M   5 13     19 140
17  82  74  78  -7   0  13 1.26  0.0    0  4.7 12 230   M    M   5 138    13 230
18  91  73  82  -2   0  17 0.00  0.0    0  5.2 21 240   M    M   1 138    29 260
19  93  75  84   0   0  19 0.00  0.0    0  9.8 22 160   M    M   2 1      29 150
20  92  77  85   1   0  20    T  0.0    0 11.3 26 150   M    M   2 1      31 150
21  80  74  77  -7   0  12 0.62  0.0    0  4.8 13  60   M    M   5 13     16  50
22  93  74  84   0   0  19 0.01  0.0    0  9.6 21 150   M    M   4 1      29 170
23  94  75  85   1   0  20 0.00  0.0    0 10.4 23 150   M    M   1 1      26 160
24  93  74  84   0   0  19 0.00  0.0    0  8.0 18 140   M    M   2 1      25 150
25  92  73  83  -1   0  18    T  0.0    0  5.8 22 110   M    M   2 13     28 120
26  93  73  83  -1   0  18 0.00  0.0    0  5.6 23  70   M    M   2 13     31  80
27  93  70  82  -2   0  17 0.00  0.0    0  6.2 12  60   M    M   1 1      15  60
================================================================================
SM 2556 1997         0 529  3.90     0.0 207.8          M       67
================================================================================
AV 94.7 74.0                               7.7 FASTST   M    M   2    MAX(MPH)
                                 MISC ---->  # 26 150               # 32  150
================================================================================
NOTES:
# LAST OF SEVERAL OCCURRENCES

COLUMN 17 PEAK WIND IN M.P.H.

PRELIMINARY LOCAL CLIMATOLOGICAL DATA (WS FORM: F-6) , PAGE 2

                                          STATION:  VICTORIA
                                          MONTH:    AUGUST
                                          YEAR:     2016
                                          LATITUDE:   28 51 N
                                          LONGITUDE:  96 55 W

[TEMPERATURE DATA]      [PRECIPITATION DATA]       SYMBOLS USED IN COLUMN 16

AVERAGE MONTHLY: 84.3   TOTAL FOR MONTH:   3.90    1 = FOG OR MIST
DPTR FM NORMAL:  -0.3   DPTR FM NORMAL:    1.56    2 = FOG REDUCING VISIBILITY
HIGHEST:   101 ON 11,10 GRTST 24HR  1.26 ON 17-17      TO 1/4 MILE OR LESS
LOWEST:     70 ON 27                               3 = THUNDER
                        SNOW, ICE PELLETS, HAIL    4 = ICE PELLETS
                        TOTAL MONTH:   0.0 INCH    5 = HAIL
                        GRTST 24HR     0.0         6 = FREEZING RAIN OR DRIZZLE
                        GRTST DEPTH:   0           7 = DUSTSTORM OR SANDSTORM:
                                                       VSBY 1/2 MILE OR LESS
                                                   8 = SMOKE OR HAZE
[NO. OF DAYS WITH]      [WEATHER - DAYS WITH]      9 = BLOWING SNOW
                                                   X = TORNADO
MAX 32 OR BELOW:   0    0.01 INCH OR MORE:   7
MAX 90 OR ABOVE:  24    0.10 INCH OR MORE:   5
MIN 32 OR BELOW:   0    0.50 INCH OR MORE:   5
MIN  0 OR BELOW:   0    1.00 INCH OR MORE:   1

[HDD (BASE 65) ]
TOTAL THIS MO.     0    CLEAR  (SCALE 0-3)  20
DPTR FM NORMAL     0    PTCLDY (SCALE 4-7)   7
TOTAL FM JUL 1     0    CLOUDY (SCALE 8-10)  0
DPTR FM NORMAL     0

[CDD (BASE 65) ]
TOTAL THIS MO.   529
DPTR FM NORMAL    -2    [PRESSURE DATA]
TOTAL FM JAN 1  2426    HIGHEST SLP M ON M
DPTR FM NORMAL   142    LOWEST  SLP 29.72 ON 13

[REMARKS]
