000
CXUS55 KGJT 241000
CF6VEL
PRELIMINARY LOCAL CLIMATOLOGICAL DATA (WS FORM: F-6)

                                          STATION:   VERNAL UT
                                          MONTH:     JANUARY
                                          YEAR:      2017
                                          LATITUDE:   40 27 N
                                          LONGITUDE: 109 31 W

  TEMPERATURE IN F:       :PCPN:    SNOW:  WIND      :SUNSHINE: SKY     :PK WND
================================================================================
1   2   3   4   5  6A  6B    7    8   9   10  11  12  13   14  15   16   17  18
                                     12Z  AVG MX 2MIN
DY MAX MIN AVG DEP HDD CDD  WTR  SNW DPTH SPD SPD DIR MIN PSBL S-S WX    SPD DR
================================================================================

 1  34  10  22   3  43   0    T    M    M  2.6  7  60   M    M   3 1       9 120
 2  34  16  25   6  40   0 0.02    M    M  4.8 15  30   M    M   6 1      20  30
 3  30  15  23   4  42   0 0.07    M    M  4.4 14  30   M    M   8 1      18  10
 4  30  20  25   6  40   0 0.05    M    M  1.9 20  40   M    M  10 18     27  40
 5  28 -11   9 -10  56   0 0.04    M    M  8.5 22  60   M    M   7 18     30  70
 6  12 -14  -1 -20  66   0 0.00    M    M  2.9  8 280   M    M   0 8       9 320
 7   9 -12  -1 -20  66   0    T    M    M  2.0  8 240   M    M   4        10 240
 8  19   2  11  -8  54   0 0.06    M    M  0.9  6 280   M    M  10 18      7 110
 9  28  13  21   2  44   0 0.41    M    M  2.0 18  80   M    M   9 128    20  90
10  39  22  31  12  34   0 0.02    M    M  2.1  8 350   M    M   9 126     9 360
11  37  18  28   9  37   0 0.11    M    M  4.4 22 220   M    M   6 16     26 220
12  33  18  26   7  39   0 0.19    M    M  3.7  9 320   M    M   8 12     10 320
13  33  25  29  10  36   0 0.06    M    M  1.2  6  70   M    M  10 12      7 160
14  35  28  32  13  33   0 0.00    M    M  2.0  9 360   M    M  10 1      10 330
15  32  18  25   6  40   0 0.00    M    M  3.8 12 350   M    M   9 1      14 360
16  29   8  19   0  46   0 0.00    M    M  2.3  7 330   M    M   6 1       7 330
17  20  13  17  -2  48   0 0.00    M    M  0.6  6 350   M    M  10 1       8 350
18  19   4  12  -7  53   0    T    M    M  4.7  9 360   M    M   7 18     12 280
19  19   6  13  -6  52   0 0.06    M    M  1.2  8 280   M    M  10 18      8 280
20  27  16  22   3  43   0 0.01    M    M  1.2  7  10   M    M  10 18      7 110
21  27  20  24   5  41   0 0.06    M    M  1.1  9  40   M    M  10 18     10  50
22  28   9  19   0  46   0 0.07    M    M  2.4  8 200   M    M   7 12      9 190
23  33  13  23   4  42   0 0.34    M    M  2.6 20 290   M    M  10 12     26 270
================================================================================
SM  635  257      1041   0  1.57    M     63.3          M      179
================================================================================
AV 27.6 11.2                               2.8 FASTST   M    M   8    MAX(MPH)
                                 MISC ---->  # 22  60               # 30   70
================================================================================
NOTES:
# LAST OF SEVERAL OCCURRENCES

COLUMN 17 PEAK WIND IN M.P.H.

PRELIMINARY LOCAL CLIMATOLOGICAL DATA (WS FORM: F-6) , PAGE 2

                                          STATION:  VERNAL UT
                                          MONTH:    JANUARY
                                          YEAR:     2017
                                          LATITUDE:   40 27 N
                                          LONGITUDE: 109 31 W

[TEMPERATURE DATA]      [PRECIPITATION DATA]       SYMBOLS USED IN COLUMN 16

AVERAGE MONTHLY: 19.4   TOTAL FOR MONTH:   1.57    1 = FOG OR MIST
DPTR FM NORMAL:   0.4   DPTR FM NORMAL:    1.18    2 = FOG REDUCING VISIBILITY
HIGHEST:    39 ON 10    GRTST 24HR  0.41 ON  9- 9      TO 1/4 MILE OR LESS
LOWEST:    -14 ON  6                               3 = THUNDER
                        SNOW, ICE PELLETS, HAIL    4 = ICE PELLETS
                        TOTAL MONTH:    M          5 = HAIL
                        GRTST 24HR    M  ON   M    6 = FREEZING RAIN OR DRIZZLE
                        GRTST DEPTH:  M  ON   M    7 = DUSTSTORM OR SANDSTORM:
                                                       VSBY 1/2 MILE OR LESS
                                                   8 = SMOKE OR HAZE
[NO. OF DAYS WITH]      [WEATHER - DAYS WITH]      9 = BLOWING SNOW
                                                   X = TORNADO
MAX 32 OR BELOW:  15    0.01 INCH OR MORE:  15
MAX 90 OR ABOVE:   0    0.10 INCH OR MORE:   4
MIN 32 OR BELOW:  23    0.50 INCH OR MORE:   0
MIN  0 OR BELOW:   3    1.00 INCH OR MORE:   0

[HDD (BASE 65) ]
TOTAL THIS MO.  1041    CLEAR  (SCALE 0-3)   1
DPTR FM NORMAL   -17    PTCLDY (SCALE 4-7)   9
TOTAL FM JUL 1  3630    CLOUDY (SCALE 8-10) 13
DPTR FM NORMAL  -399

[CDD (BASE 65) ]
TOTAL THIS MO.     0
DPTR FM NORMAL     0    [PRESSURE DATA]
TOTAL FM JAN 1     0    HIGHEST SLP M ON M
DPTR FM NORMAL     0    LOWEST  SLP 29.30 ON 21

[REMARKS]
