000
CXUS53 KSGF 161117
CF6VIH
PRELIMINARY LOCAL CLIMATOLOGICAL DATA (WS FORM: F-6)

                                          STATION:   VICHY-ROLLA MO
                                          MONTH:     AUGUST
                                          YEAR:      2017
                                          LATITUDE:   38  7 N
                                          LONGITUDE:  91 46 W

  TEMPERATURE IN F:       :PCPN:    SNOW:  WIND      :SUNSHINE: SKY     :PK WND
================================================================================
1   2   3   4   5  6A  6B    7    8   9   10  11  12  13   14  15   16   17  18
                                     12Z  AVG MX 2MIN
DY MAX MIN AVG DEP HDD CDD  WTR  SNW DPTH SPD SPD DIR MIN PSBL S-S WX    SPD DR
================================================================================

 1  87  66  77  -1   0  12    T    M    M  5.5 16 330   M    M   5        20 320
 2  91  64  78   0   0  13 0.00    M    M  4.3 10 340   M    M   4        13 320
 3  92  64  78   0   0  13 0.01    M    M  8.0 24 300   M    M   2 3      33 290
 4  79  57  68 -10   0   3 0.00    M    M  7.7 16 360   M    M   1        23  10
 5  74  53  64 -14   1   0 1.37    M    M  8.7 23 160   M    M   5 13     29 160
 6  72  63  68 -10   0   3 0.86    M    M  8.0 20 200   M    M  10 13     23 190
 7  80  62  71  -7   0   6 0.00    M    M  4.9 13  10   M    M   6 12     19  20
 8  81  59  70  -7   0   5 0.00    M    M  6.4 12  30   M    M   1 1      16  70
 9  83  61  72  -5   0   7 0.00    M    M  5.4 13 110   M    M   1        16 150
10  82  68  75  -2   0  10 0.20    M    M  7.4 14 240   M    M   5 13     23 170
11  82  66  74  -3   0   9 1.29    M    M  5.4 15 290   M    M   6 13     19 300
12  77  59  68  -9   0   3 0.00    M    M  4.8 12  30   M    M   1        27  80
13  79  58  69  -8   0   4    T    M    M  6.2 14 130   M    M   5        20 180
14  79  66  73  -4   0   8 0.02    M    M  3.5  9 190   M    M   8 1      11  90
15  87  65  76  -1   0  11 0.00    M    M  5.0 13 140   M    M   3 1      18 150
================================================================================
SM 1225  931         1 107  3.75    M     91.2          M       63
================================================================================
AV 81.7 62.1                               6.1 FASTST   M    M   4    MAX(MPH)
                                 MISC ---->  # 24 300               # 33  290
================================================================================
NOTES:
# LAST OF SEVERAL OCCURRENCES

COLUMN 17 PEAK WIND IN M.P.H.

PRELIMINARY LOCAL CLIMATOLOGICAL DATA (WS FORM: F-6) , PAGE 2

                                          STATION:  VICHY-ROLLA MO
                                          MONTH:    AUGUST
                                          YEAR:     2017
                                          LATITUDE:   38  7 N
                                          LONGITUDE:  91 46 W

[TEMPERATURE DATA]      [PRECIPITATION DATA]       SYMBOLS USED IN COLUMN 16

AVERAGE MONTHLY: 71.9   TOTAL FOR MONTH:   3.75    1 = FOG OR MIST
DPTR FM NORMAL:  -5.6   DPTR FM NORMAL:    2.01    2 = FOG REDUCING VISIBILITY
HIGHEST:    92 ON  3    GRTST 24HR  1.37 ON  5- 5      TO 1/4 MILE OR LESS
LOWEST:     53 ON  5                               3 = THUNDER
                        SNOW, ICE PELLETS, HAIL    4 = ICE PELLETS
                        TOTAL MONTH:    M          5 = HAIL
                        GRTST 24HR    M  ON   M    6 = FREEZING RAIN OR DRIZZLE
                        GRTST DEPTH:  M  ON   M    7 = DUSTSTORM OR SANDSTORM:
                                                       VSBY 1/2 MILE OR LESS
                                                   8 = SMOKE OR HAZE
[NO. OF DAYS WITH]      [WEATHER - DAYS WITH]      9 = BLOWING SNOW
                                                   X = TORNADO
MAX 32 OR BELOW:   0    0.01 INCH OR MORE:   6
MAX 90 OR ABOVE:   2    0.10 INCH OR MORE:   4
MIN 32 OR BELOW:   0    0.50 INCH OR MORE:   3
MIN  0 OR BELOW:   0    1.00 INCH OR MORE:   2

[HDD (BASE 65) ]
TOTAL THIS MO.     1    CLEAR  (SCALE 0-3)   6
DPTR FM NORMAL     1    PTCLDY (SCALE 4-7)   8
TOTAL FM JUL 1     1    CLOUDY (SCALE 8-10)  1
DPTR FM NORMAL     0

[CDD (BASE 65) ]
TOTAL THIS MO.   107
DPTR FM NORMAL   -80    [PRESSURE DATA]
TOTAL FM JAN 1   852    HIGHEST SLP M ON M
DPTR FM NORMAL   -59    LOWEST  SLP 29.76 ON  6

[REMARKS]
