134
CXUS55 KLOX 271155
CF6VNY
PRELIMINARY LOCAL CLIMATOLOGICAL DATA (WS FORM: F-6)

                                          STATION:   VAN NUYS AIRPORT CA
                                          MONTH:     MAY
                                          YEAR:      2017
                                          LATITUDE:   34 13 N
                                          LONGITUDE: 118 29 W

  TEMPERATURE IN F:       :PCPN:    SNOW:  WIND      :SUNSHINE: SKY     :PK WND
================================================================================
1   2   3   4   5  6A  6B    7    8   9   10  11  12  13   14  15   16   17  18
                                     12Z  AVG MX 2MIN
DY MAX MIN AVG DEP HDD CDD  WTR  SNW DPTH SPD SPD DIR MIN PSBL S-S WX    SPD DR
================================================================================

 1  89  57  73   9   0   8 0.00  0.0    0  4.8 12 160   M    M   0        16 150
 2  91  60  76  11   0  11 0.00  0.0    0  3.9 14 160   M    M   0        18 170
 3  92  60  76  11   0  11 0.00  0.0    0  4.3 13 150   M    M   0        15 150
 4  91  59  75  10   0  10 0.00  0.0    0  4.1 13 140   M    M   0        16 150
 5  77  56  67   2   0   2 0.00  0.0    0  6.6 14 160   M    M   4 18     17 140
 6  68  49  59  -6   6   0    T    M    0  8.7 20 180   M    M   9 1      25 170
 7  64  48  56  -9   9   0 0.05    M    0  5.9 20 160   M    M   6 3      23 150
 8  81  45  63  -3   2   0 0.00  0.0    0  4.0 16 330   M    M   0        22 350
 9  68  54  61  -5   4   0 0.00  0.0    0  8.3 16 180   M    M   8 1      21 180
10  67  58  63  -3   2   0 0.00  0.0    0  4.9 12 160   M    M  10        14 180
11  78  53  66   0   0   1 0.00  0.0    0  3.9 14 130   M    M   0        19 130
12  76  54  65  -1   0   0 0.00  0.0    0  7.2 24 350   M    M   2 18     30  10
13  79  57  68   2   0   3 0.00  0.0    0 11.2 29 350   M    M   0        38 350
14  71  50  61  -5   4   0 0.00  0.0    0  5.8 16 170   M    M   4        21 150
15  65  53  59  -7   6   0    T  0.0    0  5.8 15 180   M    M   7        19 160
16  70  49  60  -7   5   0 0.00  0.0    0  5.7 15 150   M    M   2        20 170
17  71  53  62  -5   3   0 0.00  0.0    0  4.9 15 160   M    M   4 18     18 150
18  79  51  65  -2   0   0 0.00  0.0    0  4.2 15 130   M    M   0        19 120
19  92  55  74   7   0   9 0.00  0.0    0  7.5 20 350   M    M   0        25 350
20  96  58  77  10   0  12 0.00  0.0    0  5.2 17 170   M    M   0        23 290
21  96  62  79  12   0  14 0.00  0.0    0  4.6 17 160   M    M   0        24 170
22  92  63  78  11   0  13 0.00  0.0    0  4.4 12 140   M    M   0        19 160
23  93  61  77  10   0  12 0.00  0.0    0  3.9 15 160   M    M   0        18 160
24  83  56  70   2   0   5 0.00  0.0    0  7.5 18 170   M    M   2 18     22 170
25  69  56  63  -5   2   0 0.00  0.0    0  7.4 13 160   M    M   8 8      17 160
26  70  56  63  -5   2   0 0.00  0.0    0  4.2 13 160   M    M   9        17 180
================================================================================
SM 2068 1433        45 111  0.05     0.0 148.9          M       75
================================================================================
AV 79.5 55.1                               5.7 FASTST   M    M   3    MAX(MPH)
                                 MISC ---->  # 29 350               # 38  350
================================================================================
NOTES:
# LAST OF SEVERAL OCCURRENCES

COLUMN 17 PEAK WIND IN M.P.H.

PRELIMINARY LOCAL CLIMATOLOGICAL DATA (WS FORM: F-6) , PAGE 2

                                          STATION:  VAN NUYS AIRPORT CA
                                          MONTH:    MAY
                                          YEAR:     2017
                                          LATITUDE:   34 13 N
                                          LONGITUDE: 118 29 W

[TEMPERATURE DATA]      [PRECIPITATION DATA]       SYMBOLS USED IN COLUMN 16

AVERAGE MONTHLY: 67.3   TOTAL FOR MONTH:   0.05    1 = FOG OR MIST
DPTR FM NORMAL:   1.1   DPTR FM NORMAL:   -0.27    2 = FOG REDUCING VISIBILITY
HIGHEST:    96 ON 21,20 GRTST 24HR  0.05 ON  7- 7      TO 1/4 MILE OR LESS
LOWEST:     45 ON  8                               3 = THUNDER
                        SNOW, ICE PELLETS, HAIL    4 = ICE PELLETS
                        TOTAL MONTH:   0.0 INCH    5 = HAIL
                        GRTST 24HR     0.0         6 = FREEZING RAIN OR DRIZZLE
                        GRTST DEPTH:   0           7 = DUSTSTORM OR SANDSTORM:
                                                       VSBY 1/2 MILE OR LESS
                                                   8 = SMOKE OR HAZE
[NO. OF DAYS WITH]      [WEATHER - DAYS WITH]      9 = BLOWING SNOW
                                                   X = TORNADO
MAX 32 OR BELOW:   0    0.01 INCH OR MORE:   1
MAX 90 OR ABOVE:   8    0.10 INCH OR MORE:   0
MIN 32 OR BELOW:   0    0.50 INCH OR MORE:   0
MIN  0 OR BELOW:   0    1.00 INCH OR MORE:   0

[HDD (BASE 65) ]
TOTAL THIS MO.    45    CLEAR  (SCALE 0-3)  16
DPTR FM NORMAL     0    PTCLDY (SCALE 4-7)   6
TOTAL FM JUL 1  1080    CLOUDY (SCALE 8-10)  4
DPTR FM NORMAL  -399

[CDD (BASE 65) ]
TOTAL THIS MO.   111
DPTR FM NORMAL    37    [PRESSURE DATA]
TOTAL FM JAN 1   279    HIGHEST SLP M ON M
DPTR FM NORMAL   143    LOWEST  SLP 29.67 ON  6

[REMARKS]
