000
CXUS51 KBTV 010700
CF6VSF
PRELIMINARY LOCAL CLIMATOLOGICAL DATA (WS FORM: F-6)

                                          STATION:   SPRINGFIELD VT
                                          MONTH:     JULY
                                          YEAR:      2014
                                          LATITUDE:   43 19 N
                                          LONGITUDE:  72 31 W

  TEMPERATURE IN F:       :PCPN:    SNOW:  WIND      :SUNSHINE: SKY     :PK WND
================================================================================
1   2   3   4   5  6A  6B    7    8   9   10  11  12  13   14  15   16   17  18
                                     12Z  AVG MX 2MIN
DY MAX MIN AVG DEP HDD CDD  WTR  SNW DPTH SPD SPD DIR MIN PSBL S-S WX    SPD DR
================================================================================

 1  89  62  76   8   0  11 0.00  0.0    0  4.2 14 160   M    M   3 1      21 150
 2  90  67  79  11   0  14 0.45  0.0    0  3.5 15 150   M    M   3 123    24 150
 3   M   M   M   M   M   M 0.28    M    0  2.7 10 160   M    M   6 123    17 160
 4   M   M   M   M   M   M    M    M    M   M   M   M   M    M   M         M  M
 5  80  59  70   1   0   5 0.00  0.0    M 10.4 21 290   M    M   0        33 320
 6  81  53  67  -2   0   2 0.00  0.0    0  5.5 18 250   M    M   0        25 240
 7  84  55  70   1   0   5 0.25  0.0    0  3.7 12 230   M    M   4 13     18 220
 8  85  64  75   6   0  10 0.18  0.0    0  4.7  9 180   M    M   4 123    18 180
 9  82  62  72   3   0   7 0.29  0.0    0  3.9 18 290   M    M   4 123    28 270
10  78  55  67  -2   0   2 0.00  0.0    0  3.1 15 280   M    M   3 12     21 280
11  78  51  65  -4   0   0 0.00  0.0    0  1.0  7  20   M    M   3 12     10 200
12  85  51  68  -1   0   3 0.00  0.0    0  2.6 12 160   M    M   5 12     15 180
13  83  61  72   3   0   7 0.15  0.0    0  4.3 21 170   M    M   5 1      27 170
14  86  64  75   6   0  10 0.00  0.0    0  3.7 13 140   M    M   5 12     17 150
15  83  66  75   6   0  10 0.20  0.0    0  3.4 17 180   M    M   7 1      22 170
16  79  58  69   0   0   4 0.35  0.0    0  2.3 10 260   M    M   5 1      14 230
17  78  53  66  -3   0   1 0.00  0.0    0  2.7 16 290   M    M   4 12     25 280
18  79  53  66  -3   0   1 0.00  0.0    0  2.3 14 280   M    M   5 12     20 270
19  78  52  65  -4   0   0 0.00  0.0    0  1.2 10 110   M    M   3 12     13 110
20  77  56  67  -2   0   2 0.06  0.0    0  0.5  9 160   M    M   6 12     12 160
21  82  53  68  -1   0   3 0.00  0.0    0  2.2  9 150   M    M   4 12     11 160
22  88  60  74   5   0   9 0.00  0.0    0  2.9 15 270   M    M   4 12     19 260
23   M   M   M   M   M   M 0.60    M    0  5.5 13 230   M    M   4 13     20 230
24  76  53  65  -4   0   0 0.02  0.0    0  3.3 12 290   M    M   3 1      17 360
25  79  49  64  -5   1   0 0.00  0.0    0  2.4 14 280   M    M   2 12     19 270
26  79  52  66  -3   0   1 0.00  0.0    0  3.6 15 250   M    M   3 12     20 250
27  79  57  68  -1   0   3 0.47  0.0    0  2.9 10 160   M    M   6 123    17 170
28  74  61  68  -1   0   3 2.79  0.0    0  3.1 13 280   M    M   9 123    17 280
29  74  53  64  -5   1   0 0.00  0.0    0  4.0 15 270   M    M   6 1      20 260
30  74  53  64  -5   1   0 0.00  0.0    0  0.7  7 330   M    M   7 12     11 310
31  71  51  61  -8   4   0 0.29  0.0    0  1.2 10 150   M    M   7 123    15 150
================================================================================
SM 2251 1584         7 113  6.38     0.0  97.5          M      130
================================================================================
AV 80.4 56.6                               3.2 FASTST   M    M   4    MAX(MPH)
                                 MISC ---->  # 21 290               # 33  320
================================================================================
NOTES:
# LAST OF SEVERAL OCCURRENCES

COLUMN 17 PEAK WIND IN M.P.H.

PRELIMINARY LOCAL CLIMATOLOGICAL DATA (WS FORM: F-6) , PAGE 2

                                          STATION:  SPRINGFIELD VT
                                          MONTH:    JULY
                                          YEAR:     2014
                                          LATITUDE:   43 19 N
                                          LONGITUDE:  72 31 W

[TEMPERATURE DATA]      [PRECIPITATION DATA]       SYMBOLS USED IN COLUMN 16

AVERAGE MONTHLY: 68.5   TOTAL FOR MONTH:   6.38    1 = FOG OR MIST
DPTR FM NORMAL:  -0.4   DPTR FM NORMAL:    1.95    2 = FOG REDUCING VISIBILITY
HIGHEST:    90 ON  2    GRTST 24HR  2.79 ON 28-28      TO 1/4 MILE OR LESS
LOWEST:     49 ON 25                               3 = THUNDER
                        SNOW, ICE PELLETS, HAIL    4 = ICE PELLETS
                        TOTAL MONTH:   0.0 INCH    5 = HAIL
                        GRTST 24HR     0.0         6 = FREEZING RAIN OR DRIZZLE
                        GRTST DEPTH:   0           7 = DUSTSTORM OR SANDSTORM:
                                                       VSBY 1/2 MILE OR LESS
                                                   8 = SMOKE OR HAZE
[NO. OF DAYS WITH]      [WEATHER - DAYS WITH]      9 = BLOWING SNOW
                                                   X = TORNADO
MAX 32 OR BELOW:   0    0.01 INCH OR MORE:  14
MAX 90 OR ABOVE:   1    0.10 INCH OR MORE:  12
MIN 32 OR BELOW:   0    0.50 INCH OR MORE:   2
MIN  0 OR BELOW:   0    1.00 INCH OR MORE:   1

[HDD (BASE 65) ]
TOTAL THIS MO.     7    CLEAR  (SCALE 0-3)  10
DPTR FM NORMAL   -10    PTCLDY (SCALE 4-7)  19
TOTAL FM JUL 1     7    CLOUDY (SCALE 8-10)  1
DPTR FM NORMAL   -10

[CDD (BASE 65) ]
TOTAL THIS MO.   113
DPTR FM NORMAL   -26    [PRESSURE DATA]
TOTAL FM JAN 1   177    HIGHEST SLP M ON M
DPTR FM NORMAL   -38    LOWEST  SLP 29.46 ON 28

[REMARKS]
#FINAL-07-14#
