129
CXUS56 KPQR 281200
CF6VUO
PRELIMINARY LOCAL CLIMATOLOGICAL DATA (WS FORM: F-6)

                                          STATION:   VANCOUVER WA
                                          MONTH:     MAY
                                          YEAR:      2017
                                          LATITUDE:   45 37 N
                                          LONGITUDE: 122 39 W

  TEMPERATURE IN F:       :PCPN:    SNOW:  WIND      :SUNSHINE: SKY     :PK WND
================================================================================
1   2   3   4   5  6A  6B    7    8   9   10  11  12  13   14  15   16   17  18
                                     12Z  AVG MX 2MIN
DY MAX MIN AVG DEP HDD CDD  WTR  SNW DPTH SPD SPD DIR MIN PSBL S-S WX    SPD DR
================================================================================

 1  55  39  47  -8  18   0 0.02  0.0    0  2.4 10 210   M    M   8 1      14 200
 2  61  50  56   1   9   0 0.12  0.0    0  4.4  8 120   M    M  10 1      10 120
 3  83  56  70  15   0   5 0.00  0.0    0  3.5 10 300   M    M   4 1      15 280
 4  85  56  71  15   0   6    T  0.0    0  4.6 20 310   M    M   2 3      26 310
 5  61  48  55  -1  10   0 0.18  0.0    0  6.7 17 310   M    M   9 1      22 310
 6  62  39  51  -5  14   0 0.00  0.0    0  6.3 16 290   M    M   2        25 310
 7  66  39  53  -3  12   0 0.00  0.0    0  6.6 16 280   M    M   1        24 310
 8  73  41  57   1   8   0 0.00  0.0    0  4.6 13 300   M    M   1        18 340
 9  75  44  60   3   5   0 0.00  0.0    0  3.6 10 340   M    M   0        16 340
10  74  50  62   5   3   0 0.00  0.0    0  3.7 14 280   M    M   2        17 280
11  61  49  55  -2  10   0 0.14  0.0    0  6.3 21 260   M    M   9 1      33 250
12  56  47  52  -5  13   0 0.07  0.0    0  6.3 15 150   M    M   8        23 140
13  55  45  50  -8  15   0 0.59  0.0    0  4.4 14 300   M    M   9 13     17 310
14  62  48  55  -3  10   0 0.05    M    0  4.0 13 310   M    M   8        17 320
15  60  44  52  -6  13   0 0.21    M    0  3.7 13 270   M    M  10        17 160
16  57  48  53  -5  12   0 0.29    M    0  8.2 25 280   M    M   8 13     36 290
17  58  48  53  -5  12   0 0.11    M    0  2.3  7  10   M    M  10 1      10 220
18  70  41  56  -3   9   0    T    M    0  2.1  9 310   M    M   6        12 300
19  75  50  63   4   2   0 0.00  0.0    0  5.0 14 330   M    M   4        20 310
20  73  55  64   5   1   0 0.00  0.0    0  5.1 12 340   M    M   6        17 320
21  84  51  68   9   0   3 0.00  0.0    0  5.0 16 290   M    M   0        21 290
22  92  53  73  13   0   8 0.00  0.0    0  5.5 13 310   M    M   0        16 330
23  85  52  69   9   0   4 0.00  0.0    0  7.6 22 310   M    M   0        31 300
24  66  48  57  -3   8   0 0.00  0.0    0  5.5 20 290   M    M   5        24 270
25  75  46  61   1   4   0 0.00  0.0    0  5.6 14 300   M    M   4        19 280
26  84  50  67   7   0   2 0.00  0.0    0  4.7 12 300   M    M   0        17 300
27  90  52  71  11   0   6 0.00  0.0    0  3.4 10 320   M    M   0        15 290
================================================================================
SM 1898 1289       188  34  1.78     0.0 131.1          M      126
================================================================================
AV 70.3 47.7                               4.9 FASTST   M    M   5    MAX(MPH)
                                 MISC ---->  # 25 280               # 36  290
================================================================================
NOTES:
# LAST OF SEVERAL OCCURRENCES

COLUMN 17 PEAK WIND IN M.P.H.

PRELIMINARY LOCAL CLIMATOLOGICAL DATA (WS FORM: F-6) , PAGE 2

                                          STATION:  VANCOUVER WA
                                          MONTH:    MAY
                                          YEAR:     2017
                                          LATITUDE:   45 37 N
                                          LONGITUDE: 122 39 W

[TEMPERATURE DATA]      [PRECIPITATION DATA]       SYMBOLS USED IN COLUMN 16

AVERAGE MONTHLY: 59.0   TOTAL FOR MONTH:   1.78    1 = FOG OR MIST
DPTR FM NORMAL:   1.3   DPTR FM NORMAL:   -0.44    2 = FOG REDUCING VISIBILITY
HIGHEST:    92 ON 22    GRTST 24HR  0.59 ON 13-13      TO 1/4 MILE OR LESS
LOWEST:     39 ON  7, 6                            3 = THUNDER
                        SNOW, ICE PELLETS, HAIL    4 = ICE PELLETS
                        TOTAL MONTH:   0.0 INCH    5 = HAIL
                        GRTST 24HR     0.0         6 = FREEZING RAIN OR DRIZZLE
                        GRTST DEPTH:   0           7 = DUSTSTORM OR SANDSTORM:
                                                       VSBY 1/2 MILE OR LESS
                                                   8 = SMOKE OR HAZE
[NO. OF DAYS WITH]      [WEATHER - DAYS WITH]      9 = BLOWING SNOW
                                                   X = TORNADO
MAX 32 OR BELOW:   0    0.01 INCH OR MORE:  10
MAX 90 OR ABOVE:   2    0.10 INCH OR MORE:   7
MIN 32 OR BELOW:   0    0.50 INCH OR MORE:   1
MIN  0 OR BELOW:   0    1.00 INCH OR MORE:   0

[HDD (BASE 65) ]
TOTAL THIS MO.   188    CLEAR  (SCALE 0-3)  11
DPTR FM NORMAL   -18    PTCLDY (SCALE 4-7)  10
TOTAL FM JUL 1  4420    CLOUDY (SCALE 8-10)  6
DPTR FM NORMAL   184

[CDD (BASE 65) ]
TOTAL THIS MO.    34
DPTR FM NORMAL    22    [PRESSURE DATA]
TOTAL FM JAN 1    34    HIGHEST SLP M ON M
DPTR FM NORMAL    22    LOWEST  SLP 29.66 ON 16

[REMARKS]
